000
CXUS54 KLIX 010810
CF6MCB
PRELIMINARY LOCAL CLIMATOLOGICAL DATA (WS FORM: F-6)
STATION: MCCOMB
MONTH: SEPTEMBER
YEAR: 2020
LATITUDE: 31 10 N
LONGITUDE: 90 28 W
TEMPERATURE IN F: :PCPN: SNOW: WIND :SUNSHINE: SKY :PK WND
================================================================================
1 2 3 4 5 6A 6B 7 8 9 10 11 12 13 14 15 16 17 18
12Z AVG MX 2MIN
DY MAX MIN AVG DEP HDD CDD WTR SNW DPTH SPD SPD DIR MIN PSBL S-S WX SPD DR
================================================================================
1 93 76 85 5 0 20 0.00 0.0 M 6.9 16 180 M M 4 12 21 170
2 93 76 85 6 0 20 0.00 0.0 M 6.8 15 190 M M 4 1 21 170
3 92 74 83 4 0 18 0.00 0.0 M 2.8 10 170 M M 3 18 13 280
4 94 73 84 5 0 19 0.00 0.0 M 1.6 8 20 M M 2 1 10 40
5 93 73 83 4 0 18 1.25 0.0 M 4.0 36 330 M M 1 1238 48 330
6 90 70 80 1 0 15 0.00 0.0 M 1.6 7 70 M M 0 40 30
7 91 66 79 1 0 14 0.00 0.0 M 2.3 9 130 M M 0 11 120
8 91 69 80 2 0 15 0.00 0.0 M 3.8 12 180 M M 1 1 17 140
9 92 73 83 5 0 18 0.00 0.0 M 3.4 12 110 M M 0 15 130
10 92 72 82 4 0 17 0.00 0.0 M 3.0 10 350 M M 0 15 10
11 91 74 83 5 0 18 0.12 0.0 M 4.5 12 100 M M 3 13 16 60
12 92 75 84 7 0 19 0.42 0.0 M 3.6 26 140 M M 1 13 34 140
13 92 75 84 7 0 19 0.01 0.0 M 5.1 10 20 M M 2 15 110
14 89 75 82 5 0 17 0.05 0.0 M 7.2 13 20 M M 5 1 20 40
15 86 75 81 4 0 16 T 0.0 M 9.8 17 20 M M 5 8 25 10
16 83 73 78 2 0 13 T 0.0 M 9.8 18 350 M M 7 26 10
17 89 70 80 4 0 15 0.00 0.0 M 7.1 13 350 M M 3 17 360
18 81 71 76 0 0 11 T 0.0 M 6.6 12 360 M M 0 16 10
19 78 68 73 -2 0 8 T 0.0 M 5.5 12 80 M M 2 16 80
20 71 67 69 -6 0 4 0.06 0.0 M 8.0 14 80 M M 10 18 25 60
21 68 66 67 -8 0 2 1.19 0.0 M 7.2 13 90 M M 10 1 23 70
22 74 64 69 -5 0 4 0.05 0.0 M 6.4 14 110 M M 8 1 18 90
23 79 68 74 0 0 9 0.51 0.0 M 11.0 22 180 M M 10 1 32 170
24 76 66 71 -3 0 6 0.11 0.0 M 8.1 21 220 M M 10 1 26 230
25 74 65 70 -4 0 5 0.01 0.0 M 1.4 7 20 M M 10 1 10 20
26 82 64 73 0 0 8 0.00 0.0 M 2.3 8 160 M M 5 12 10 150
27 87 68 78 5 0 13 0.00 0.0 M 3.0 7 250 M M 4 1 M M
28 84 62 73 1 0 8 0.04 0.0 M 7.5 21 350 M M 8 12 28 340
29 76 52 64 -8 1 0 0.00 0.0 M 6.8 22 310 M M 2 28 300
30 80 49 65 -7 0 0 0.00 0.0 M 1.6 9 230 M M 0 1 12 200
================================================================================
SM 2553 2069 1 369 3.82 0.0 158.7 M 120
================================================================================
AV 85.1 69.0 5.3 FASTST M M 4 MAX(MPH)
MISC ----> 36 330 48 330
================================================================================
NOTES:
# LAST OF SEVERAL OCCURRENCES
COLUMN 17 PEAK WIND IN M.P.H.
PRELIMINARY LOCAL CLIMATOLOGICAL DATA (WS FORM: F-6) , PAGE 2
STATION: MCCOMB
MONTH: SEPTEMBER
YEAR: 2020
LATITUDE: 31 10 N
LONGITUDE: 90 28 W
[TEMPERATURE DATA] [PRECIPITATION DATA] SYMBOLS USED IN COLUMN 16
AVERAGE MONTHLY: 77.0 TOTAL FOR MONTH: 3.82 1 = FOG OR MIST
DPTR FM NORMAL: 0.9 DPTR FM NORMAL: -0.59 2 = FOG REDUCING VISIBILITY
HIGHEST: 94 ON 4 GRTST 24HR 1.25 ON 5- 5 TO 1/4 MILE OR LESS
LOWEST: 49 ON 30 3 = THUNDER
SNOW, ICE PELLETS, HAIL 4 = ICE PELLETS
TOTAL MONTH: 0.0 INCH 5 = HAIL
GRTST 24HR 0.0 6 = FREEZING RAIN OR DRIZZLE
GRTST DEPTH: M ON M 7 = DUSTSTORM OR SANDSTORM:
VSBY 1/2 MILE OR LESS
8 = SMOKE OR HAZE
[NO. OF DAYS WITH] [WEATHER - DAYS WITH] 9 = BLOWING SNOW
X = TORNADO
MAX 32 OR BELOW: 0 0.01 INCH OR MORE: 12
MAX 90 OR ABOVE: 13 0.10 INCH OR MORE: 6
MIN 32 OR BELOW: 0 0.50 INCH OR MORE: 3
MIN 0 OR BELOW: 0 1.00 INCH OR MORE: 2
[HDD (BASE 65) ]
TOTAL THIS MO. 1 CLEAR (SCALE 0-3) 14
DPTR FM NORMAL -3 PTCLDY (SCALE 4-7) 11
TOTAL FM JUL 1 1 CLOUDY (SCALE 8-10) 5
DPTR FM NORMAL 0
[CDD (BASE 65) ]
TOTAL THIS MO. 369
DPTR FM NORMAL 31 [PRESSURE DATA]
TOTAL FM JAN 1 2390 HIGHEST SLP M ON M
DPTR FM NORMAL 285 LOWEST SLP 29.67 ON 24
[REMARKS]
#FINAL-09-20#