000
CXUS56 KHNX 100618
CF6MCE
PRELIMINARY LOCAL CLIMATOLOGICAL DATA (WS FORM: F-6)
STATION: MERCED CA AIRPORT
MONTH: MAY
YEAR: 2023
LATITUDE: 37 16 N
LONGITUDE: 120 36 W
TEMPERATURE IN F: :PCPN: SNOW: WIND :SUNSHINE: SKY :PK WND
================================================================================
1 2 3 4 5 6A 6B 7 8 9 10 11 12 13 14 15 16 17 18
12Z AVG MX 2MIN
DY MAX MIN AVG DEP HDD CDD WTR SNW DPTH SPD SPD DIR MIN PSBL S-S WX SPD DR
================================================================================
1 63 41 52 -12 13 0 0.00 0.0 0 6.5 15 250 M M 5 23 250
2 61 44 53 -11 12 0 0.03 0.0 0 6.1 24 240 M M 7 13 37 180
3 64 44 54 -10 11 0 0.00 0.0 0 6.8 16 160 M M 3 24 150
4 64 50 57 -7 8 0 0.74 0.0 0 3.4 14 270 M M 9 1 18 270
5 68 50 59 -6 6 0 0.00 0.0 0 5.2 13 340 M M 6 18 340
6 69 51 60 -5 5 0 0.00 0.0 0 5.8 13 340 M M 4 17 270
7 74 48 61 -4 4 0 0.00 0.0 0 6.2 12 280 M M 1 15 310
8 74 48 61 -5 4 0 0.00 0.0 0 7.5 16 330 M M 1 20 330
9 74 50 62 -4 3 0 0.00 0.0 0 9.2 17 320 M M 0 22 320
10 75 47 61 -5 4 0 0.00 0.0 0 6.0 14 350 M M 0 17 270
11 79 48 64 -2 1 0 0.00 0.0 0 8.0 16 330 M M 0 20 320
12 85 52 69 2 0 4 0.00 0.0 0 5.8 13 330 M M 0 23 310
13 91 55 73 6 0 8 0.00 0.0 0 3.2 10 360 M M 0 14 10
14 94 59 77 10 0 12 0.00 0.0 0 6.5 17 270 M M 0 23 270
15 92 57 75 8 0 10 0.00 0.0 0 8.3 15 330 M M 0 19 330
16 94 60 77 9 0 12 0.00 0.0 0 10.5 17 330 M M 0 23 330
17 95 55 75 7 0 10 0.00 0.0 0 7.5 15 340 M M 0 18 340
18 93 58 76 8 0 11 0.00 0.0 0 7.7 14 340 M M 0 17 340
19 91 57 74 6 0 9 0.00 0.0 0 6.2 13 330 M M 0 16 330
20 89 56 73 5 0 8 0.00 0.0 0 7.1 14 330 M M 0 17 320
21 91 56 74 5 0 9 0.00 0.0 0 7.2 12 340 M M 0 14 350
22 94 61 78 9 0 13 0.00 0.0 0 5.7 12 330 M M 0 18 280
23 80 56 68 -1 0 3 0.00 0.0 0 8.7 16 270 M M 0 20 260
24 77 52 65 -4 0 0 0.00 0.0 0 7.2 13 260 M M 0 17 260
25 79 53 66 -3 0 1 0.00 0.0 0 7.4 15 260 M M 0 19 260
26 80 53 67 -3 0 2 0.00 0.0 0 7.2 13 350 M M 0 17 300
27 84 54 69 -1 0 4 0.00 0.0 0 6.5 12 330 M M 0 15 310
28 77 55 66 -4 0 1 0.00 0.0 0 7.3 13 260 M M 0 17 260
29 81 56 69 -1 0 4 0.00 0.0 0 8.0 17 270 M M 0 23 260
30 80 55 68 -2 0 3 0.00 0.0 0 7.8 16 270 M M 2 20 240
31 83 53 68 -3 0 3 0.00 0.0 0 6.7 12 270 M M 0 17 250
================================================================================
SM 2495 1634 71 127 0.77 0.0 213.2 M 38
================================================================================
AV 80.5 52.7 6.9 FASTST M M 1 MAX(MPH)
MISC ----> 24 240 37 180
================================================================================
NOTES:
# LAST OF SEVERAL OCCURRENCES
COLUMN 17 PEAK WIND IN M.P.H.
PRELIMINARY LOCAL CLIMATOLOGICAL DATA (WS FORM: F-6) , PAGE 2
STATION: MERCED CA AIRPORT
MONTH: MAY
YEAR: 2023
LATITUDE: 37 16 N
LONGITUDE: 120 36 W
[TEMPERATURE DATA] [PRECIPITATION DATA] SYMBOLS USED IN COLUMN 16
AVERAGE MONTHLY: 66.6 TOTAL FOR MONTH: 0.77 1 = FOG OR MIST
DPTR FM NORMAL: -0.8 DPTR FM NORMAL: 0.22 2 = FOG REDUCING VISIBILITY
HIGHEST: 95 ON 17 GRTST 24HR 0.74 ON 4- 4 TO 1/4 MILE OR LESS
LOWEST: 41 ON 1 3 = THUNDER
SNOW, ICE PELLETS, HAIL 4 = ICE PELLETS
TOTAL MONTH: 0.0 INCH 5 = HAIL
GRTST 24HR 0.0 6 = FREEZING RAIN OR DRIZZLE
GRTST DEPTH: 0 7 = DUSTSTORM OR SANDSTORM:
VSBY 1/2 MILE OR LESS
8 = SMOKE OR HAZE
[NO. OF DAYS WITH] [WEATHER - DAYS WITH] 9 = BLOWING SNOW
X = TORNADO
MAX 32 OR BELOW: 0 0.01 INCH OR MORE: 2
MAX 90 OR ABOVE: 9 0.10 INCH OR MORE: 1
MIN 32 OR BELOW: 0 0.50 INCH OR MORE: 1
MIN 0 OR BELOW: 0 1.00 INCH OR MORE: 0
[HDD (BASE 65) ]
TOTAL THIS MO. 71 CLEAR (SCALE 0-3) 26
DPTR FM NORMAL 23 PTCLDY (SCALE 4-7) 4
TOTAL FM JUL 1 2758 CLOUDY (SCALE 8-10) 1
DPTR FM NORMAL 208
[CDD (BASE 65) ]
TOTAL THIS MO. 127
DPTR FM NORMAL 5 [PRESSURE DATA]
TOTAL FM JAN 1 160 HIGHEST SLP 30.11 ON 7
DPTR FM NORMAL 15 LOWEST SLP 29.72 ON 14
[REMARKS]
#FINAL-05-23#