000
CXAK56 PAFG 021308
CF6MCG
PRELIMINARY LOCAL CLIMATOLOGICAL DATA (WS FORM: F-6)
STATION: MCGRATH AK
MONTH: DECEMBER
YEAR: 2020
LATITUDE: 62 57 N
LONGITUDE: 155 36 W
TEMPERATURE IN F: :PCPN: SNOW: WIND :SUNSHINE: SKY :PK WND
================================================================================
1 2 3 4 5 6A 6B 7 8 9 10 11 12 13 14 15 16 17 18
12Z AVG MX 2MIN
DY MAX MIN AVG DEP HDD CDD WTR SNW DPTH SPD SPD DIR MIN PSBL S-S WX SPD DR
================================================================================
1 17 8 13 13 52 0 0.14 M M 6.2 12 310 M M 10 1 15 330
2 17 1 9 9 56 0 0.04 M M 4.3 10 200 M M 10 1 14 200
3 16 2 9 9 56 0 T M M 5.5 10 320 M M 10 12 16 210
4 4 -10 -3 -2 68 0 0.00 M M 4.9 12 330 M M 9 12 13 330
5 2 -24 -11 -10 76 0 0.00 M M 6.9 10 320 M M 1 128 12 310
6 6 -26 -10 -9 75 0 0.00 M M 10.6 20 40 M M 5 18 29 30
7 10 -2 4 5 61 0 0.00 M M 8.2 16 40 M M 6 1 22 30
8 11 3 7 8 58 0 0.06 M M 3.8 9 320 M M 10 1 12 330
9 11 -8 2 4 63 0 0.02 M M 8.8 18 300 M M 10 18 24 300
10 -7 -30 -18 -16 83 0 0.00 M M 5.1 12 320 M M 3 18 13 320
11 -12 -26 -19 -17 84 0 0.00 M M 9.6 13 320 M M 3 15 320
12 1 -18 -8 -6 73 0 0.00 M M 7.2 13 320 M M 0 14 330
13 11 -4 4 7 61 0 0.00 M M 6.1 17 70 M M 5 25 60
14 15 10 13 16 52 0 T M M 9.2 18 70 M M 8 18 24 70
15 13 3 8 11 57 0 T M M 5.3 9 320 M M 10 1 12 60
16 4 -15 -5 -2 70 0 0.00 M M 5.9 14 50 M M 7 1 17 60
17 -9 -20 -14 -11 79 0 0.00 M M 6.3 10 310 M M 0 M M
18 -15 -27 -21 -17 86 0 0.00 M M 4.7 10 310 M M 1 11 310
19 -7 -21 -14 -10 79 0 T M M 5.8 10 330 M M 8 1 12 330
20 -1 -8 -4 0 69 0 T M M 5.8 9 320 M M 10 1 10 320
21 16 -10 3 7 62 0 T M M 7.9 12 320 M M 9 1 M M
22 30 15 23 27 42 0 T M M 9.1 23 80 M M 8 1 32 80
23 27 3 15 20 50 0 0.03 M M 6.2 12 300 M M 9 12 13 300
24 23 4 14 19 51 0 T M M 6.7 14 320 M M 8 16 330
25 23 4 14 19 51 0 0.00 M M 5.4 15 40 M M 5 1 16 50
26 6 -4 1 6 64 0 0.00 M M 4.2 10 320 M M 4 1 11 30
27 18 -5 7 12 58 0 0.00 M M 7.2 13 310 M M 5 13 310
28 23 12 18 24 47 0 T M M 5.8 13 40 M M 9 1 14 330
29 21 -5 8 14 57 0 0.00 M M 6.4 12 320 M M 5 12 13 320
30 5 -11 -3 3 68 0 0.00 M M 4.0 10 320 M M 2 1 12 330
31 -8 -15 -11 -5 76 0 0.00 M M 4.8 10 30 M M 2 10 30
================================================================================
SM 271 -224 1984 0 0.29 M 197.9 M 192
================================================================================
AV 8.7 -7.2 6.4 FASTST M M 6 MAX(MPH)
MISC ----> 23 80 32 80
================================================================================
NOTES:
# LAST OF SEVERAL OCCURRENCES
COLUMN 17 PEAK WIND IN M.P.H.
PRELIMINARY LOCAL CLIMATOLOGICAL DATA (WS FORM: F-6) , PAGE 2
STATION: MCGRATH AK
MONTH: DECEMBER
YEAR: 2020
LATITUDE: 62 57 N
LONGITUDE: 155 36 W
[TEMPERATURE DATA] [PRECIPITATION DATA] SYMBOLS USED IN COLUMN 16
AVERAGE MONTHLY: 0.8 TOTAL FOR MONTH: 0.29 1 = FOG OR MIST
DPTR FM NORMAL: 4.0 DPTR FM NORMAL: -1.00 2 = FOG REDUCING VISIBILITY
HIGHEST: 30 ON 22 GRTST 24HR 0.18 ON 1- 2 TO 1/4 MILE OR LESS
LOWEST: -30 ON 10 3 = THUNDER
SNOW, ICE PELLETS, HAIL 4 = ICE PELLETS
TOTAL MONTH: M 5 = HAIL
GRTST 24HR M ON M 6 = FREEZING RAIN OR DRIZZLE
GRTST DEPTH: M ON M 7 = DUSTSTORM OR SANDSTORM:
VSBY 1/2 MILE OR LESS
8 = SMOKE OR HAZE
[NO. OF DAYS WITH] [WEATHER - DAYS WITH] 9 = BLOWING SNOW
X = TORNADO
MAX 32 OR BELOW: 31 0.01 INCH OR MORE: 5
MAX 90 OR ABOVE: 0 0.10 INCH OR MORE: 1
MIN 32 OR BELOW: 31 0.50 INCH OR MORE: 0
MIN 0 OR BELOW: 20 1.00 INCH OR MORE: 0
[HDD (BASE 65) ]
TOTAL THIS MO. 1984 CLEAR (SCALE 0-3) 7
DPTR FM NORMAL -130 PTCLDY (SCALE 4-7) 11
TOTAL FM JUL 1 5693 CLOUDY (SCALE 8-10) 13
DPTR FM NORMAL -544
[CDD (BASE 65) ]
TOTAL THIS MO. 0
DPTR FM NORMAL 0 [PRESSURE DATA]
TOTAL FM JAN 1 1 HIGHEST SLP 30.37 ON 10
DPTR FM NORMAL -19 LOWEST SLP 28.80 ON 1
[REMARKS]
#FINAL-12-20#