000
CXAK59 PAFG 011007
CLMMCG
CLIMATE REPORT
NATIONAL WEATHER SERVICE FAIRBANKS AK
107 AM AKST FRI MAR 01 2024
...................................
...THE MCGRATH AK CLIMATE SUMMARY FOR THE MONTH OF FEBRUARY 2024...
CLIMATE NORMAL PERIOD 1991 TO 2020
CLIMATE RECORD PERIOD 1946 TO 2024
WEATHER OBSERVED NORMAL DEPART LAST YEAR`S
VALUE DATE(S) VALUE FROM VALUE DATE(S)
NORMAL
................................................................
TEMPERATURE (F)
RECORD
HIGH 55 02/24/1943
LOW -64 02/03/1947
HIGHEST 39 02/13 MM MM 39 02/23
LOWEST -48 02/03 MM MM -35 02/13
AVG. MAXIMUM 15.1 14.7 0.4 13.7
AVG. MINIMUM -2.6 -5.6 3.0 -9.5
MEAN 6.2 4.5 1.7 2.1
DAYS MAX >= 90 0 0.0 0.0 0
DAYS MAX <= 32 22 24.7 -2.7 27
DAYS MIN <= 32 25 27.9 -2.9 28
DAYS MIN <= 0 14 16.8 -2.8 21
PRECIPITATION (INCHES)
RECORD
MAXIMUM 3.72 2003
MINIMUM 0.03
TOTALS 1.76 0.87 0.89 1.93
DAILY AVG. 0.07 NAN NAN 0.07
DAYS >= .01 14 9.2 4.8 18
DAYS >= .10 8 2.8 5.2 5
DAYS >= .50 0 0.2 -0.2 1
DAYS >= 1.00 0 0.0 0.0 0
GREATEST
24 HR. TOTAL 0.31 02/19 TO 02/20 0.61
DEGREE DAYS
HEATING TOTAL 1463 1693 -230 1753
SINCE 7/1 9441 9932 -491 MM
COOLING TOTAL 0 0 0 0
SINCE 1/1 0 0 0 MM
................................................................
WIND (MPH)
AVERAGE WIND SPEED 2.8
HIGHEST WIND SPEED/DIRECTION 20/160 DATE 02/21
HIGHEST GUST SPEED/DIRECTION 36/170 DATE 02/21
SKY COVER
AVERAGE SKY COVER 0.63
NUMBER OF DAYS FAIR 6
WEATHER CONDITIONS. NUMBER OF DAYS WITH
THUNDERSTORM 0 MIXED PRECIP 0
HEAVY RAIN 0 RAIN 0
LIGHT RAIN 2 FREEZING RAIN 0
LT FREEZING RAIN 0 HAIL 0
HEAVY SNOW 2 SNOW 3
LIGHT SNOW 17 SLEET 0
FOG 18 FOG W/VIS <= 1/4 MILE 2
HAZE 7
- INDICATES NEGATIVE NUMBERS.
R INDICATES RECORD WAS SET OR TIED.
MM INDICATES DATA IS MISSING.
T INDICATES TRACE AMOUNT.
$$