000
CXUS55 KEAX 010736
CF6MCI
PRELIMINARY LOCAL CLIMATOLOGICAL DATA (WS FORM: F-6)
STATION: KANSAS CITY INTERNATIONAL MO
MONTH: JUNE
YEAR: 2020
LATITUDE: 39 19 N
LONGITUDE: 94 43 W
TEMPERATURE IN F: :PCPN: SNOW: WIND :SUNSHINE: SKY :PK WND
================================================================================
1 2 3 4 5 6A 6B 7 8 9 10 11 12 13 14 15 16 17 18
12Z AVG MX 2MIN
DY MAX MIN AVG DEP HDD CDD WTR SNW DPTH SPD SPD DIR MIN PSBL S-S WX SPD DR
================================================================================
1 85 66 76 7 0 11 0.00 0.0 0 14.5 25 190 M M 5 34 200
2 87 65 76 6 0 11 0.00 0.0 0 12.1 21 210 M M 5 29 210
3 91 72 82 12 0 17 0.00 0.0 0 9.5 17 220 M M 4 27 200
4 87 65 76 6 0 11 0.21 0.0 0 8.2 36 310 M M 4 13 54 330
5 89 66 78 7 0 13 0.42 0.0 0 6.7 30 290 M M 5 13 45 290
6 92 72 82 11 0 17 0.00 0.0 0 8.1 15 140 M M 4 19 130
7 91 72 82 11 0 17 0.00 0.0 0 11.4 18 140 M M 3 25 150
8 91 73 82 10 0 17 0.00 0.0 0 10.5 18 130 M M 5 25 120
9 90 65 78 6 0 13 0.00 0.0 0 9.4 26 220 M M 7 8 39 210
10 76 58 67 -5 0 2 T 0.0 0 13.5 28 320 M M 6 44 330
11 87 52 70 -2 0 5 0.00 0.0 0 8.1 16 230 M M 0 18 24 210
12 89 64 77 4 0 12 0.00 0.0 0 5.3 13 100 M M 2 17 210
13 90 69 80 7 0 15 0.00 0.0 0 10.2 16 130 M M 2 25 150
14 91 71 81 8 0 16 0.00 0.0 0 9.2 17 170 M M 4 21 170
15 91 71 81 7 0 16 0.00 0.0 0 9.5 15 180 M M 4 8 21 130
16 90 70 80 6 0 15 0.00 0.0 0 11.4 18 140 M M 2 24 140
17 89 69 79 5 0 14 0.00 0.0 0 14.0 21 160 M M 1 26 160
18 91 71 81 7 0 16 T 0.0 0 12.7 21 160 M M 6 8 32 140
19 76 69 73 -2 0 8 0.09 0.0 0 4.7 14 280 M M 9 13 19 280
20 85 62 74 -1 0 9 0.00 0.0 0 4.1 10 210 M M 6 12 13 210
21 88 65 77 2 0 12 0.00 0.0 0 8.7 17 190 M M 6 24 160
22 87 66 77 1 0 12 0.01 0.0 0 7.9 17 350 M M 7 24 350
23 81 62 72 -4 0 7 0.00 0.0 0 8.5 21 360 M M 4 1 29 350
24 85 57 71 -5 0 6 0.00 0.0 0 5.8 13 340 M M 2 20 360
25 92 63 78 2 0 13 0.23 0.0 0 9.3 21 190 M M 6 138 28 180
26 90 69 80 4 0 15 0.00 0.0 0 11.2 21 200 M M 5 28 200
27 80 67 74 -3 0 9 1.00 0.0 0 8.6 23 350 M M 8 13 31 350
28 91 71 81 4 0 16 T 0.0 0 13.0 26 150 M M 7 35 160
29 87 76 82 5 0 17 0.00 0.0 0 13.3 23 190 M M 6 30 210
30 91 77 84 7 0 19 T 0.0 M 13.0 22 190 M M 5 29 190
================================================================================
SM 2630 2015 0 381 1.96 0.0 292.4 M 140
================================================================================
AV 87.7 67.2 9.7 FASTST M M 5 MAX(MPH)
MISC ----> 36 310 54 330
================================================================================
NOTES:
# LAST OF SEVERAL OCCURRENCES
COLUMN 17 PEAK WIND IN M.P.H.
PRELIMINARY LOCAL CLIMATOLOGICAL DATA (WS FORM: F-6) , PAGE 2
STATION: KANSAS CITY INTERNATIONAL MO
MONTH: JUNE
YEAR: 2020
LATITUDE: 39 19 N
LONGITUDE: 94 43 W
[TEMPERATURE DATA] [PRECIPITATION DATA] SYMBOLS USED IN COLUMN 16
AVERAGE MONTHLY: 77.4 TOTAL FOR MONTH: 1.96 1 = FOG OR MIST
DPTR FM NORMAL: 3.9 DPTR FM NORMAL: -3.27 2 = FOG REDUCING VISIBILITY
HIGHEST: 92 ON 25, 6 GRTST 24HR 1.00 ON 27-27 TO 1/4 MILE OR LESS
LOWEST: 52 ON 11 3 = THUNDER
SNOW, ICE PELLETS, HAIL 4 = ICE PELLETS
TOTAL MONTH: 0.0 INCH 5 = HAIL
GRTST 24HR 0.0 6 = FREEZING RAIN OR DRIZZLE
GRTST DEPTH: 0 7 = DUSTSTORM OR SANDSTORM:
VSBY 1/2 MILE OR LESS
8 = SMOKE OR HAZE
[NO. OF DAYS WITH] [WEATHER - DAYS WITH] 9 = BLOWING SNOW
X = TORNADO
MAX 32 OR BELOW: 0 0.01 INCH OR MORE: 6
MAX 90 OR ABOVE: 14 0.10 INCH OR MORE: 4
MIN 32 OR BELOW: 0 0.50 INCH OR MORE: 1
MIN 0 OR BELOW: 0 1.00 INCH OR MORE: 1
[HDD (BASE 65) ]
TOTAL THIS MO. 0 CLEAR (SCALE 0-3) 7
DPTR FM NORMAL -9 PTCLDY (SCALE 4-7) 22
TOTAL FM JUL 1 4859 CLOUDY (SCALE 8-10) 1
DPTR FM NORMAL -272
[CDD (BASE 65) ]
TOTAL THIS MO. 381
DPTR FM NORMAL 115 [PRESSURE DATA]
TOTAL FM JAN 1 454 HIGHEST SLP M ON M
DPTR FM NORMAL 72 LOWEST SLP 29.36 ON 9
[REMARKS]
#FINAL-06-20#