000
CXUS53 KGLD 010800
CF6MCK
PRELIMINARY LOCAL CLIMATOLOGICAL DATA (WS FORM: F-6)
STATION: MCCOOK NE
MONTH: AUGUST
YEAR: 2023
LATITUDE: 40 13 N
LONGITUDE: 100 35 W
TEMPERATURE IN F: :PCPN: SNOW: WIND :SUNSHINE: SKY :PK WND
================================================================================
1 2 3 4 5 6A 6B 7 8 9 10 11 12 13 14 15 16 17 18
12Z AVG MX 2MIN
DY MAX MIN AVG DEP HDD CDD WTR SNW DPTH SPD SPD DIR MIN PSBL S-S WX SPD DR
================================================================================
1 88 70 79 1 0 14 0.12 M M 8.2 23 310 M M 6 138 32 320
2 92 67 80 3 0 15 0.82 M M 6.7 24 290 M M 1 13 34 300
3 88 66 77 0 0 12 0.21 M M 8.5 35 10 M M 3 13 49 330
4 89 60 75 -2 0 10 1.86 M M 7.7 36 300 M M 2 13 52 310
5 91 62 77 0 0 12 0.08 M M 11.1 33 260 M M 2 13 56 290
6 82 60 71 -6 0 6 0.00 M M 14.0 29 350 M M 1 39 340
7 82 58 70 -7 0 5 0.29 M M 7.8 26 140 M M 3 13 39 140
8 83 56 70 -7 0 5 T M M 5.6 23 160 M M 6 1238 33 150
9 86 60 73 -3 0 8 0.00 M M 6.0 15 270 M M 2 22 280
10 95 57 76 0 0 11 0.00 M M 6.8 22 210 M M 0 1 31 200
11 94 62 78 2 0 13 0.00 M M 5.7 12 290 M M 0 17 270
12 82 63 73 -3 0 8 0.00 M M 7.4 18 130 M M 0 24 170
13 78 56 67 -9 0 2 0.00 M M 10.8 24 360 M M 3 31 350
14 82 52 67 -9 0 2 0.00 M M 10.0 23 340 M M 0 30 340
15 89 50 70 -6 0 5 0.00 M M 4.7 10 190 M M 0 16 180
16 101 60 81 6 0 16 0.00 M M 7.4 20 20 M M 0 28 10
17 85 63 74 -1 0 9 0.00 M M 6.2 15 40 M M 0 22 40
18 96 61 79 4 0 14 0.00 M M 11.4 23 190 M M 0 31 190
19 103 70 87 12 0 22 0.00 M M 8.7 15 240 M M 0 20 240
20 99 69 84 9 0 19 0.00 M M 9.3 16 180 M M 3 18 24 210
21 102 67 85 11 0 20 0.00 M M 11.9 26 210 M M 0 8 38 220
22 103 72 88 14 0 23 0.00 M M 11.9 24 200 M M 0 31 200
23 103 68 86 12 0 21 0.00 M M 9.1 23 190 M M 0 8 31 210
24 100 67 84 10 0 19 0.00 M M 8.3 15 210 M M 1 20 210
25 95 67 81 7 0 16 0.29 M M 12.0 38 10 M M 2 138 50 20
26 82 60 71 -2 0 6 0.00 M M 6.9 14 30 M M 1 21 50
27 86 53 70 -3 0 5 0.00 M M 3.3 10 160 M M 0 1 15 160
28 89 60 75 2 0 10 0.01 M M 5.5 17 310 M M 2 13 23 310
29 89 59 74 2 0 9 0.00 M M 7.6 17 360 M M 0 18 23 50
30 91 53 72 0 0 7 0.00 M M 8.0 17 190 M M 0 18 26 170
31 97 59 78 6 0 13 0.00 M M 11.5 20 160 M M 0 8 30 170
================================================================================
SM 2822 1907 0 357 3.68 M 260.0 M 38
================================================================================
AV 91.0 61.5 8.4 FASTST M M 1 MAX(MPH)
MISC ----> 38 10 56 290
================================================================================
NOTES:
# LAST OF SEVERAL OCCURRENCES
COLUMN 17 PEAK WIND IN M.P.H.
PRELIMINARY LOCAL CLIMATOLOGICAL DATA (WS FORM: F-6) , PAGE 2
STATION: MCCOOK NE
MONTH: AUGUST
YEAR: 2023
LATITUDE: 40 13 N
LONGITUDE: 100 35 W
[TEMPERATURE DATA] [PRECIPITATION DATA] SYMBOLS USED IN COLUMN 16
AVERAGE MONTHLY: 76.3 TOTAL FOR MONTH: 3.68 1 = FOG OR MIST
DPTR FM NORMAL: 1.1 DPTR FM NORMAL: 0.55 2 = FOG REDUCING VISIBILITY
HIGHEST: 103 ON 23,22 GRTST 24HR 1.86 ON 4- 4 TO 1/4 MILE OR LESS
LOWEST: 50 ON 15 3 = THUNDER
SNOW, ICE PELLETS, HAIL 4 = ICE PELLETS
TOTAL MONTH: M 5 = HAIL
GRTST 24HR M ON M 6 = FREEZING RAIN OR DRIZZLE
GRTST DEPTH: M ON M 7 = DUSTSTORM OR SANDSTORM:
VSBY 1/2 MILE OR LESS
8 = SMOKE OR HAZE
[NO. OF DAYS WITH] [WEATHER - DAYS WITH] 9 = BLOWING SNOW
X = TORNADO
MAX 32 OR BELOW: 0 0.01 INCH OR MORE: 8
MAX 90 OR ABOVE: 15 0.10 INCH OR MORE: 6
MIN 32 OR BELOW: 0 0.50 INCH OR MORE: 2
MIN 0 OR BELOW: 0 1.00 INCH OR MORE: 1
[HDD (BASE 65) ]
TOTAL THIS MO. 0 CLEAR (SCALE 0-3) 27
DPTR FM NORMAL -5 PTCLDY (SCALE 4-7) 4
TOTAL FM JUL 1 2 CLOUDY (SCALE 8-10) 0
DPTR FM NORMAL -2
[CDD (BASE 65) ]
TOTAL THIS MO. 357
DPTR FM NORMAL 38 [PRESSURE DATA]
TOTAL FM JAN 1 947 HIGHEST SLP M ON M
DPTR FM NORMAL -63 LOWEST SLP 29.69 ON 10
[REMARKS]
#FINAL-08-23#