000
CXUS52 KFFC 011110
CF6MCN
PRELIMINARY LOCAL CLIMATOLOGICAL DATA (WS FORM: F-6)
STATION: MACON
MONTH: JANUARY
YEAR: 2023
LATITUDE: 32 42 N
LONGITUDE: 83 39 W
TEMPERATURE IN F: :PCPN: SNOW: WIND :SUNSHINE: SKY :PK WND
================================================================================
1 2 3 4 5 6A 6B 7 8 9 10 11 12 13 14 15 16 17 18
12Z AVG MX 2MIN
DY MAX MIN AVG DEP HDD CDD WTR SNW DPTH SPD SPD DIR MIN PSBL S-S WX SPD DR
================================================================================
1 72 49 61 13 4 0 0.00 0.0 M 2.4 12 290 M M 6 12 17 290
2 75 44 60 12 5 0 0.00 0.0 M 2.9 7 150 M M 6 128 11 170
3 76 54 65 17 0 0 1.38 0.0 M 6.3 18 280 M M 7 123 26 290
4 74 52 63 15 2 0 1.94 0.0 M 6.7 29 270 M M 7 13 40 270
5 69 44 57 10 8 0 0.00 0.0 M 5.8 20 280 M M 0 1 27 290
6 64 38 51 4 14 0 0.00 0.0 M 5.8 15 280 M M 0 21 290
7 69 33 51 4 14 0 0.00 0.0 M 1.9 8 350 M M 0 12 350
8 66 38 52 5 13 0 0.01 M M 3.7 12 260 M M 2 1 16 240
9 62 40 51 4 14 0 0.01 M M 6.0 16 330 M M 2 1 23 360
10 65 32 49 2 16 0 0.00 0.0 M 3.3 12 230 M M 0 1 15 240
11 73 35 54 7 11 0 0.00 0.0 M 4.5 14 190 M M 3 21 190
12 76 55 66 19 0 1 0.96 0.0 M 8.4 35 290 M M 7 13 49 290
13 55 40 48 1 17 0 0.00 0.0 M 13.8 24 320 M M 5 37 320
14 49 33 41 -6 24 0 0.00 0.0 M 12.8 23 330 M M 4 33 340
15 58 25 42 -5 23 0 0.00 0.0 M 2.7 8 300 M M 0 10 310
16 63 27 45 -2 20 0 0.00 0.0 M 2.7 10 230 M M 0 1 14 240
17 72 41 57 10 8 0 0.15 M M 5.2 22 240 M M 6 12 32 220
18 71 56 64 17 1 0 0.00 0.0 M 3.9 10 180 M M 9 12 14 160
19 75 55 65 18 0 0 0.06 0.0 M 10.3 22 250 M M 4 18 31 240
20 66 44 55 7 10 0 0.00 0.0 M 7.9 15 280 M M 0 20 280
21 53 44 49 1 16 0 0.14 M M 5.7 13 80 M M 4 1 15 80
22 49 43 46 -2 19 0 1.22 0.0 M 6.3 17 20 M M 10 1 22 10
23 57 32 45 -3 20 0 0.00 0.0 M 9.1 20 300 M M 2 27 330
24 58 25 42 -6 23 0 0.00 0.0 M 4.5 14 130 M M 0 12 21 120
25 66 48 57 9 8 0 1.23 0.0 M 11.0 23 280 M M 8 13 35 290
26 53 38 46 -2 19 0 0.00 0.0 M 9.3 20 300 M M 1 29 300
27 54 30 42 -6 23 0 0.00 0.0 M 5.5 14 270 M M 0 18 270
28 60 26 43 -5 22 0 0.00 0.0 M 2.9 9 150 M M 0 13 180
29 55 34 45 -3 20 0 0.34 M M 1.6 9 60 M M 6 18 12 70
30 59 50 55 7 10 0 1.30 M M 3.2 13 330 M M 10 12 18 330
31 71 55 63 14 2 0 0.00 0.0 M 3.3 10 260 M M 9 12 14 270
================================================================================
SM 1985 1260 386 1 8.74 0.0 179.4 M 118
================================================================================
AV 64.0 40.6 5.8 FASTST M M 4 MAX(MPH)
MISC ----> 35 290 49 290
================================================================================
NOTES:
# LAST OF SEVERAL OCCURRENCES
COLUMN 17 PEAK WIND IN M.P.H.
PRELIMINARY LOCAL CLIMATOLOGICAL DATA (WS FORM: F-6) , PAGE 2
STATION: MACON
MONTH: JANUARY
YEAR: 2023
LATITUDE: 32 42 N
LONGITUDE: 83 39 W
[TEMPERATURE DATA] [PRECIPITATION DATA] SYMBOLS USED IN COLUMN 16
AVERAGE MONTHLY: 52.3 TOTAL FOR MONTH: 8.74 1 = FOG OR MIST
DPTR FM NORMAL: 4.7 DPTR FM NORMAL: 4.42 2 = FOG REDUCING VISIBILITY
HIGHEST: 76 ON 12, 3 GRTST 24HR 5.09 ON 3- 4 TO 1/4 MILE OR LESS
LOWEST: 25 ON 24,15 3 = THUNDER
SNOW, ICE PELLETS, HAIL 4 = ICE PELLETS
TOTAL MONTH: 0.0 INCH 5 = HAIL
GRTST 24HR 0.0 6 = FREEZING RAIN OR DRIZZLE
GRTST DEPTH: M ON M 7 = DUSTSTORM OR SANDSTORM:
VSBY 1/2 MILE OR LESS
8 = SMOKE OR HAZE
[NO. OF DAYS WITH] [WEATHER - DAYS WITH] 9 = BLOWING SNOW
X = TORNADO
MAX 32 OR BELOW: 0 0.01 INCH OR MORE: 12
MAX 90 OR ABOVE: 0 0.10 INCH OR MORE: 9
MIN 32 OR BELOW: 7 0.50 INCH OR MORE: 6
MIN 0 OR BELOW: 0 1.00 INCH OR MORE: 5
[HDD (BASE 65) ]
TOTAL THIS MO. 386 CLEAR (SCALE 0-3) 14
DPTR FM NORMAL -156 PTCLDY (SCALE 4-7) 13
TOTAL FM JUL 1 1174 CLOUDY (SCALE 8-10) 4
DPTR FM NORMAL -233
[CDD (BASE 65) ]
TOTAL THIS MO. 1
DPTR FM NORMAL -1 [PRESSURE DATA]
TOTAL FM JAN 1 1 HIGHEST SLP 30.47 ON 28
DPTR FM NORMAL -1 LOWEST SLP 29.72 ON 25
[REMARKS]
#FINAL-01-23#