000
CXUS52 KFFC 011110
CF6MCN
PRELIMINARY LOCAL CLIMATOLOGICAL DATA (WS FORM: F-6)
STATION: MACON
MONTH: FEBRUARY
YEAR: 2021
LATITUDE: 32 42 N
LONGITUDE: 83 39 W
TEMPERATURE IN F: :PCPN: SNOW: WIND :SUNSHINE: SKY :PK WND
================================================================================
1 2 3 4 5 6A 6B 7 8 9 10 11 12 13 14 15 16 17 18
12Z AVG MX 2MIN
DY MAX MIN AVG DEP HDD CDD WTR SNW DPTH SPD SPD DIR MIN PSBL S-S WX SPD DR
================================================================================
1 49 39 44 -4 21 0 0.00 0.0 M 15.9 28 320 M M 10 39 320
2 53 35 44 -4 21 0 0.00 0.0 M 15.0 24 320 M M 2 36 320
3 57 30 44 -4 21 0 0.00 0.0 M 7.6 15 310 M M 0 22 290
4 58 24 41 -7 24 0 0.00 0.0 M 3.7 12 190 M M 1 22 190
5 61 47 54 6 11 0 0.07 M M 7.6 17 330 M M 7 1 30 190
6 51 41 46 -2 19 0 0.45 M M 6.6 18 50 M M 10 1 24 50
7 59 35 47 -1 18 0 0.03 M M 4.8 15 330 M M 5 1 20 340
8 64 30 47 -2 18 0 0.00 0.0 M 4.6 14 110 M M 1 1 23 140
9 64 52 58 9 7 0 0.04 0.0 M 2.1 8 200 M M 9 1 12 120
10 70 51 61 12 4 0 0.00 0.0 M 1.5 8 150 M M 9 12 12 120
11 70 50 60 11 5 0 0.17 0.0 M 2.7 10 190 M M 10 12 15 200
12 63 43 53 4 12 0 0.29 M M 8.0 22 30 M M 10 1 27 30
13 44 42 43 -7 22 0 0.81 M M 7.8 14 40 M M 10 1 18 40
14 46 42 44 -6 21 0 0.21 M M 8.2 15 60 M M 10 1 20 360
15 61 43 52 2 13 0 0.43 0.0 M 8.5 22 260 M M 10 13 30 250
16 51 28 40 -10 25 0 0.00 0.0 M 11.5 21 270 M M 6 28 250
17 60 24 42 -8 23 0 0.02 M M 5.9 16 120 M M 2 1 22 60
18 47 42 45 -6 20 0 1.11 M M 8.4 15 20 M M 10 1 19 30
19 56 38 47 -4 18 0 0.24 M M 8.3 15 300 M M 6 1 20 300
20 59 29 44 -7 21 0 0.00 0.0 M 5.8 17 10 M M 0 25 10
21 65 26 46 -5 19 0 0.00 0.0 M 6.9 21 140 M M 3 28 150
22 70 48 59 7 6 0 0.09 0.0 M 7.4 18 270 M M 8 1 27 290
23 74 35 55 3 10 0 0.00 0.0 M 6.1 17 290 M M 0 24 290
24 75 34 55 3 10 0 0.00 0.0 M 4.5 16 220 M M 0 1 22 200
25 82 43 63 11 2 0 0.00 0.0 M 5.3 17 300 M M 0 22 300
26 78 48 63 11 2 0 T M M 4.6 15 220 M M 7 1 22 220
27 79 46 63 10 2 0 0.00 0.0 M 3.7 14 240 M M 3 1 22 210
28 83 56 70 17 0 5 0.00 0.0 M 7.1 18 230 M M 4 12 27 230
================================================================================
SM 1749 1101 395 5 3.96 0.0 190.1 M 153
================================================================================
AV 62.5 39.3 6.8 FASTST M M 5 MAX(MPH)
MISC ----> 28 320 39 320
================================================================================
NOTES:
# LAST OF SEVERAL OCCURRENCES
COLUMN 17 PEAK WIND IN M.P.H.
PRELIMINARY LOCAL CLIMATOLOGICAL DATA (WS FORM: F-6) , PAGE 2
STATION: MACON
MONTH: FEBRUARY
YEAR: 2021
LATITUDE: 32 42 N
LONGITUDE: 83 39 W
[TEMPERATURE DATA] [PRECIPITATION DATA] SYMBOLS USED IN COLUMN 16
AVERAGE MONTHLY: 50.9 TOTAL FOR MONTH: 3.96 1 = FOG OR MIST
DPTR FM NORMAL: 0.9 DPTR FM NORMAL: -0.40 2 = FOG REDUCING VISIBILITY
HIGHEST: 83 ON 28 GRTST 24HR 1.28 ON 18-19 TO 1/4 MILE OR LESS
LOWEST: 24 ON 17, 4 3 = THUNDER
SNOW, ICE PELLETS, HAIL 4 = ICE PELLETS
TOTAL MONTH: 0.0 INCH 5 = HAIL
GRTST 24HR 0.0 6 = FREEZING RAIN OR DRIZZLE
GRTST DEPTH: M ON M 7 = DUSTSTORM OR SANDSTORM:
VSBY 1/2 MILE OR LESS
8 = SMOKE OR HAZE
[NO. OF DAYS WITH] [WEATHER - DAYS WITH] 9 = BLOWING SNOW
X = TORNADO
MAX 32 OR BELOW: 0 0.01 INCH OR MORE: 13
MAX 90 OR ABOVE: 0 0.10 INCH OR MORE: 8
MIN 32 OR BELOW: 7 0.50 INCH OR MORE: 2
MIN 0 OR BELOW: 0 1.00 INCH OR MORE: 1
[HDD (BASE 65) ]
TOTAL THIS MO. 395 CLEAR (SCALE 0-3) 11
DPTR FM NORMAL -25 PTCLDY (SCALE 4-7) 7
TOTAL FM JUL 1 1635 CLOUDY (SCALE 8-10) 10
DPTR FM NORMAL -290
[CDD (BASE 65) ]
TOTAL THIS MO. 5
DPTR FM NORMAL 3 [PRESSURE DATA]
TOTAL FM JAN 1 9 HIGHEST SLP 30.47 ON 21
DPTR FM NORMAL 8 LOWEST SLP 29.71 ON 15
[REMARKS]
#FINAL-02-21#