816
CXUS52 KMLB 010627
CF6MCO
PRELIMINARY LOCAL CLIMATOLOGICAL DATA (WS FORM: F-6)
STATION: ORLANDO INTL
MONTH: JUNE
YEAR: 2020
LATITUDE: 28 25 N
LONGITUDE: 81 19 W
TEMPERATURE IN F: :PCPN: SNOW: WIND :SUNSHINE: SKY :PK WND
================================================================================
1 2 3 4 5 6A 6B 7 8 9 10 11 12 13 14 15 16 17 18
12Z AVG MX 2MIN
DY MAX MIN AVG DEP HDD CDD WTR SNW DPTH SPD SPD DIR MIN PSBL S-S WX SPD DR
================================================================================
1 91 77 84 4 0 19 0.00 0.0 0 11.5 23 60 M M 8 26 50
2 82 74 78 -2 0 13 0.32 0.0 0 10.0 17 80 M M 8 1 22 100
3 85 75 80 0 0 15 0.01 0.0 0 7.5 17 100 M M 10 21 130
4 79 72 76 -4 0 11 2.07 0.0 0 5.6 22 130 M M 10 1 27 140
5 91 72 82 1 0 17 0.11 0.0 0 4.5 21 130 M M 10 1 24 140
6 82 73 78 -3 0 13 0.66 0.0 0 6.5 18 290 M M 10 13 24 270
7 86 74 80 -1 0 15 1.04 0.0 0 7.3 25 220 M M 10 13 32 240
8 93 75 84 3 0 19 0.00 0.0 0 5.6 18 180 M M 8 13 24 200
9 92 74 83 2 0 18 0.03 0.0 0 3.5 36 50 M M 7 38 43 50
10 96 74 85 4 0 20 0.15 0.0 0 4.6 25 240 M M 5 13 31 240
11 91 74 83 2 0 18 0.04 0.0 0 6.4 18 80 M M 5 3 23 70
12 91 72 82 1 0 17 0.00 0.0 0 6.5 16 90 M M 4 20 100
13 88 75 82 1 0 17 T 0.0 0 5.8 20 100 M M 7 8 24 100
14 91 72 82 1 0 17 0.49 0.0 0 5.3 29 10 M M 6 13 36 10
15 91 72 82 1 0 17 0.00 0.0 0 10.0 20 50 M M 3 25 40
16 89 70 80 -2 0 15 0.00 0.0 0 7.5 17 60 M M 3 21 50
17 90 71 81 -1 0 16 0.10 0.0 0 5.8 17 50 M M 5 1 20 50
18 92 72 82 0 0 17 2.01 0.0 0 4.6 29 140 M M 5 13 36 130
19 89 73 81 -1 0 16 0.10 0.0 0 5.0 23 160 M M 5 13 27 160
20 93 72 83 1 0 18 0.25 0.0 0 5.3 30 140 M M 5 38 43 120
21 94 73 84 2 0 19 T 0.0 0 4.9 21 180 M M 6 25 180
22 94 71 83 1 0 18 3.02 0.0 0 5.5 29 100 M M 4 13 39 100
23 93 73 83 1 0 18 0.01 0.0 0 5.2 20 290 M M 7 3 25 270
24 94 76 85 3 0 20 T 0.0 0 6.1 21 40 M M 6 3 24 40
25 97 78 88 6 0 23 T 0.0 0 4.3 29 120 M M 6 8 36 110
26 96 77 87 5 0 22 0.00 0.0 0 5.6 17 100 M M 5 22 100
27 95 77 86 4 0 21 0.00 0.0 0 4.8 15 110 M M 7 18 110
28 95 76 86 4 0 21 0.00 0.0 0 5.2 10 160 M M 7 14 180
29 97 77 87 5 0 22 0.00 0.0 0 4.9 18 270 M M 4 13 22 240
30 96 77 87 5 0 22 0.00 0.0 0 7.0 25 200 M M 5 38 31 200
================================================================================
SM 2733 2218 0 534 10.41 0.0 182.3 M 191
================================================================================
AV 91.1 73.9 6.1 FASTST M M 6 MAX(MPH)
MISC ----> 36 50 # 43 50
================================================================================
NOTES:
# LAST OF SEVERAL OCCURRENCES
COLUMN 17 PEAK WIND IN M.P.H.
PRELIMINARY LOCAL CLIMATOLOGICAL DATA (WS FORM: F-6) , PAGE 2
STATION: ORLANDO INTL
MONTH: JUNE
YEAR: 2020
LATITUDE: 28 25 N
LONGITUDE: 81 19 W
[TEMPERATURE DATA] [PRECIPITATION DATA] SYMBOLS USED IN COLUMN 16
AVERAGE MONTHLY: 82.5 TOTAL FOR MONTH: 10.41 1 = FOG OR MIST
DPTR FM NORMAL: 1.1 DPTR FM NORMAL: 2.83 2 = FOG REDUCING VISIBILITY
HIGHEST: 97 ON 29,25 GRTST 24HR 3.03 ON 22-23 TO 1/4 MILE OR LESS
LOWEST: 70 ON 16 3 = THUNDER
SNOW, ICE PELLETS, HAIL 4 = ICE PELLETS
TOTAL MONTH: 0.0 INCH 5 = HAIL
GRTST 24HR 0.0 6 = FREEZING RAIN OR DRIZZLE
GRTST DEPTH: 0 7 = DUSTSTORM OR SANDSTORM:
VSBY 1/2 MILE OR LESS
8 = SMOKE OR HAZE
[NO. OF DAYS WITH] [WEATHER - DAYS WITH] 9 = BLOWING SNOW
X = TORNADO
MAX 32 OR BELOW: 0 0.01 INCH OR MORE: 16
MAX 90 OR ABOVE: 22 0.10 INCH OR MORE: 12
MIN 32 OR BELOW: 0 0.50 INCH OR MORE: 5
MIN 0 OR BELOW: 0 1.00 INCH OR MORE: 4
[HDD (BASE 65) ]
TOTAL THIS MO. 0 CLEAR (SCALE 0-3) 1
DPTR FM NORMAL 0 PTCLDY (SCALE 4-7) 23
TOTAL FM JUL 1 256 CLOUDY (SCALE 8-10) 6
DPTR FM NORMAL -315
[CDD (BASE 65) ]
TOTAL THIS MO. 534
DPTR FM NORMAL 44 [PRESSURE DATA]
TOTAL FM JAN 1 1830 HIGHEST SLP M ON M
DPTR FM NORMAL 539 LOWEST SLP 29.91 ON 7
[REMARKS]
#FINAL-06-20#