000
CXUS53 KPAH 010700
CF6MDH
PRELIMINARY LOCAL CLIMATOLOGICAL DATA (WS FORM: F-6)
STATION: CARBONDALE IL
MONTH: AUGUST
YEAR: 2022
LATITUDE: 37 46 N
LONGITUDE: 89 15 W
TEMPERATURE IN F: :PCPN: SNOW: WIND :SUNSHINE: SKY :PK WND
================================================================================
1 2 3 4 5 6A 6B 7 8 9 10 11 12 13 14 15 16 17 18
12Z AVG MX 2MIN
DY MAX MIN AVG DEP HDD CDD WTR SNW DPTH SPD SPD DIR MIN PSBL S-S WX SPD DR
================================================================================
1 91 73 82 4 0 17 0.00 M M 10.8 18 200 M M 4 27 190
2 85 70 78 0 0 13 0.44 M M 8.9 26 110 M M 2 13 33 100
3 91 75 83 5 0 18 0.02 M M 9.7 21 180 M M 1 3 29 190
4 80 72 76 -2 0 11 1.46 M M 4.7 20 350 M M 7 13 26 350
5 88 73 81 3 0 16 0.21 M M 4.5 12 100 M M 6 13 14 110
6 90 72 81 4 0 16 0.00 M M 7.1 16 190 M M 1 1 21 190
7 90 71 81 4 0 16 0.00 M M 5.8 22 220 M M 0 32 220
8 92 73 83 6 0 18 0.00 M M 7.9 23 220 M M 1 3 28 210
9 84 71 78 1 0 13 0.22 M M 5.2 14 310 M M 5 13 19 320
10 82 64 73 -4 0 8 T M M 4.5 8 360 M M 8 M M
11 86 61 74 -3 0 9 0.00 M M 4.0 10 360 M M 0 1 14 40
12 82 61 72 -5 0 7 0.00 M M 5.0 13 40 M M 0 17 30
13 84 57 71 -6 0 6 0.00 M M 2.9 12 210 M M 1 12 14 220
14 86 67 77 0 0 12 0.00 M M 7.5 18 220 M M 2 24 220
15 81 66 74 -2 0 9 0.00 M M 4.6 13 40 M M 5 18 17 30
16 75 61 68 -8 0 3 0.19 M M 2.8 8 330 M M 7 12 10 330
17 84 58 71 -5 0 6 0.00 M M 4.6 14 10 M M 2 12 21 10
18 85 57 71 -5 0 6 0.00 M M 1.3 8 20 M M 2 12 12 70
19 86 57 72 -4 0 7 0.00 M M 0.8 7 130 M M 2 12 10 140
20 87 60 74 -2 0 9 T M M 5.8 22 300 M M 2 123 34 320
21 84 64 74 -2 0 9 0.05 M M 5.0 15 320 M M 4 13 20 350
22 86 62 74 -1 0 9 0.00 M M 2.7 9 60 M M 2 1 14 90
23 85 59 72 -3 0 7 0.00 M M 2.3 10 40 M M 3 12 15 50
24 88 58 73 -2 0 8 0.00 M M 2.4 10 50 M M 3 12 14 50
25 90 62 76 1 0 11 0.00 M M 1.7 7 190 M M 2 12 11 320
26 90 65 78 4 0 13 T M M 1.7 18 320 M M 1 123 27 330
27 91 62 77 3 0 12 0.00 M M 2.8 9 70 M M 3 12 12 90
28 91 66 79 5 0 14 T M M 6.7 18 190 M M 1 13 24 190
29 92 71 82 8 0 17 0.02 M M 7.6 21 170 M M 4 13 27 160
30 91 57 74 0 0 9 0.00 M M 4.5 15 330 M M 1 12 22 320
31 87 53 70 -3 0 5 0.00 M M 2.5 12 310 M M 1 12 20 340
================================================================================
SM 2684 1998 0 334 2.61 M 148.3 M 83
================================================================================
AV 86.6 64.5 4.8 FASTST M M 3 MAX(MPH)
MISC ----> 26 110 34 320
================================================================================
NOTES:
# LAST OF SEVERAL OCCURRENCES
COLUMN 17 PEAK WIND IN M.P.H.
PRELIMINARY LOCAL CLIMATOLOGICAL DATA (WS FORM: F-6) , PAGE 2
STATION: CARBONDALE IL
MONTH: AUGUST
YEAR: 2022
LATITUDE: 37 46 N
LONGITUDE: 89 15 W
[TEMPERATURE DATA] [PRECIPITATION DATA] SYMBOLS USED IN COLUMN 16
AVERAGE MONTHLY: 75.5 TOTAL FOR MONTH: 2.61 1 = FOG OR MIST
DPTR FM NORMAL: -0.5 DPTR FM NORMAL: -0.44 2 = FOG REDUCING VISIBILITY
HIGHEST: 92 ON 29, 8 GRTST 24HR 1.48 ON 3- 4 TO 1/4 MILE OR LESS
LOWEST: 53 ON 31 3 = THUNDER
SNOW, ICE PELLETS, HAIL 4 = ICE PELLETS
TOTAL MONTH: M 5 = HAIL
GRTST 24HR M ON M 6 = FREEZING RAIN OR DRIZZLE
GRTST DEPTH: M ON M 7 = DUSTSTORM OR SANDSTORM:
VSBY 1/2 MILE OR LESS
8 = SMOKE OR HAZE
[NO. OF DAYS WITH] [WEATHER - DAYS WITH] 9 = BLOWING SNOW
X = TORNADO
MAX 32 OR BELOW: 0 0.01 INCH OR MORE: 8
MAX 90 OR ABOVE: 11 0.10 INCH OR MORE: 5
MIN 32 OR BELOW: 0 0.50 INCH OR MORE: 1
MIN 0 OR BELOW: 0 1.00 INCH OR MORE: 1
[HDD (BASE 65) ]
TOTAL THIS MO. 0 CLEAR (SCALE 0-3) 21
DPTR FM NORMAL -1 PTCLDY (SCALE 4-7) 10
TOTAL FM JUL 1 0 CLOUDY (SCALE 8-10) 0
DPTR FM NORMAL 0
[CDD (BASE 65) ]
TOTAL THIS MO. 334
DPTR FM NORMAL -8 [PRESSURE DATA]
TOTAL FM JAN 1 1346 HIGHEST SLP M ON M
DPTR FM NORMAL 155 LOWEST SLP 29.81 ON 28
[REMARKS]
#FINAL-08-22#