000
CXUS54 KMEG 052111
CLMMEG
CLIMATE REPORT
NATIONAL WEATHER SERVICE MEMPHIS TN
411 PM CDT FRI APR 05 2024
...................................
...THE MEMPHIS/GERMANTOWN WFO CLIMATE SUMMARY FOR THE MONTH OF MARCH 2024...
CLIMATE NORMAL PERIOD 1991 TO 2020
CLIMATE RECORD PERIOD 1988 TO 2024
WEATHER OBSERVED NORMAL DEPART LAST YEAR`S
VALUE DATE(S) VALUE FROM VALUE DATE(S)
NORMAL
................................................................
TEMPERATURE (F)
RECORD
HIGH 89 03/30/2007
LOW 10 03/06/2015
03/07/2015
HIGHEST 83 03/04 80 3 82 03/26
LOWEST 29 03/19 24 5 25 03/19
03/20
AVG. MAXIMUM 67.6 63.1 4.5 64.0
AVG. MINIMUM 45.9 40.1 5.8 44.5
MEAN 56.7 51.6 5.1 54.3
DAYS MAX >= 90 0 0.0 0.0 0
DAYS MAX <= 32 0 0.2 -0.2 0
DAYS MIN <= 32 3 7.8 -4.8 5
DAYS MIN <= 0 0 0.0 0.0 0
PRECIPITATION (INCHES)
RECORD
MAXIMUM 10.21 2021
MINIMUM 4.21 2023
TOTALS 3.60R 5.74 -2.14 4.21
DAILY AVG. 0.12 0.19 -0.07 0.18
DAYS >= .01 7 11.6 -4.6 9
DAYS >= .10 5 8.2 -3.2 8
DAYS >= .50 3 3.7 -0.7 3
DAYS >= 1.00 1 1.6 -0.6 2
GREATEST
24 HR. TOTAL 1.50 03/25 TO 03/25
SNOWFALL (INCHES)
RECORDS
TOTAL 7.2 2009
2008
TOTALS 0.0 0.8 -0.8 0.0
SINCE 7/1 5.2 2.8 2.4 1.1
SNOWDEPTH AVG. 0 0
DAYS >= 1.0 0 0.1 -0.1 0
GREATEST
SNOW DEPTH 0 0 MM
24 HR TOTAL MM
DEGREE DAYS
HEATING TOTAL 272 427 -155 344
SINCE 7/1 2557 3131 -574 MM
COOLING TOTAL 22 12 10 19
SINCE 1/1 30 13 17 MM
................................................................
- INDICATES NEGATIVE NUMBERS.
R INDICATES RECORD WAS SET OR TIED.
MM INDICATES DATA IS MISSING.
T INDICATES TRACE AMOUNT.
$$