000
CXUS56 KPDT 011810
CF6MEH
PRELIMINARY LOCAL CLIMATOLOGICAL DATA (WS FORM: F-6)
STATION: MEACHAM OR
MONTH: JULY
YEAR: 2022
LATITUDE: 45 30 N
LONGITUDE: 118 24 W
TEMPERATURE IN F: :PCPN: SNOW: WIND :SUNSHINE: SKY :PK WND
================================================================================
1 2 3 4 5 6A 6B 7 8 9 10 11 12 13 14 15 16 17 18
12Z AVG MX 2MIN
DY MAX MIN AVG DEP HDD CDD WTR SNW DPTH SPD SPD DIR MIN PSBL S-S WX SPD DR
================================================================================
1 77 42 60 3 5 0 0.00 M M 2.3 9 50 M M 0 17 60
2 76 44 60 2 5 0 0.22 M M 1.7 10 280 M M 3 13 21 270
3 69 47 58 0 7 0 0.03 M M 1.8 8 40 M M 4 1 15 30
4 70 46 58 0 7 0 0.04 M M 0.9 7 270 M M 5 1 14 360
5 75 41 58 0 7 0 T M M 0.5 7 90 M M 6 12 80
6 73 47 60 1 5 0 0.00 M M 1.6 9 50 M M 1 16 40
7 74 52 63 4 2 0 0.00 M M 0.9 7 300 M M 6 13 310
8 76 45 61 2 4 0 0.00 M M 1.5 8 280 M M 0 17 30
9 77 44 61 2 4 0 0.00 M M 1.6 8 280 M M 1 14 290
10 74 46 60 0 5 0 0.00 M M 1.5 8 310 M M 0 14 280
11 82 40 61 1 4 0 0.00 M M 2.1 9 40 M M 0 19 50
12 91 46 69 9 0 4 T M M 0.8 7 30 M M 0 13 40
13 82 49 66 6 0 1 T M M 1.1 8 280 M M 0 17 300
14 84 42 63 3 2 0 0.00 M M 1.2 8 60 M M 0 14 60
15 84 45 65 5 0 0 0.00 M M 1.1 3 99 M M 0 M M
16 82 44 63 2 2 0 0.00 M M 1.6 6 99 M M 0 M M
17 75 44 60 -1 5 0 0.00 M M 1.4 10 50 M M 0 16 30
18 73 44 59 -2 6 0 0.00 M M 1.6 7 260 M M 0 M M
19 87 37 62 1 3 0 0.00 M M 0.9 8 20 M M 0 14 30
20 88 42 65 4 0 0 0.00 M M 0.7 7 300 M M 0 13 260
21 89 41 65 4 0 0 0.00 M M 1.3 8 20 M M 0 16 320
22 80 45 63 2 2 0 0.00 M M 1.1 9 300 M M 0 15 310
23 80 38 59 -2 6 0 0.00 M M 1.2 7 30 M M 0 14 300
24 83 39 61 0 4 0 0.00 M M 1.2 8 30 M M 0 16 350
25 89 44 67 6 0 2 0.00 M M 1.2 7 30 M M 0 13 50
26 92 48 70 9 0 5 0.00 M M 1.9 7 20 M M 0 14 280
27 93 50 72 11 0 7 0.00 M M 0.7 8 40 M M 0 16 320
28 95 51 73 12 0 8 0.00 M M 1.2 9 50 M M 0 17 50
29 98 52 75 14 0 10 0.00 M M 0.4 8 280 M M 0 18 280
30 97 48 73 12 0 8 0.00 M M 1.2 8 270 M M 0 15 250
31 96 52 74 13 0 9 0.00 M M 0.6 6 50 M M 0 8 360
================================================================================
SM 2561 1395 85 54 0.29 M 38.7 M 26
================================================================================
AV 82.6 45.0 1.2 FASTST M M 1 MAX(MPH)
MISC ----> # 10 280 21 270
================================================================================
NOTES:
# LAST OF SEVERAL OCCURRENCES
COLUMN 17 PEAK WIND IN M.P.H.
PRELIMINARY LOCAL CLIMATOLOGICAL DATA (WS FORM: F-6) , PAGE 2
STATION: MEACHAM OR
MONTH: JULY
YEAR: 2022
LATITUDE: 45 30 N
LONGITUDE: 118 24 W
[TEMPERATURE DATA] [PRECIPITATION DATA] SYMBOLS USED IN COLUMN 16
AVERAGE MONTHLY: 63.8 TOTAL FOR MONTH: 0.29 1 = FOG OR MIST
DPTR FM NORMAL: 3.6 DPTR FM NORMAL: -0.29 2 = FOG REDUCING VISIBILITY
HIGHEST: 98 ON 29 GRTST 24HR 0.25 ON 2- 3 TO 1/4 MILE OR LESS
LOWEST: 37 ON 19 3 = THUNDER
SNOW, ICE PELLETS, HAIL 4 = ICE PELLETS
TOTAL MONTH: M 5 = HAIL
GRTST 24HR M ON M 6 = FREEZING RAIN OR DRIZZLE
GRTST DEPTH: M ON M 7 = DUSTSTORM OR SANDSTORM:
VSBY 1/2 MILE OR LESS
8 = SMOKE OR HAZE
[NO. OF DAYS WITH] [WEATHER - DAYS WITH] 9 = BLOWING SNOW
X = TORNADO
MAX 32 OR BELOW: 0 0.01 INCH OR MORE: 3
MAX 90 OR ABOVE: 7 0.10 INCH OR MORE: 1
MIN 32 OR BELOW: 0 0.50 INCH OR MORE: 0
MIN 0 OR BELOW: 0 1.00 INCH OR MORE: 0
[HDD (BASE 65) ]
TOTAL THIS MO. 85 CLEAR (SCALE 0-3) 27
DPTR FM NORMAL -82 PTCLDY (SCALE 4-7) 4
TOTAL FM JUL 1 85 CLOUDY (SCALE 8-10) 0
DPTR FM NORMAL -80
[CDD (BASE 65) ]
TOTAL THIS MO. 54
DPTR FM NORMAL 36 [PRESSURE DATA]
TOTAL FM JAN 1 59 HIGHEST SLP 30.30 ON 10
DPTR FM NORMAL 37 LOWEST SLP 29.76 ON 2
[REMARKS]
#FINAL-07-22#