000
CXUS56 KPDT 011810
CF6MEH
PRELIMINARY LOCAL CLIMATOLOGICAL DATA (WS FORM: F-6)
STATION: MEACHAM OR
MONTH: APRIL
YEAR: 2022
LATITUDE: 45 30 N
LONGITUDE: 118 24 W
TEMPERATURE IN F: :PCPN: SNOW: WIND :SUNSHINE: SKY :PK WND
================================================================================
1 2 3 4 5 6A 6B 7 8 9 10 11 12 13 14 15 16 17 18
12Z AVG MX 2MIN
DY MAX MIN AVG DEP HDD CDD WTR SNW DPTH SPD SPD DIR MIN PSBL S-S WX SPD DR
================================================================================
1 52 20 36 -2 29 0 0.00 M M 1.1 8 280 M M 2 17 230
2 47 26 37 -1 28 0 0.16 M M 1.6 9 270 M M 5 22 240
3 50 24 37 -1 28 0 0.00 M M 1.1 10 270 M M 4 18 270
4 48 29 39 1 26 0 0.40 M M 3.8 13 280 M M 10 1 30 230
5 41 25 33 -5 32 0 T M M 4.4 10 270 M M 7 24 270
6 53 19 36 -3 29 0 0.00 M M 0.6 8 70 M M 0 14 80
7 69 30 50 11 15 0 0.00 M M 0.5 9 90 M M 0 21 80
8 51 32 42 3 23 0 T M M 1.9 9 280 M M 6 26 280
9 42 28 35 -4 30 0 T M M 5.0 12 270 M M 9 29 290
10 35 27 31 -8 34 0 0.38 M M 1.7 9 290 M M 10 1 21 260
11 33 25 29 -11 36 0 1.33 M M 3.3 9 250 M M 9 128 26 230
12 33 22 28 -12 37 0 0.31 M M 2.4 8 280 M M 8 12 16 280
13 33 11 22 -18 43 0 0.08 M M 0.8 7 260 M M 7 12 16 250
14 33 11 22 -18 43 0 0.20 M M 1.3 9 260 M M 7 12 26 260
15 37 12 25 -15 40 0 0.16 M M 0.6 9 90 M M 10 12 14 60
16 33 21 27 -14 38 0 0.38 M M M 8 270 M M M 18 260
17 44 10 27 -14 38 0 0.00 M M M 7 100 M M M 14 100
18 54 33 44 3 21 0 0.27 M M 0.9 10 270 M M M 1 37 310
19 46 28 37 -4 28 0 0.08 M M 0.5 8 310 M M M 17 320
20 47 25 36 -6 29 0 0.06 M M 0.7 9 100 M M 1 20 90
21 47 26 37 -5 28 0 0.05 M M 1.4 7 260 M M M 14 270
22 49 22 36 -6 29 0 0.04 M M 1.2 8 300 M M 7 1 16 10
23 51 27 39 -3 26 0 T M M 1.7 8 280 M M 6 15 260
24 61 23 42 0 23 0 0.00 M M 1.0 6 40 M M 0 13 30
25 59 35 47 4 18 0 0.12 M M 0.9 7 40 M M 5 12 12 90
26 43 30 37 -6 28 0 0.31 M M 0.3 7 260 M M 8 1 13 260
27 45 28 37 -6 28 0 T M M 0.9 6 260 M M 6 12 280
28 45 27 36 -8 29 0 0.19 M M 1.2 8 280 M M 7 1 16 250
29 50 32 41 -3 24 0 0.05 M M 0.3 8 60 M M 7 1 12 50
30 50 36 43 -1 22 0 0.79 M M 0.4 8 90 M M 10 1 19 90
================================================================================
SM 1381 744 882 0 5.36 M 41.5 M 151
================================================================================
AV 46.0 24.8 1.5 FASTST M M 6 MAX(MPH)
MISC ----> 13 280 37 310
================================================================================
NOTES:
# LAST OF SEVERAL OCCURRENCES
COLUMN 17 PEAK WIND IN M.P.H.
PRELIMINARY LOCAL CLIMATOLOGICAL DATA (WS FORM: F-6) , PAGE 2
STATION: MEACHAM OR
MONTH: APRIL
YEAR: 2022
LATITUDE: 45 30 N
LONGITUDE: 118 24 W
[TEMPERATURE DATA] [PRECIPITATION DATA] SYMBOLS USED IN COLUMN 16
AVERAGE MONTHLY: 35.4 TOTAL FOR MONTH: 5.36 1 = FOG OR MIST
DPTR FM NORMAL: -5.2 DPTR FM NORMAL: 1.43 2 = FOG REDUCING VISIBILITY
HIGHEST: 69 ON 7 GRTST 24HR 1.44 ON 11-12 TO 1/4 MILE OR LESS
LOWEST: 10 ON 17 3 = THUNDER
SNOW, ICE PELLETS, HAIL 4 = ICE PELLETS
TOTAL MONTH: M 5 = HAIL
GRTST 24HR M ON M 6 = FREEZING RAIN OR DRIZZLE
GRTST DEPTH: M ON M 7 = DUSTSTORM OR SANDSTORM:
VSBY 1/2 MILE OR LESS
8 = SMOKE OR HAZE
[NO. OF DAYS WITH] [WEATHER - DAYS WITH] 9 = BLOWING SNOW
X = TORNADO
MAX 32 OR BELOW: 0 0.01 INCH OR MORE: 19
MAX 90 OR ABOVE: 0 0.10 INCH OR MORE: 13
MIN 32 OR BELOW: 27 0.50 INCH OR MORE: 2
MIN 0 OR BELOW: 0 1.00 INCH OR MORE: 1
[HDD (BASE 65) ]
TOTAL THIS MO. 882 CLEAR (SCALE 0-3) 5
DPTR FM NORMAL 152 PTCLDY (SCALE 4-7) 13
TOTAL FM JUL 1 7144 CLOUDY (SCALE 8-10) 12
DPTR FM NORMAL -90
[CDD (BASE 65) ]
TOTAL THIS MO. 0
DPTR FM NORMAL 0 [PRESSURE DATA]
TOTAL FM JAN 1 0 HIGHEST SLP M ON M
DPTR FM NORMAL 0 LOWEST SLP 29.28 ON 11
[REMARKS]
#FINAL-04-22#