000
CXUS56 KPDT 011810
CF6MEH
PRELIMINARY LOCAL CLIMATOLOGICAL DATA (WS FORM: F-6)
STATION: MEACHAM OR
MONTH: MARCH
YEAR: 2022
LATITUDE: 45 30 N
LONGITUDE: 118 24 W
TEMPERATURE IN F: :PCPN: SNOW: WIND :SUNSHINE: SKY :PK WND
================================================================================
1 2 3 4 5 6A 6B 7 8 9 10 11 12 13 14 15 16 17 18
12Z AVG MX 2MIN
DY MAX MIN AVG DEP HDD CDD WTR SNW DPTH SPD SPD DIR MIN PSBL S-S WX SPD DR
================================================================================
1 52 32 42 10 23 0 0.10 M M 0.3 5 50 M M 9 1 8 40
2 48 33 41 9 24 0 0.10 M M 0.0 3 120 M M 9 12 7 330
3 38 26 32 -1 33 0 0.17 M M 0.5 6 280 M M 8 12 12 260
4 37 23 30 -3 35 0 0.00 M M 1.0 7 30 M M 7 M M
5 37 16 27 -6 38 0 0.00 M M 0.8 6 99 M M 6 1 M M
6 37 15 26 -7 39 0 0.00 M M 1.3 6 99 M M 3 M M
7 47 15 31 -2 34 0 0.00 M M 0.8 9 290 M M 1 19 290
8 36 22 29 -5 36 0 0.64 M M 1.6 8 290 M M 9 1 17 260
9 28 -2 13 -21 52 0 0.09 M M 1.2 7 20 M M 8 1 17 10
10 34 -10 12 -22 53 0 0.00 M M 0.1 6 280 M M 2 9 260
11 46 19 33 -1 32 0 0.00 M M 0.0 5 270 M M 8 8 280
12 54 28 41 7 24 0 0.01 M M 0.5 10 280 M M 3 24 280
13 38 29 34 0 31 0 0.43 M M 0.3 7 270 M M 9 1 17 240
14 47 31 39 4 26 0 0.06 M M 0.4 5 99 M M 10 1 M M
15 45 33 39 4 26 0 0.48 M M 0.7 6 99 M M 9 1 M M
16 42 24 33 -2 32 0 0.19 M M 0.5 7 270 M M 4 1 12 320
17 50 19 35 0 30 0 0.11 M M 0.5 7 280 M M 4 1 12 300
18 51 30 41 5 24 0 T M M 0.0 6 270 M M 5 1 10 260
19 46 28 37 1 28 0 0.20 M M 0.9 7 99 M M 8 1 M M
20 40 26 33 -3 32 0 0.02 M M 2.9 9 270 M M 8 1 20 280
21 42 30 36 0 29 0 0.14 M M 0.0 3 290 M M 10 1 7 120
22 57 31 44 8 21 0 0.01 M M 0.0 5 70 M M 4 1 7 240
23 62 29 46 10 19 0 0.00 M M 1.4 8 280 M M 0 15 280
24 52 28 40 4 25 0 0.00 M M 0.7 6 50 M M M 12 360
25 56 28 42 5 23 0 0.00 M M 1.1 6 290 M M M 11 10
26 60 27 44 7 21 0 0.00 M M 0.6 7 260 M M M 11 320
27 63 30 47 10 18 0 0.00 M M 0.5 6 30 M M M 13 310
28 55 35 45 8 20 0 0.02 M M M M M M M M M M
29 54 31 43 6 22 0 0.00 M M M M M M M 10 M M
30 45 29 37 -1 28 0 0.00 M M 2.6 9 290 M M 5 1 19 280
31 42 24 33 -5 32 0 T M M 1.9 8 280 M M 7 18 310
================================================================================
SM 1441 759 910 0 2.77 M 23.1 M 166
================================================================================
AV 46.5 24.5 0.8 FASTST M M 6 MAX(MPH)
MISC ----> 10 280 24 280
================================================================================
NOTES:
# LAST OF SEVERAL OCCURRENCES
COLUMN 17 PEAK WIND IN M.P.H.
PRELIMINARY LOCAL CLIMATOLOGICAL DATA (WS FORM: F-6) , PAGE 2
STATION: MEACHAM OR
MONTH: MARCH
YEAR: 2022
LATITUDE: 45 30 N
LONGITUDE: 118 24 W
[TEMPERATURE DATA] [PRECIPITATION DATA] SYMBOLS USED IN COLUMN 16
AVERAGE MONTHLY: 35.5 TOTAL FOR MONTH: 2.77 1 = FOG OR MIST
DPTR FM NORMAL: 0.5 DPTR FM NORMAL: -1.32 2 = FOG REDUCING VISIBILITY
HIGHEST: 63 ON 27 GRTST 24HR 0.69 ON 8- 9 TO 1/4 MILE OR LESS
LOWEST: -10 ON 10 3 = THUNDER
SNOW, ICE PELLETS, HAIL 4 = ICE PELLETS
TOTAL MONTH: M 5 = HAIL
GRTST 24HR M ON M 6 = FREEZING RAIN OR DRIZZLE
GRTST DEPTH: M ON M 7 = DUSTSTORM OR SANDSTORM:
VSBY 1/2 MILE OR LESS
8 = SMOKE OR HAZE
[NO. OF DAYS WITH] [WEATHER - DAYS WITH] 9 = BLOWING SNOW
X = TORNADO
MAX 32 OR BELOW: 1 0.01 INCH OR MORE: 16
MAX 90 OR ABOVE: 0 0.10 INCH OR MORE: 10
MIN 32 OR BELOW: 28 0.50 INCH OR MORE: 1
MIN 0 OR BELOW: 2 1.00 INCH OR MORE: 0
[HDD (BASE 65) ]
TOTAL THIS MO. 910 CLEAR (SCALE 0-3) 5
DPTR FM NORMAL -18 PTCLDY (SCALE 4-7) 13
TOTAL FM JUL 1 6262 CLOUDY (SCALE 8-10) 13
DPTR FM NORMAL -241
[CDD (BASE 65) ]
TOTAL THIS MO. 0
DPTR FM NORMAL 0 [PRESSURE DATA]
TOTAL FM JAN 1 0 HIGHEST SLP M ON M
DPTR FM NORMAL 0 LOWEST SLP 29.70 ON 13
[REMARKS]
#FINAL-03-22#