000
CXUS54 KJAN 011410
CF6MEI
PRELIMINARY LOCAL CLIMATOLOGICAL DATA (WS FORM: F-6)
STATION: MERIDIAN
MONTH: MARCH
YEAR: 2021
LATITUDE: 32 19 N
LONGITUDE: 88 45 W
TEMPERATURE IN F: :PCPN: SNOW: WIND :SUNSHINE: SKY :PK WND
================================================================================
1 2 3 4 5 6A 6B 7 8 9 10 11 12 13 14 15 16 17 18
12Z AVG MX 2MIN
DY MAX MIN AVG DEP HDD CDD WTR SNW DPTH SPD SPD DIR MIN PSBL S-S WX SPD DR
================================================================================
1 72 48 60 8 5 0 0.31 0.0 0 9.6 23 10 M M 9 1 30 10
2 48 39 44 -8 21 0 0.80 0.0 0 10.7 18 20 M M 10 18 26 20
3 63 35 49 -4 16 0 0.00 0.0 0 4.0 15 330 M M 1 1 20 30
4 73 31 52 -1 13 0 0.00 0.0 0 1.0 13 40 M M 0 17 30
5 66 37 52 -1 13 0 0.00 0.0 0 5.4 16 350 M M 2 23 350
6 65 37 51 -2 14 0 T 0.0 0 9.3 18 30 M M 3 27 360
7 68 32 50 -4 15 0 0.00 0.0 0 4.0 18 60 M M 0 24 50
8 74 30 52 -2 13 0 0.00 0.0 0 2.9 13 200 M M 0 8 18 210
9 76 35 56 2 9 0 0.00 0.0 0 5.7 18 210 M M 0 25 200
10 78 48 63 9 2 0 0.00 0.0 0 11.2 22 150 M M 2 31 150
11 81 51 66 11 0 1 0.00 0.0 0 6.5 20 170 M M 2 26 210
12 82 58 70 15 0 5 0.00 0.0 0 4.5 13 160 M M 3 17 160
13 83 52 68 13 0 3 0.00 0.0 0 4.4 13 170 M M 2 18 18 180
14 80 53 67 12 0 2 0.00 0.0 0 6.4 17 170 M M 4 1 23 180
15 77 66 72 16 0 7 0.07 0.0 0 7.5 22 190 M M 8 1 29 190
16 73 64 69 13 0 4 3.48 0.0 0 5.0 14 200 M M 9 13 19 180
17 78 65 72 16 0 7 0.94 0.0 0 M 33 190 M M M 13 45 190
18 65 49 57 1 8 0 0.00 0.0 0 10.6 21 290 M M 7 31 310
19 57 47 52 -4 13 0 0.00 0.0 0 9.0 17 10 M M 10 24 10
20 65 41 53 -4 12 0 0.00 0.0 0 5.2 12 80 M M 7 15 80
21 69 35 52 -5 13 0 0.00 0.0 0 3.2 14 50 M M 0 22 40
22 74 42 58 1 7 0 0.00 0.0 0 3.8 15 140 M M 2 22 150
23 64 55 60 3 5 0 1.24 0.0 0 6.2 29 120 M M 6 13 43 120
24 78 51 65 8 0 0 0.44 0.0 0 5.9 20 150 M M 6 1238 31 150
25 77 64 71 13 0 6 2.26 0.0 0 10.2 26 200 M M 9 138 39 190
26 74 61 68 10 0 3 0.04 0.0 0 5.5 14 40 M M 8 18 19 40
27 87 69 78 20 0 13 0.04 0.0 0 13.0 35 200 M M 6 18 45 200
28 75 50 63 5 2 0 0.42 0.0 0 10.0 21 320 M M 4 13 32 290
29 73 41 57 -1 8 0 0.00 0.0 0 5.4 14 40 M M 0 20 60
30 82 43 63 4 2 0 0.80 0.0 0 7.5 22 170 M M 6 1 35 190
31 75 44 60 1 5 0 1.77 0.0 0 9.8 23 340 M M 8 1238 33 340
================================================================================
SM 2252 1473 196 51 12.61 0.0 203.4 M 134
================================================================================
AV 72.6 47.5 6.8 FASTST M M 4 MAX(MPH)
MISC ----> 35 200 # 45 190
================================================================================
NOTES:
# LAST OF SEVERAL OCCURRENCES
COLUMN 17 PEAK WIND IN M.P.H.
PRELIMINARY LOCAL CLIMATOLOGICAL DATA (WS FORM: F-6) , PAGE 2
STATION: MERIDIAN
MONTH: MARCH
YEAR: 2021
LATITUDE: 32 19 N
LONGITUDE: 88 45 W
[TEMPERATURE DATA] [PRECIPITATION DATA] SYMBOLS USED IN COLUMN 16
AVERAGE MONTHLY: 60.1 TOTAL FOR MONTH: 12.61 1 = FOG OR MIST
DPTR FM NORMAL: 4.5 DPTR FM NORMAL: 7.19 2 = FOG REDUCING VISIBILITY
HIGHEST: 87 ON 27 GRTST 24HR 3.48 ON 16-16 TO 1/4 MILE OR LESS
LOWEST: 30 ON 8 3 = THUNDER
SNOW, ICE PELLETS, HAIL 4 = ICE PELLETS
TOTAL MONTH: 0.0 INCH 5 = HAIL
GRTST 24HR 0.0 6 = FREEZING RAIN OR DRIZZLE
GRTST DEPTH: 0 7 = DUSTSTORM OR SANDSTORM:
VSBY 1/2 MILE OR LESS
8 = SMOKE OR HAZE
[NO. OF DAYS WITH] [WEATHER - DAYS WITH] 9 = BLOWING SNOW
X = TORNADO
MAX 32 OR BELOW: 0 0.01 INCH OR MORE: 13
MAX 90 OR ABOVE: 0 0.10 INCH OR MORE: 10
MIN 32 OR BELOW: 3 0.50 INCH OR MORE: 7
MIN 0 OR BELOW: 0 1.00 INCH OR MORE: 4
[HDD (BASE 65) ]
TOTAL THIS MO. 196 CLEAR (SCALE 0-3) 13
DPTR FM NORMAL -111 PTCLDY (SCALE 4-7) 12
TOTAL FM JUL 1 2073 CLOUDY (SCALE 8-10) 6
DPTR FM NORMAL -331
[CDD (BASE 65) ]
TOTAL THIS MO. 51
DPTR FM NORMAL 34 [PRESSURE DATA]
TOTAL FM JAN 1 79 HIGHEST SLP 30.55 ON 8
DPTR FM NORMAL 55 LOWEST SLP 29.68 ON 17
[REMARKS]
#FINAL-03-21#