360
CXUS51 KCLE 061501
CLSMFD
CLIMATE REPORT
NATIONAL WEATHER SERVICE CLEVELAND OH
951 AM EST FRI MAR 6 2020
...................................
...THE MANSFIELD OH CLIMATE SUMMARY FOR THE SEASON, FROM
12/1/2019 TO 2/29/2020...
CLIMATE NORMAL PERIOD 1981 TO 2010
CLIMATE RECORD PERIOD 1916 TO 2020
WEATHER OBSERVED NORMAL DEPART
VALUE DATE(S) VALUE FROM
NORMAL
................................................
TEMPERATURE (F)
RECORD
HIGH 74 02/24/2017
LOW -26 01/15/1929
HIGHEST 69 01/11
LOWEST 5 02/15
12/19
AVG. MAXIMUM 41.6 35.2 6.4
AVG. MINIMUM 27.2 20.5 6.7
MEAN 34.4 27.8 6.6
DAYS MAX >= 90 0 0.0
DAYS MAX <= 32 17 36.8
DAYS MIN <= 32 71 76.7
DAYS MIN <= 0 0 5.0
PRECIPITATION (INCHES)
RECORD
MAXIMUM 20.95 1950
MINIMUM 2.70 1977
TOTALS 10.10 8.55 1.55
DAYS >= .01 42 42.7
DAYS >= .10 27 20.1
DAYS >= .50 6 4.8
DAYS >= 1.00 2 1.4
SNOWFALL (INCHES)
RECORDS
TOTAL 77.3 2010
TOTALS 13.0 35.2
DAYS >= TRACE 38
DAYS >= 1.0 5 11.2
DEGREE_DAYS
HEATING TOTAL 2758 3343 -585
COOLING TOTAL 0 0 0
.................................................
WIND (MPH)
HIGHEST GUST SPEED/DIRECTION 66/230 DATE 12/30
SKY COVER
POSSIBLE SUNSHINE (PERCENT) MM
NUMBER OF DAYS FAIR 19
NUMBER OF DAYS PC 25
NUMBER OF DAYS CLOUDY 47
WEATHER CONDITIONS. NUMBER OF DAYS WITH
THUNDERSTORM 1 MIXED PRECIP 0
HEAVY RAIN 3 RAIN 13
LIGHT RAIN 25 FREEZING RAIN 4
LT FREEZING RAIN 9 HAIL 0
HEAVY SNOW 1 SNOW 5
LIGHT SNOW 35 SLEET 0
FOG 59 FOG W/VIS <= 1/4 MILE 9
HAZE 26
- INDICATES NEGATIVE NUMBERS.
R INDICATES RECORD WAS SET OR TIED.
MM INDICATES DATA IS MISSING.
T INDICATES TRACE AMOUNT.
$$