000
CXUS53 KGRB 281518
CF6MFI
PRELIMINARY LOCAL CLIMATOLOGICAL DATA (WS FORM: F-6)
STATION: MARSHFIELD WI
MONTH: FEBRUARY
YEAR: 2023
LATITUDE: 44 37 N
LONGITUDE: 90 11 W
TEMPERATURE IN F: :PCPN: SNOW: WIND :SUNSHINE: SKY :PK WND
================================================================================
1 2 3 4 5 6A 6B 7 8 9 10 11 12 13 14 15 16 17 18
12Z AVG MX 2MIN
DY MAX MIN AVG DEP HDD CDD WTR SNW DPTH SPD SPD DIR MIN PSBL S-S WX SPD DR
================================================================================
1 19 -2 9 -6 56 0 0.00 0.0 5 5.2 13 230 M M 2 16 240
2 16 -7 5 -10 60 0 T T 5 15.1 29 320 M M 2 8 38 340
3 4 -16 -6 -21 71 0 0.00 0.0 5 7.9 16 170 M M 5 22 330
4 27 0 14 -1 51 0 0.00 0.0 5 8.1 18 180 M M 2 22 180
5 26 9 18 2 47 0 0.00 0.0 5 6.7 18 330 M M 3 1 23 330
6 36 6 21 5 44 0 0.08 T 5 8.8 23 130 M M 3 1268 36 140
7 37 24 31 15 34 0 0.00 0.0 4 11.9 21 280 M M 6 1 30 270
8 45 20 33 17 32 0 0.00 0.0 4 4.9 12 240 M M 0 1 15 210
9 39 26 33 17 32 0 0.00 0.0 3 11.5 28 340 M M 6 37 350
10 30 12 21 4 44 0 0.00 0.0 3 11.2 24 320 M M 0 32 330
11 41 15 28 11 37 0 0.00 0.0 3 10.4 23 230 M M 0 32 240
12 42 18 30 13 35 0 0.00 0.0 3 5.0 10 320 M M 0 13 250
13 41 25 33 15 32 0 0.00 0.0 2 8.1 21 310 M M 1 28 330
14 42 26 34 16 31 0 0.26 0.0 1 11.9 24 160 M M 5 1 34 150
15 42 25 34 16 31 0 0.02 T 0 15.0 28 300 M M 10 1 41 300
16 26 14 20 1 45 0 0.00 0.0 T 10.1 17 350 M M 7 27 360
17 27 8 18 -1 47 0 0.00 0.0 T 9.2 18 230 M M 1 25 220
18 39 17 28 9 37 0 0.00 0.0 T 7.3 16 170 M M 0 25 220
19 40 24 32 12 33 0 0.00 0.0 T 10.1 21 320 M M 1 18 25 310
20 34 15 25 5 40 0 T T T 9.1 24 270 M M 6 12 38 270
21 25 11 18 -2 47 0 0.05 0.5 T 10.4 28 290 M M 10 18 41 280
22 22 16 19 -2 46 0 0.21 4.0 4 17.8 28 60 M M 10 12 38 50
23 21 0 11 -10 54 0 0.39 6.0 8 11.2 26 70 M M 10 128 35 80
24 14 -9 3 -19 62 0 0.06 1.3 9 5.0 10 310 M M 4 1 13 300
25 28 12 20 -2 45 0 0.07 2.1 10 9.1 17 220 M M 5 18 24 240
26 30 7 19 -3 46 0 0.00 0.0 9 6.9 15 110 M M 0 21 110
27 33 25 29 6 36 0 0.64 0.2 7 13.2 28 80 M M 8 16 39 70
28 39 25 32 9 33 0 0.00 0.0 6 7.5 21 320 M M 4 1 30 320
================================================================================
SM 865 346 1208 0 1.78 14.1 268.6 M 111
================================================================================
AV 30.9 12.4 9.6 FASTST M M 4 MAX(MPH)
MISC ----> 29 320 # 41 300
================================================================================
NOTES:
# LAST OF SEVERAL OCCURRENCES
COLUMN 17 PEAK WIND IN M.P.H.
PRELIMINARY LOCAL CLIMATOLOGICAL DATA (WS FORM: F-6) , PAGE 2
STATION: MARSHFIELD WI
MONTH: FEBRUARY
YEAR: 2023
LATITUDE: 44 37 N
LONGITUDE: 90 11 W
[TEMPERATURE DATA] [PRECIPITATION DATA] SYMBOLS USED IN COLUMN 16
AVERAGE MONTHLY: 21.6 TOTAL FOR MONTH: 1.78 1 = FOG OR MIST
DPTR FM NORMAL: 3.1 DPTR FM NORMAL: 1.27 2 = FOG REDUCING VISIBILITY
HIGHEST: 45 ON 8 GRTST 24HR 0.64 ON 27-27 TO 1/4 MILE OR LESS
LOWEST: -16 ON 3 3 = THUNDER
SNOW, ICE PELLETS, HAIL 4 = ICE PELLETS
TOTAL MONTH: 14.1 INCHES 5 = HAIL
GRTST 24HR 6.0 ON 23-23 6 = FREEZING RAIN OR DRIZZLE
GRTST DEPTH: 10 ON 25 7 = DUSTSTORM OR SANDSTORM:
VSBY 1/2 MILE OR LESS
8 = SMOKE OR HAZE
[NO. OF DAYS WITH] [WEATHER - DAYS WITH] 9 = BLOWING SNOW
X = TORNADO
MAX 32 OR BELOW: 14 0.01 INCH OR MORE: 9
MAX 90 OR ABOVE: 0 0.10 INCH OR MORE: 4
MIN 32 OR BELOW: 28 0.50 INCH OR MORE: 1
MIN 0 OR BELOW: 6 1.00 INCH OR MORE: 0
[HDD (BASE 65) ]
TOTAL THIS MO. 1208 CLEAR (SCALE 0-3) 12
DPTR FM NORMAL -95 PTCLDY (SCALE 4-7) 11
TOTAL FM JUL 1 5589 CLOUDY (SCALE 8-10) 5
DPTR FM NORMAL -447
[CDD (BASE 65) ]
TOTAL THIS MO. 0
DPTR FM NORMAL 0 [PRESSURE DATA]
TOTAL FM JAN 1 0 HIGHEST SLP 30.72 ON 24
DPTR FM NORMAL 0 LOWEST SLP 29.16 ON 15
[REMARKS]
#FINAL-02-23#