000
CXUS53 KGRB 031755
CF6MFI
PRELIMINARY LOCAL CLIMATOLOGICAL DATA (WS FORM: F-6)
STATION: MARSHFIELD WI
MONTH: JANUARY
YEAR: 2021
LATITUDE: 44 37 N
LONGITUDE: 90 11 W
TEMPERATURE IN F: :PCPN: SNOW: WIND :SUNSHINE: SKY :PK WND
================================================================================
1 2 3 4 5 6A 6B 7 8 9 10 11 12 13 14 15 16 17 18
12Z AVG MX 2MIN
DY MAX MIN AVG DEP HDD CDD WTR SNW DPTH SPD SPD DIR MIN PSBL S-S WX SPD DR
================================================================================
1 23 9 16 1 49 0 0.00 0.0 4 5.8 14 180 M M 9 1 18 180
2 26 18 22 7 43 0 0.00 0.0 4 3.8 9 190 M M 10 12 11 190
3 25 22 24 9 41 0 0.00 0.0 4 6.2 13 220 M M 10 12 15 220
4 30 22 26 11 39 0 0.01 0.2 4 8.5 14 310 M M 10 12 19 320
5 29 20 25 10 40 0 0.00 0.0 4 3.2 14 310 M M 10 12 19 300
6 24 16 20 5 45 0 0.00 0.0 4 5.6 10 80 M M 10 12 13 80
7 28 17 23 9 42 0 T T 4 4.7 9 140 M M 10 12 12 90
8 27 13 20 6 45 0 0.00 0.0 5 5.7 10 340 M M 7 1 13 360
9 22 16 19 5 46 0 0.00 0.0 4 5.8 10 320 M M 9 12 13 280
10 21 17 19 5 46 0 0.00 0.0 4 6.9 13 250 M M 10 1 18 250
11 34 20 27 13 38 0 0.00 0.0 4 8.4 15 250 M M 8 1 20 240
12 29 20 25 11 40 0 0.00 0.0 4 3.8 10 240 M M 8 12 14 270
13 38 20 29 15 36 0 0.00 0.0 4 3.9 10 280 M M 3 1 13 290
14 35 26 31 17 34 0 0.05 T 3 9.9 16 80 M M 7 18 23 90
15 36 32 34 20 31 0 0.36 1.3 4 9.4 20 80 M M 10 168 28 80
16 34 26 30 16 35 0 T T 3 9.7 17 320 M M 10 18 23 320
17 29 21 25 11 40 0 0.01 0.1 3 5.7 13 330 M M 10 1 16 330
18 25 13 19 5 46 0 T T 3 9.0 20 320 M M 9 1 23 320
19 19 4 12 -2 53 0 0.01 0.2 3 9.8 21 320 M M 8 8 26 320
20 33 1 17 3 48 0 0.00 0.0 3 11.6 25 190 M M 1 37 180
21 33 7 20 6 45 0 0.00 0.0 3 17.7 29 340 M M 2 45 280
22 12 0 6 -8 59 0 0.00 0.0 3 9.2 20 310 M M 3 24 310
23 20 -4 8 -6 57 0 M M 3 4.2 14 170 M M 4 1 19 170
24 24 6 15 0 50 0 0.13 2.6 5 6.5 10 340 M M 5 18 14 340
25 20 6 13 -2 52 0 0.00 0.0 5 7.4 17 50 M M 2 1 23 50
26 22 8 15 0 50 0 0.00 0.0 4 10.7 18 20 M M 7 27 30
27 17 -1 8 -7 57 0 0.00 0.0 4 6.9 13 320 M M 0 15 320
28 17 -1 8 -7 57 0 0.00 0.0 4 3.5 8 110 M M 8 12 30
29 24 8 16 1 49 0 0.00 0.0 4 9.2 16 110 M M 8 23 130
30 32 23 28 13 37 0 T T 4 16.2 24 110 M M 8 1 34 120
31 30 21 26 11 39 0 0.13 1.3 4 9.0 17 70 M M 10 18 24 90
================================================================================
SM 818 426 1389 0 0.70 5.7 237.9 M 226
================================================================================
AV 26.4 13.7 7.7 FASTST M M 7 MAX(MPH)
MISC ----> 29 340 45 280
================================================================================
NOTES:
# LAST OF SEVERAL OCCURRENCES
COLUMN 17 PEAK WIND IN M.P.H.
PRELIMINARY LOCAL CLIMATOLOGICAL DATA (WS FORM: F-6) , PAGE 2
STATION: MARSHFIELD WI
MONTH: JANUARY
YEAR: 2021
LATITUDE: 44 37 N
LONGITUDE: 90 11 W
[TEMPERATURE DATA] [PRECIPITATION DATA] SYMBOLS USED IN COLUMN 16
AVERAGE MONTHLY: 20.1 TOTAL FOR MONTH: 0.70 1 = FOG OR MIST
DPTR FM NORMAL: 5.5 DPTR FM NORMAL: 0.07 2 = FOG REDUCING VISIBILITY
HIGHEST: 38 ON 13 GRTST 24HR 0.39 ON 30-31 TO 1/4 MILE OR LESS
LOWEST: -4 ON 23 3 = THUNDER
SNOW, ICE PELLETS, HAIL 4 = ICE PELLETS
TOTAL MONTH: 5.7 INCHES 5 = HAIL
GRTST 24HR 2.6 ON 24-24 6 = FREEZING RAIN OR DRIZZLE
GRTST DEPTH: 5 ON 24, 8 7 = DUSTSTORM OR SANDSTORM:
VSBY 1/2 MILE OR LESS
8 = SMOKE OR HAZE
[NO. OF DAYS WITH] [WEATHER - DAYS WITH] 9 = BLOWING SNOW
X = TORNADO
MAX 32 OR BELOW: 24 0.01 INCH OR MORE: 7
MAX 90 OR ABOVE: 0 0.10 INCH OR MORE: 3
MIN 32 OR BELOW: 31 0.50 INCH OR MORE: 0
MIN 0 OR BELOW: 4 1.00 INCH OR MORE: 0
[HDD (BASE 65) ]
TOTAL THIS MO. 1389 CLEAR (SCALE 0-3) 6
DPTR FM NORMAL -173 PTCLDY (SCALE 4-7) 9
TOTAL FM JUL 1 4449 CLOUDY (SCALE 8-10) 16
DPTR FM NORMAL -382
[CDD (BASE 65) ]
TOTAL THIS MO. 0
DPTR FM NORMAL 0 [PRESSURE DATA]
TOTAL FM JAN 1 0 HIGHEST SLP 30.72 ON 28
DPTR FM NORMAL 0 LOWEST SLP 29.35 ON 15
[REMARKS]
#FINAL-01-21#