000
CXUS54 KBMX 051447
CLMMGM
CLIMATE REPORT
NATIONAL WEATHER SERVICE BIRMINGHAM AL
947 AM CDT WED APR 05 2023
...................................
...THE MONTGOMERY CLIMATE SUMMARY FOR THE MONTH OF MARCH 2023...
CLIMATE NORMAL PERIOD 1991 TO 2020
CLIMATE RECORD PERIOD 1872 TO 2023
WEATHER OBSERVED NORMAL DEPART LAST YEAR`S
VALUE DATE(S) VALUE FROM VALUE DATE(S)
NORMAL
................................................................
TEMPERATURE (F)
RECORD
HIGH 90 03/24/1929
03/21/1907
LOW 17 03/14/1993
HIGHEST 90R 03/25 MM MM 86 03/06
03/30
LOWEST 27 03/20 MM MM 25 03/13
AVG. MAXIMUM 74.4 71.9 2.5 73.6
AVG. MINIMUM 49.4 46.5 2.9 45.9
MEAN 61.9 59.8
DAYS MAX >= 90 1 0.0 1.0 0
DAYS MAX <= 32 0 0.0 0.0 0
DAYS MIN <= 32 3 2.2 0.8 3
DAYS MIN <= 0 0 0.0 0.0 0
PRECIPITATION (INCHES)
RECORD
MAXIMUM 16.51 1909
MINIMUM 0.72 1887
TOTALS 4.50 5.21 -0.71 5.39
DAILY AVG. 0.15 0.17 -0.02 0.17
DAYS >= .01 9 9.1 -0.1 12
DAYS >= .10 5 6.5 -1.5 10
DAYS >= .50 3 3.5 -0.5 2
DAYS >= 1.00 1 1.7 -0.7 2
DEGREE DAYS
HEATING TOTAL 174 218 -44 181
SINCE 7/1 1456 1916 -460 MM
COOLING TOTAL 86 38 48 27
SINCE 1/1 174 52 122 MM
................................................................
WIND (MPH)
AVERAGE WIND SPEED 6.9
HIGHEST WIND SPEED/DIRECTION 32/190 DATE 03/03
HIGHEST GUST SPEED/DIRECTION 45/210 DATE 03/03
AVERAGE RH (PERCENT) 65
WEATHER CONDITIONS. NUMBER OF DAYS WITH
THUNDERSTORM 5 MIXED PRECIP 0
HEAVY RAIN 5 RAIN 4
LIGHT RAIN 9 FREEZING RAIN 0
LT FREEZING RAIN 0 HAIL 0
HEAVY SNOW 0 SNOW 0
LIGHT SNOW 0 SLEET 0
FOG 8 FOG W/VIS <= 1/4 MILE 0
HAZE 1
- INDICATES NEGATIVE NUMBERS.
R INDICATES RECORD WAS SET OR TIED.
MM INDICATES DATA IS MISSING.
T INDICATES TRACE AMOUNT.
$$