000
CXUS54 KBMX 041548
CLMMGM
CLIMATE REPORT
NATIONAL WEATHER SERVICE BIRMINGHAM AL
948 AM CST MON DEC 04 2023
...................................
...THE MONTGOMERY CLIMATE SUMMARY FOR THE MONTH OF NOVEMBER 2023...
CLIMATE NORMAL PERIOD 1991 TO 2020
CLIMATE RECORD PERIOD 1872 TO 2023
WEATHER OBSERVED NORMAL DEPART LAST YEAR`S
VALUE DATE(S) VALUE FROM VALUE DATE(S)
NORMAL
................................................................
TEMPERATURE (F)
RECORD
HIGH 91 11/01/2016
LOW 13 11/25/1950
HIGHEST 82 11/07 MM MM 87 11/06
11/08
11/09
11/07
LOWEST 26 11/29 MM MM 23 11/18
AVG. MAXIMUM 68.2 69.8 -1.6 69.4
AVG. MINIMUM 44.4 43.3 1.1 45.1
MEAN 56.3 57.2
DAYS MAX >= 90 0 0.0 0.0 0
DAYS MAX <= 32 0 0.0 0.0 0
DAYS MIN <= 32 3 4.5 -1.5 6
DAYS MIN <= 0 0 0.0 0.0 0
PRECIPITATION (INCHES)
RECORD
MAXIMUM 21.32 1948
MINIMUM 0.00 2017
TOTALS 3.75 3.85 -0.10 4.47
DAILY AVG. 0.13 0.13 0.00 0.15
DAYS >= .01 8 7.0 1.0 11
DAYS >= .10 6 5.0 1.0 7
DAYS >= .50 1 2.9 -1.9 4
DAYS >= 1.00 1 1.2 -0.2 1
DEGREE DAYS
HEATING TOTAL 261 277 -16 255
SINCE 7/1 309 349 -40 MM
COOLING TOTAL 7 24 -17 30
SINCE 1/1 2716 2532 184 MM
................................................................
WIND (MPH)
AVERAGE WIND SPEED 5.6
HIGHEST WIND SPEED/DIRECTION 28/130 DATE 11/21
HIGHEST GUST SPEED/DIRECTION 40/130 DATE 11/21
AVERAGE RH (PERCENT) 70
WEATHER CONDITIONS. NUMBER OF DAYS WITH
THUNDERSTORM 0 MIXED PRECIP 0
HEAVY RAIN 3 RAIN 6
LIGHT RAIN 8 FREEZING RAIN 0
LT FREEZING RAIN 0 HAIL 0
HEAVY SNOW 0 SNOW 0
LIGHT SNOW 0 SLEET 0
FOG 12 FOG W/VIS <= 1/4 MILE 3
HAZE 2
- INDICATES NEGATIVE NUMBERS.
R INDICATES RECORD WAS SET OR TIED.
MM INDICATES DATA IS MISSING.
T INDICATES TRACE AMOUNT.
$$