000
CXUS53 KTOP 010810
CF6MHK
PRELIMINARY LOCAL CLIMATOLOGICAL DATA (WS FORM: F-6)
STATION: MANHATTAN KS
MONTH: OCTOBER
YEAR: 2022
LATITUDE: 39 9 N
LONGITUDE: 96 40 W
TEMPERATURE IN F: :PCPN: SNOW: WIND :SUNSHINE: SKY :PK WND
================================================================================
1 2 3 4 5 6A 6B 7 8 9 10 11 12 13 14 15 16 17 18
12Z AVG MX 2MIN
DY MAX MIN AVG DEP HDD CDD WTR SNW DPTH SPD SPD DIR MIN PSBL S-S WX SPD DR
================================================================================
1 82 50 66 3 0 1 0.00 M M 4.7 15 120 M M 0 23 120
2 83 44 64 2 1 0 0.00 M M 2.5 13 100 M M 0 18 120
3 86 46 66 4 0 1 0.00 M M 5.5 16 180 M M 0 22 160
4 87 49 68 7 0 3 0.00 M M 3.9 18 200 M M 2 27 220
5 81 51 66 5 0 1 T M M 3.2 12 330 M M 2 8 19 320
6 84 45 65 5 0 0 0.00 M M 6.0 16 30 M M 0 24 20
7 54 40 47 -13 18 0 0.05 M M 6.0 15 30 M M 5 1 21 40
8 67 39 53 -7 12 0 0.00 M M 3.7 14 230 M M 5 22 210
9 78 36 57 -2 8 0 0.00 M M 2.8 13 260 M M 0 21 230
10 83 36 60 1 5 0 0.00 M M 3.9 16 210 M M 1 22 210
11 86 63 75 17 0 10 T M M 16.4 30 220 M M 2 40 220
12 75 46 61 3 4 0 0.78 M M 7.0 25 340 M M 2 13 44 340
13 67 37 52 -5 13 0 0.00 M M 7.5 23 280 M M 0 38 260
14 81 33 57 0 8 0 0.00 M M 8.4 22 230 M M 1 34 250
15 74 35 55 -1 10 0 0.00 M M 3.2 14 230 M M 0 19 230
16 66 40 53 -3 12 0 0.00 M M 4.4 13 20 M M 2 25 30
17 54 28 41 -15 24 0 0.00 M M 5.2 13 360 M M 0 25 300
18 47 22 35 -20 30 0 0.00 M M 5.2 15 30 M M 0 25 30
19 65 19 42 -13 23 0 0.00 M M 2.4 12 220 M M 0 16 210
20 80 29 55 1 10 0 0.00 M M 3.1 14 260 M M 0 18 21 240
21 90 35 63 9 2 0 0.00 M M 7.5 21 210 M M 0 29 200
22 86 54 70 16 0 5 0.00 M M 11.4 22 170 M M 0 33 180
23 88 70 79 26 0 14 T M M 19.1 33 170 M M 0 3 50 190
24 78 35 57 4 8 0 0.36 M M 5.9 29 190 M M 6 1 47 210
25 63 35 49 -3 16 0 0.00 M M 3.9 17 320 M M 1 1 31 330
26 67 29 48 -4 17 0 0.00 M M 4.1 14 140 M M 0 19 160
27 66 46 56 5 9 0 0.09 M M 9.0 23 160 M M 4 31 150
28 68 39 54 3 11 0 0.00 M M 3.2 13 50 M M 2 17 50
29 69 34 52 2 13 0 0.00 M M 2.0 9 70 M M 0 11 70
30 68 45 57 7 8 0 0.00 M M 2.3 10 40 M M 0 17 30
31 72 39 56 6 9 0 0.00 M M 2.1 9 260 M M 1 14 260
================================================================================
SM 2295 1249 271 35 1.28 M 175.5 M 36
================================================================================
AV 74.0 40.3 5.7 FASTST M M 1 MAX(MPH)
MISC ----> 33 170 50 190
================================================================================
NOTES:
# LAST OF SEVERAL OCCURRENCES
COLUMN 17 PEAK WIND IN M.P.H.
PRELIMINARY LOCAL CLIMATOLOGICAL DATA (WS FORM: F-6) , PAGE 2
STATION: MANHATTAN KS
MONTH: OCTOBER
YEAR: 2022
LATITUDE: 39 9 N
LONGITUDE: 96 40 W
[TEMPERATURE DATA] [PRECIPITATION DATA] SYMBOLS USED IN COLUMN 16
AVERAGE MONTHLY: 57.2 TOTAL FOR MONTH: 1.28 1 = FOG OR MIST
DPTR FM NORMAL: 1.1 DPTR FM NORMAL: -0.90 2 = FOG REDUCING VISIBILITY
HIGHEST: 90 ON 21 GRTST 24HR 0.78 ON 11-12 TO 1/4 MILE OR LESS
LOWEST: 19 ON 19 3 = THUNDER
SNOW, ICE PELLETS, HAIL 4 = ICE PELLETS
TOTAL MONTH: M 5 = HAIL
GRTST 24HR M ON M 6 = FREEZING RAIN OR DRIZZLE
GRTST DEPTH: M ON M 7 = DUSTSTORM OR SANDSTORM:
VSBY 1/2 MILE OR LESS
8 = SMOKE OR HAZE
[NO. OF DAYS WITH] [WEATHER - DAYS WITH] 9 = BLOWING SNOW
X = TORNADO
MAX 32 OR BELOW: 0 0.01 INCH OR MORE: 4
MAX 90 OR ABOVE: 1 0.10 INCH OR MORE: 2
MIN 32 OR BELOW: 5 0.50 INCH OR MORE: 1
MIN 0 OR BELOW: 0 1.00 INCH OR MORE: 0
[HDD (BASE 65) ]
TOTAL THIS MO. 271 CLEAR (SCALE 0-3) 27
DPTR FM NORMAL -35 PTCLDY (SCALE 4-7) 4
TOTAL FM JUL 1 293 CLOUDY (SCALE 8-10) 0
DPTR FM NORMAL -75
[CDD (BASE 65) ]
TOTAL THIS MO. 35
DPTR FM NORMAL 5 [PRESSURE DATA]
TOTAL FM JAN 1 1749 HIGHEST SLP M ON M
DPTR FM NORMAL 261 LOWEST SLP 29.36 ON 23
[REMARKS]
#FINAL-10-22#