000
CXUS56 KMFR 250930
CF6MHS
PRELIMINARY LOCAL CLIMATOLOGICAL DATA (WS FORM: F-6)
STATION: MT SHASTA CITY CA
MONTH: APRIL
YEAR: 2024
LATITUDE: 41 19 N
LONGITUDE: 122 19 W
TEMPERATURE IN F: :PCPN: SNOW: WIND :SUNSHINE: SKY :PK WND
================================================================================
1 2 3 4 5 6A 6B 7 8 9 10 11 12 13 14 15 16 17 18
12Z AVG MX 2MIN
DY MAX MIN AVG DEP HDD CDD WTR SNW DPTH SPD SPD DIR MIN PSBL S-S WX SPD DR
================================================================================
1 68 37 53 9 12 0 0.00 M M 3.6 12 300 M M 0 23 300
2 77 37 57 13 8 0 0.00 M M 2.6 9 130 M M 0 19 130
3 54 46 50 6 15 0 0.04 M M 3.3 5 110 M M 8 M M
4 45 32 39 -6 26 0 0.00 M M 4.7 9 300 M M 6 20 300
5 49 29 39 -6 26 0 T M M 4.3 13 300 M M 5 26 330
6 M M M M M M 0.00 M M M M M M M M M M
7 50 30 40 -5 25 0 0.00 M M 2.3 7 310 M M 5 M M
8 62 31 47 2 18 0 0.00 M M 2.4 12 290 M M 0 22 280
9 72 33 53 8 12 0 0.00 M M 3.0 10 300 M M 0 18 290
10 74 35 55 9 10 0 0.00 M M 2.8 8 280 M M 0 15 280
11 74 35 55 9 10 0 0.00 M M 1.2 8 130 M M 1 17 150
12 56 40 48 2 17 0 0.40 M M 2.3 9 130 M M 9 1 17 110
13 49 35 42 -4 23 0 0.48 M M 1.4 9 130 M M 9 1 20 130
14 41 32 37 -9 28 0 1.34 M M 1.7 8 280 M M 10 12 17 100
15 61 33 47 0 18 0 0.00 M M 3.7 8 320 M M 3 1 M M
16 67 33 50 3 15 0 0.00 M M 3.5 7 99 M M 0 M M
17 63 36 50 3 15 0 0.00 M M 2.8 10 290 M M 0 19 300
18 69 31 50 3 15 0 0.00 M M 2.2 9 280 M M 0 17 280
19 76 35 56 8 9 0 0.00 M M 1.3 8 280 M M 0 14 300
20 75 38 57 9 8 0 0.00 M M 0.7 8 120 M M 1 14 120
21 69 42 56 8 9 0 0.00 M M 3.1 9 300 M M 0 19 300
22 75 37 56 8 9 0 0.00 M M 1.7 10 280 M M 0 17 290
23 75 42 59 10 6 0 0.00 M M 1.2 10 130 M M 3 21 150
24 63 47 55 6 10 0 0.05 M M 1.2 7 140 M M 10 1 18 130
================================================================================
SM 1464 826 344 0 2.31 M 57.1 M 70
================================================================================
AV 63.7 35.9 2.5 FASTST M M 3 MAX(MPH)
MISC ----> 13 300 26 330
================================================================================
NOTES:
# LAST OF SEVERAL OCCURRENCES
COLUMN 17 PEAK WIND IN M.P.H.
PRELIMINARY LOCAL CLIMATOLOGICAL DATA (WS FORM: F-6) , PAGE 2
STATION: MT SHASTA CITY CA
MONTH: APRIL
YEAR: 2024
LATITUDE: 41 19 N
LONGITUDE: 122 19 W
[TEMPERATURE DATA] [PRECIPITATION DATA] SYMBOLS USED IN COLUMN 16
AVERAGE MONTHLY: 49.8 TOTAL FOR MONTH: 2.31 1 = FOG OR MIST
DPTR FM NORMAL: 3.5 DPTR FM NORMAL: -0.22 2 = FOG REDUCING VISIBILITY
HIGHEST: 77 ON 2 GRTST 24HR 1.68 ON 13-14 TO 1/4 MILE OR LESS
LOWEST: 29 ON 5 3 = THUNDER
SNOW, ICE PELLETS, HAIL 4 = ICE PELLETS
TOTAL MONTH: M 5 = HAIL
GRTST 24HR M ON M 6 = FREEZING RAIN OR DRIZZLE
GRTST DEPTH: M ON M 7 = DUSTSTORM OR SANDSTORM:
VSBY 1/2 MILE OR LESS
8 = SMOKE OR HAZE
[NO. OF DAYS WITH] [WEATHER - DAYS WITH] 9 = BLOWING SNOW
X = TORNADO
MAX 32 OR BELOW: 0 0.01 INCH OR MORE: 5
MAX 90 OR ABOVE: 0 0.10 INCH OR MORE: 3
MIN 32 OR BELOW: 6 0.50 INCH OR MORE: 1
MIN 0 OR BELOW: 0 1.00 INCH OR MORE: 1
[HDD (BASE 65) ]
TOTAL THIS MO. 344 CLEAR (SCALE 0-3) 14
DPTR FM NORMAL -106 PTCLDY (SCALE 4-7) 4
TOTAL FM JUL 1 4507 CLOUDY (SCALE 8-10) 6
DPTR FM NORMAL -567
[CDD (BASE 65) ]
TOTAL THIS MO. 0
DPTR FM NORMAL 0 [PRESSURE DATA]
TOTAL FM JAN 1 0 HIGHEST SLP M ON M
DPTR FM NORMAL 0 LOWEST SLP 29.64 ON 12
[REMARKS]