000
CXUS56 KMFR 010930
CF6MHS
PRELIMINARY LOCAL CLIMATOLOGICAL DATA (WS FORM: F-6)
STATION: MT SHASTA CITY CA
MONTH: MAY
YEAR: 2021
LATITUDE: 41 19 N
LONGITUDE: 122 19 W
TEMPERATURE IN F: :PCPN: SNOW: WIND :SUNSHINE: SKY :PK WND
================================================================================
1 2 3 4 5 6A 6B 7 8 9 10 11 12 13 14 15 16 17 18
12Z AVG MX 2MIN
DY MAX MIN AVG DEP HDD CDD WTR SNW DPTH SPD SPD DIR MIN PSBL S-S WX SPD DR
================================================================================
1 73 47 60 9 5 0 0.00 M M 5.4 13 340 M M 2 23 340
2 66 44 55 4 10 0 0.00 M M 5.5 13 300 M M 1 23 290
3 69 41 55 3 10 0 0.00 M M 4.9 12 290 M M 0 23 290
4 74 45 60 8 5 0 0.00 M M 3.7 9 310 M M 0 8 22 320
5 82 38 60 8 5 0 0.00 M M 0.8 6 210 M M 0 11 220
6 77 49 63 11 2 0 0.00 M M 3.2 12 350 M M 2 21 340
7 61 41 51 -2 14 0 0.00 M M 6.7 15 300 M M 2 25 300
8 65 37 51 -2 14 0 0.00 M M 6.2 9 340 M M 0 24 340
9 66 42 54 1 11 0 0.00 M M 6.5 13 350 M M 0 24 330
10 73 40 57 3 8 0 0.00 M M 3.4 10 310 M M 0 17 330
11 80 44 62 8 3 0 0.00 M M 2.0 8 300 M M 0 13 320
12 85 43 64 10 1 0 T M M 1.3 7 80 M M 1 12 130
13 85 44 65 11 0 0 0.00 M M 1.0 6 330 M M 0 10 340
14 76 47 62 7 3 0 0.48 M M 3.1 12 300 M M 2 1 20 270
15 76 52 64 9 1 0 T M M 4.9 12 340 M M 4 22 350
16 82 49 66 11 0 1 0.00 M M 2.1 9 300 M M 0 20 310
17 79 44 62 7 3 0 0.00 M M 1.5 9 80 M M 1 8 15 90
18 73 42 58 2 7 0 0.00 M M 2.3 8 340 M M 1 16 290
19 61 35 48 -8 17 0 0.03 M M 6.4 14 350 M M 4 18 26 350
20 52 33 43 -13 22 0 0.04 M M 7.1 14 350 M M 7 18 25 340
21 57 38 48 -8 17 0 0.00 M M 6.7 13 330 M M 8 25 300
22 64 39 52 -4 13 0 0.09 M M 4.1 14 340 M M 7 1 26 340
23 72 38 55 -2 10 0 0.00 M M 2.5 12 290 M M 0 22 310
24 75 36 56 -1 9 0 0.01 M M 1.0 6 50 M M 2 11 210
25 69 40 55 -2 10 0 0.00 M M 4.0 10 340 M M 0 20 350
26 79 37 58 1 7 0 0.00 M M 0.6 6 60 M M 0 9 280
27 78 41 60 3 5 0 0.00 M M 1.8 9 340 M M 1 18 340
28 77 44 61 3 4 0 0.00 M M 2.6 8 300 M M 0 14 310
29 85 45 65 7 0 0 0.00 M M 3.4 9 350 M M 0 17 320
30 85 52 69 11 0 4 0.00 M M 3.1 6 99 M M 0 M M
31 91 55 73 15 0 8 0.00 M M 1.3 7 70 M M 0 14 360
================================================================================
SM 2287 1322 216 13 0.65 M 109.1 M 45
================================================================================
AV 73.8 42.6 3.5 FASTST M M 1 MAX(MPH)
MISC ----> 15 300 # 26 350
================================================================================
NOTES:
# LAST OF SEVERAL OCCURRENCES
COLUMN 17 PEAK WIND IN M.P.H.
PRELIMINARY LOCAL CLIMATOLOGICAL DATA (WS FORM: F-6) , PAGE 2
STATION: MT SHASTA CITY CA
MONTH: MAY
YEAR: 2021
LATITUDE: 41 19 N
LONGITUDE: 122 19 W
[TEMPERATURE DATA] [PRECIPITATION DATA] SYMBOLS USED IN COLUMN 16
AVERAGE MONTHLY: 58.2 TOTAL FOR MONTH: 0.65 1 = FOG OR MIST
DPTR FM NORMAL: 3.3 DPTR FM NORMAL: -1.45 2 = FOG REDUCING VISIBILITY
HIGHEST: 91 ON 31 GRTST 24HR 0.48 ON 14-14 TO 1/4 MILE OR LESS
LOWEST: 33 ON 20 3 = THUNDER
SNOW, ICE PELLETS, HAIL 4 = ICE PELLETS
TOTAL MONTH: M 5 = HAIL
GRTST 24HR M ON M 6 = FREEZING RAIN OR DRIZZLE
GRTST DEPTH: M ON M 7 = DUSTSTORM OR SANDSTORM:
VSBY 1/2 MILE OR LESS
8 = SMOKE OR HAZE
[NO. OF DAYS WITH] [WEATHER - DAYS WITH] 9 = BLOWING SNOW
X = TORNADO
MAX 32 OR BELOW: 0 0.01 INCH OR MORE: 5
MAX 90 OR ABOVE: 1 0.10 INCH OR MORE: 1
MIN 32 OR BELOW: 0 0.50 INCH OR MORE: 0
MIN 0 OR BELOW: 0 1.00 INCH OR MORE: 0
[HDD (BASE 65) ]
TOTAL THIS MO. 216 CLEAR (SCALE 0-3) 26
DPTR FM NORMAL -107 PTCLDY (SCALE 4-7) 5
TOTAL FM JUL 1 4891 CLOUDY (SCALE 8-10) 0
DPTR FM NORMAL -598
[CDD (BASE 65) ]
TOTAL THIS MO. 13
DPTR FM NORMAL 5 [PRESSURE DATA]
TOTAL FM JAN 1 13 HIGHEST SLP M ON M
DPTR FM NORMAL 5 LOWEST SLP 29.85 ON 16
[REMARKS]
#FINAL-05-21#