000
CXUS52 KMFL 011030
CF6MIA
PRELIMINARY LOCAL CLIMATOLOGICAL DATA (WS FORM: F-6)
STATION: MIAMI
MONTH: AUGUST
YEAR: 2021
LATITUDE: 25 49 N
LONGITUDE: 80 17 W
TEMPERATURE IN F: :PCPN: SNOW: WIND :SUNSHINE: SKY :PK WND
================================================================================
1 2 3 4 5 6A 6B 7 8 9 10 11 12 13 14 15 16 17 18
12Z AVG MX 2MIN
DY MAX MIN AVG DEP HDD CDD WTR SNW DPTH SPD SPD DIR MIN PSBL S-S WX SPD DR
================================================================================
1 92 81 87 3 0 22 T 0.0 0 5.0 15 120 M M 6 3 20 150
2 91 76 84 0 0 19 0.24 0.0 0 3.6 20 180 M M 7 13 26 180
3 89 73 81 -3 0 16 1.46 0.0 0 7.2 21 330 M M 9 13 30 330
4 91 74 83 -1 0 18 0.64 0.0 0 4.1 14 130 M M 9 13 21 120
5 92 78 85 1 0 20 T M M 4.5 17 220 M M 7 3 21 220
6 91 81 86 2 0 21 0.00 M M 7.7 17 130 M M 5 25 140
7 90 77 84 0 0 19 0.03 0.0 M 4.6 15 130 M M 6 3 21 120
8 91 79 85 1 0 20 0.07 0.0 M 4.8 20 220 M M 6 138 22 220
9 91 82 87 3 0 22 0.18 0.0 0 8.5 20 90 M M 5 9 23 90
10 92 79 86 2 0 21 0.04 0.0 0 9.4 20 90 M M 5 3 23 90
11 92 80 86 2 0 21 0.01 M M 9.5 17 80 M M 6 3 27 100
12 92 75 84 0 0 19 0.93 0.0 0 9.2 30 90 M M 6 123 43 70
13 90 76 83 -1 0 18 0.44 0.0 0 9.6 25 110 M M 9 13 32 110
14 88 76 82 -2 0 17 0.65 0.0 0 12.0 24 110 M M 10 13 32 170
15 87 76 82 -2 0 17 0.63 0.0 0 10.1 25 110 M M 10 1 31 110
16 91 79 85 1 0 20 0.03 0.0 0 6.1 16 120 M M 7 3 21 110
17 92 80 86 2 0 21 T 0.0 0 9.7 21 100 M M 5 25 110
18 92 83 88 4 0 23 0.00 0.0 0 12.8 21 100 M M 5 26 90
19 92 81 87 3 0 22 0.15 M M 6.8 15 100 M M 4 8 21 80
20 92 78 85 1 0 20 0.00 M M 4.2 14 130 M M 4 19 120
21 91 79 85 1 0 20 0.00 M M 7.1 15 130 M M 3 20 130
22 92 82 87 3 0 22 0.00 0.0 0 7.2 16 120 M M 6 23 130
23 92 82 87 3 0 22 0.02 0.0 0 7.9 17 120 M M 8 24 150
24 91 84 88 4 0 23 0.00 0.0 0 10.6 21 110 M M 8 25 130
25 91 74 83 -1 0 18 0.12 0.0 0 12.4 30 80 M M 7 13 37 90
26 90 74 82 -2 0 17 0.20 M M 10.4 22 230 M M 8 13 27 220
27 91 78 85 1 0 20 0.01 0.0 0 13.0 21 100 M M 8 1 28 120
28 91 84 88 4 0 23 0.00 0.0 0 13.2 21 110 M M 9 28 120
29 91 81 86 2 0 21 0.02 0.0 0 8.5 16 120 M M 6 22 140
30 90 77 84 0 0 19 0.43 0.0 0 3.7 17 120 M M 5 3 21 210
31 94 74 84 0 0 19 0.99 M M 3.1 17 130 M M 6 13 22 260
================================================================================
SM 2822 2433 0 620 7.29 0.0 246.5 M 205
================================================================================
AV 91.0 78.5 8.0 FASTST M M 7 MAX(MPH)
MISC ----> # 30 90 43 70
================================================================================
NOTES:
# LAST OF SEVERAL OCCURRENCES
COLUMN 17 PEAK WIND IN M.P.H.
PRELIMINARY LOCAL CLIMATOLOGICAL DATA (WS FORM: F-6) , PAGE 2
STATION: MIAMI
MONTH: AUGUST
YEAR: 2021
LATITUDE: 25 49 N
LONGITUDE: 80 17 W
[TEMPERATURE DATA] [PRECIPITATION DATA] SYMBOLS USED IN COLUMN 16
AVERAGE MONTHLY: 84.8 TOTAL FOR MONTH: 7.29 1 = FOG OR MIST
DPTR FM NORMAL: 0.6 DPTR FM NORMAL: -2.29 2 = FOG REDUCING VISIBILITY
HIGHEST: 94 ON 31 GRTST 24HR 2.10 ON 3- 4 TO 1/4 MILE OR LESS
LOWEST: 73 ON 3 3 = THUNDER
SNOW, ICE PELLETS, HAIL 4 = ICE PELLETS
TOTAL MONTH: 0.0 INCH 5 = HAIL
GRTST 24HR 0.0 6 = FREEZING RAIN OR DRIZZLE
GRTST DEPTH: 0 7 = DUSTSTORM OR SANDSTORM:
VSBY 1/2 MILE OR LESS
8 = SMOKE OR HAZE
[NO. OF DAYS WITH] [WEATHER - DAYS WITH] 9 = BLOWING SNOW
X = TORNADO
MAX 32 OR BELOW: 0 0.01 INCH OR MORE: 21
MAX 90 OR ABOVE: 28 0.10 INCH OR MORE: 13
MIN 32 OR BELOW: 0 0.50 INCH OR MORE: 6
MIN 0 OR BELOW: 0 1.00 INCH OR MORE: 1
[HDD (BASE 65) ]
TOTAL THIS MO. 0 CLEAR (SCALE 0-3) 0
DPTR FM NORMAL 0 PTCLDY (SCALE 4-7) 22
TOTAL FM JUL 1 0 CLOUDY (SCALE 8-10) 9
DPTR FM NORMAL 0
[CDD (BASE 65) ]
TOTAL THIS MO. 620
DPTR FM NORMAL 25 [PRESSURE DATA]
TOTAL FM JAN 1 3358 HIGHEST SLP 30.15 ON 10
DPTR FM NORMAL 223 LOWEST SLP 29.88 ON 31
[REMARKS]
#FINAL-08-21#