000
CXUS53 KIND 010700
CF6MIE
PRELIMINARY LOCAL CLIMATOLOGICAL DATA (WS FORM: F-6)
STATION: MUNCIE IN
MONTH: FEBRUARY
YEAR: 2024
LATITUDE: 40 13 N
LONGITUDE: 85 23 W
TEMPERATURE IN F: :PCPN: SNOW: WIND :SUNSHINE: SKY :PK WND
================================================================================
1 2 3 4 5 6A 6B 7 8 9 10 11 12 13 14 15 16 17 18
12Z AVG MX 2MIN
DY MAX MIN AVG DEP HDD CDD WTR SNW DPTH SPD SPD DIR MIN PSBL S-S WX SPD DR
================================================================================
1 52 36 44 15 21 0 0.00 M M 9.7 17 230 M M 1 27 230
2 45 32 39 10 26 0 0.00 M M 10.7 17 80 M M 10 18 25 70
3 38 29 34 5 31 0 0.00 M M 9.2 16 110 M M 6 1 20 70
4 45 26 36 7 29 0 0.00 M M 8.4 17 60 M M 2 18 22 60
5 44 24 34 5 31 0 0.00 M M 7.9 16 70 M M 2 18 20 70
6 44 28 36 6 29 0 0.00 M M 7.9 15 80 M M 6 1 21 60
7 52 24 38 8 27 0 0.00 M M 3.6 9 160 M M 0 13 160
8 62 46 54 24 11 0 0.00 M M 12.3 26 190 M M 1 37 200
9 66 52 59 29 6 0 0.00 M M 12.2 21 210 M M 4 33 210
10 56 34 45 15 20 0 0.01 M M 9.1 16 320 M M 3 1 22 230
11 46 26 36 5 29 0 0.00 M M 4.6 13 30 M M 0 22 30
12 47 26 37 6 28 0 0.00 M M 5.8 17 20 M M 0 22 10
13 47 28 38 7 27 0 0.00 M M 9.7 21 310 M M 3 29 280
14 47 30 39 7 26 0 0.00 M M 5.8 10 130 M M 4 14 60
15 48 30 39 7 26 0 T M M 12.1 29 280 M M 4 42 290
16 31 20 26 -6 39 0 0.21 M M 6.3 14 310 M M 8 128 18 320
17 21 14 18 -14 47 0 0.00 M M 11.5 20 250 M M 3 1 27 260
18 35 14 25 -8 40 0 0.00 M M 11.8 22 240 M M 0 31 240
19 43 14 29 -4 36 0 0.00 M M 5.0 13 200 M M 0 18 16 210
20 55 23 39 6 26 0 0.00 M M 6.4 14 190 M M 0 20 160
21 63 38 51 17 14 0 0.00 M M 11.4 23 190 M M 1 38 210
22 56 39 48 14 17 0 0.33 M M 5.9 15 190 M M 8 123 24 110
23 52 34 43 9 22 0 T M M 8.8 18 280 M M 3 18 24 280
24 41 23 32 -3 33 0 0.06 M M 9.4 24 50 M M 5 1 35 40
25 55 27 41 6 24 0 0.00 M M 11.1 22 210 M M 0 32 210
26 70 37 54 19 11 0 0.00 M M 7.9 17 190 M M 0 31 210
27 67 58 63 27 2 0 0.00 M M 13.9 17 190 M M 5 35 210
28 65 25 45 9 20 0 0.11 M M 16.6 30 290 M M 6 138 42 290
29 42 20 31 -5 34 0 0.00 M M 6.0 12 280 M M 0 18 260
================================================================================
SM 1435 857 732 0 0.72 M 261.0 M 85
================================================================================
AV 49.5 29.6 9.0 FASTST M M 3 MAX(MPH)
MISC ----> 30 290 # 42 290
================================================================================
NOTES:
# LAST OF SEVERAL OCCURRENCES
COLUMN 17 PEAK WIND IN M.P.H.
PRELIMINARY LOCAL CLIMATOLOGICAL DATA (WS FORM: F-6) , PAGE 2
STATION: MUNCIE IN
MONTH: FEBRUARY
YEAR: 2024
LATITUDE: 40 13 N
LONGITUDE: 85 23 W
[TEMPERATURE DATA] [PRECIPITATION DATA] SYMBOLS USED IN COLUMN 16
AVERAGE MONTHLY: 39.5 TOTAL FOR MONTH: 0.72 1 = FOG OR MIST
DPTR FM NORMAL: 7.6 DPTR FM NORMAL: -1.55 2 = FOG REDUCING VISIBILITY
HIGHEST: 70 ON 26 GRTST 24HR 0.33 ON 22-22 TO 1/4 MILE OR LESS
LOWEST: 14 ON 19,18 3 = THUNDER
SNOW, ICE PELLETS, HAIL 4 = ICE PELLETS
TOTAL MONTH: M 5 = HAIL
GRTST 24HR M ON M 6 = FREEZING RAIN OR DRIZZLE
GRTST DEPTH: M ON M 7 = DUSTSTORM OR SANDSTORM:
VSBY 1/2 MILE OR LESS
8 = SMOKE OR HAZE
[NO. OF DAYS WITH] [WEATHER - DAYS WITH] 9 = BLOWING SNOW
X = TORNADO
MAX 32 OR BELOW: 2 0.01 INCH OR MORE: 5
MAX 90 OR ABOVE: 0 0.10 INCH OR MORE: 3
MIN 32 OR BELOW: 20 0.50 INCH OR MORE: 0
MIN 0 OR BELOW: 0 1.00 INCH OR MORE: 0
[HDD (BASE 65) ]
TOTAL THIS MO. 732 CLEAR (SCALE 0-3) 18
DPTR FM NORMAL -195 PTCLDY (SCALE 4-7) 10
TOTAL FM JUL 1 3365 CLOUDY (SCALE 8-10) 1
DPTR FM NORMAL -728
[CDD (BASE 65) ]
TOTAL THIS MO. 0
DPTR FM NORMAL 0 [PRESSURE DATA]
TOTAL FM JAN 1 0 HIGHEST SLP M ON M
DPTR FM NORMAL 0 LOWEST SLP 29.29 ON 28
[REMARKS]
#FINAL-02-24#