000
CXUS53 KEAX 010736
CF6MKC
PRELIMINARY LOCAL CLIMATOLOGICAL DATA (WS FORM: F-6)
STATION: DOWNTOWN KANSAS CITY MO
MONTH: JUNE
YEAR: 2022
LATITUDE: 39 7 N
LONGITUDE: 94 36 W
TEMPERATURE IN F: :PCPN: SNOW: WIND :SUNSHINE: SKY :PK WND
================================================================================
1 2 3 4 5 6A 6B 7 8 9 10 11 12 13 14 15 16 17 18
12Z AVG MX 2MIN
DY MAX MIN AVG DEP HDD CDD WTR SNW DPTH SPD SPD DIR MIN PSBL S-S WX SPD DR
================================================================================
1 71 55 63 -9 2 0 0.09 M M 7.1 16 320 M M 5 13 25 330
2 75 53 64 -9 1 0 0.00 M M 5.1 15 340 M M 0 23 330
3 82 56 69 -4 0 4 0.00 M M 5.1 12 170 M M 0 17 160
4 77 60 69 -4 0 4 T M M 7.1 18 160 M M 4 26 170
5 79 65 72 -2 0 7 0.00 M M 6.9 17 180 M M 2 23 180
6 86 67 77 3 0 12 0.01 M M 5.7 14 230 M M 4 3 20 240
7 85 68 77 3 0 12 0.06 M M 6.7 14 50 M M 3 13 19 50
8 79 63 71 -4 0 6 0.34 M M 6.2 32 290 M M 4 13 47 310
9 82 60 71 -4 0 6 0.00 M M 3.4 13 190 M M 2 8 17 200
10 85 65 75 0 0 10 0.04 M M 5.1 23 170 M M 6 3 34 170
11 91 68 80 4 0 15 T M M 5.3 16 170 M M 1 13 24 140
12 92 76 84 8 0 19 T M M 7.5 20 160 M M 1 28 140
13 99 80 90 14 0 25 0.01 M M 15.9 26 200 M M 0 38 200
14 94 81 88 12 0 23 0.00 M M 16.8 25 200 M M 1 36 190
15 92 78 85 8 0 20 T M M 13.0 26 200 M M 3 3 36 220
16 96 76 86 9 0 21 0.00 M M 7.6 15 210 M M 2 21 210
17 96 74 85 8 0 20 T M M 6.9 33 340 M M 2 3 42 340
18 95 79 87 10 0 22 0.00 M M 8.8 16 130 M M 1 23 120
19 93 75 84 6 0 19 0.00 M M 9.1 17 150 M M 1 24 140
20 93 72 83 5 0 18 0.00 M M 10.9 18 180 M M 0 27 160
21 98 70 84 6 0 19 0.54 M M 12.3 30 250 M M 2 13 46 310
22 84 70 77 -1 0 12 T M M 4.3 13 320 M M 2 20 340
23 83 70 77 -1 0 12 T M M 5.4 15 240 M M 2 21 260
24 89 70 80 1 0 15 0.49 M M 8.5 18 310 M M 3 13 28 140
25 93 77 85 6 0 20 T M M 10.3 22 210 M M 1 3 31 210
26 79 65 72 -7 0 7 0.00 M M 9.6 20 340 M M 2 28 340
27 82 59 71 -8 0 6 0.00 M M 3.7 12 90 M M 0 17 100
28 86 63 75 -4 0 10 0.00 M M 6.9 15 210 M M 1 24 210
29 92 66 79 -1 0 14 0.00 M M 8.5 17 210 M M 0 23 210
30 92 68 80 0 0 15 0.00 M M 11.5 23 200 M M 0 31 200
================================================================================
SM 2620 2049 3 393 1.58 M 241.2 M 55
================================================================================
AV 87.3 68.3 8.0 FASTST M M 2 MAX(MPH)
MISC ----> 33 340 47 310
================================================================================
NOTES:
# LAST OF SEVERAL OCCURRENCES
COLUMN 17 PEAK WIND IN M.P.H.
PRELIMINARY LOCAL CLIMATOLOGICAL DATA (WS FORM: F-6) , PAGE 2
STATION: DOWNTOWN KANSAS CITY MO
MONTH: JUNE
YEAR: 2022
LATITUDE: 39 7 N
LONGITUDE: 94 36 W
[TEMPERATURE DATA] [PRECIPITATION DATA] SYMBOLS USED IN COLUMN 16
AVERAGE MONTHLY: 77.8 TOTAL FOR MONTH: 1.58 1 = FOG OR MIST
DPTR FM NORMAL: 1.3 DPTR FM NORMAL: -3.75 2 = FOG REDUCING VISIBILITY
HIGHEST: 99 ON 13 GRTST 24HR 0.54 ON 21-21 TO 1/4 MILE OR LESS
LOWEST: 53 ON 2 3 = THUNDER
SNOW, ICE PELLETS, HAIL 4 = ICE PELLETS
TOTAL MONTH: M 5 = HAIL
GRTST 24HR M ON M 6 = FREEZING RAIN OR DRIZZLE
GRTST DEPTH: M ON M 7 = DUSTSTORM OR SANDSTORM:
VSBY 1/2 MILE OR LESS
8 = SMOKE OR HAZE
[NO. OF DAYS WITH] [WEATHER - DAYS WITH] 9 = BLOWING SNOW
X = TORNADO
MAX 32 OR BELOW: 0 0.01 INCH OR MORE: 8
MAX 90 OR ABOVE: 14 0.10 INCH OR MORE: 3
MIN 32 OR BELOW: 0 0.50 INCH OR MORE: 1
MIN 0 OR BELOW: 0 1.00 INCH OR MORE: 0
[HDD (BASE 65) ]
TOTAL THIS MO. 3 CLEAR (SCALE 0-3) 25
DPTR FM NORMAL -1 PTCLDY (SCALE 4-7) 5
TOTAL FM JUL 1 4318 CLOUDY (SCALE 8-10) 0
DPTR FM NORMAL -292
[CDD (BASE 65) ]
TOTAL THIS MO. 393
DPTR FM NORMAL 44 [PRESSURE DATA]
TOTAL FM JAN 1 586 HIGHEST SLP M ON M
DPTR FM NORMAL 70 LOWEST SLP 29.57 ON 11
[REMARKS]
#FINAL-06-22#