608
CXUS55 KEAX 010836
CF6MKC
PRELIMINARY LOCAL CLIMATOLOGICAL DATA (WS FORM: F-6)
STATION: DOWNTOWN KANSAS CITY MO
MONTH: DECEMBER
YEAR: 2020
LATITUDE: 39 7 N
LONGITUDE: 94 36 W
TEMPERATURE IN F: :PCPN: SNOW: WIND :SUNSHINE: SKY :PK WND
================================================================================
1 2 3 4 5 6A 6B 7 8 9 10 11 12 13 14 15 16 17 18
12Z AVG MX 2MIN
DY MAX MIN AVG DEP HDD CDD WTR SNW DPTH SPD SPD DIR MIN PSBL S-S WX SPD DR
================================================================================
1 52 22 37 -1 28 0 0.00 M M 5.1 15 120 M M 0 8 22 140
2 50 30 40 2 25 0 0.00 M M 4.1 9 50 M M 0 13 80
3 42 28 35 -2 30 0 T M M 3.3 10 350 M M 6 13 330
4 55 26 41 4 24 0 0.00 M M 4.0 12 280 M M 0 16 270
5 52 28 40 4 25 0 0.00 M M 3.7 14 280 M M 0 18 280
6 49 28 39 3 26 0 0.00 M M 6.1 14 350 M M 0 19 350
7 54 31 43 7 22 0 0.00 M M 4.1 12 310 M M 4 18 16 310
8 55 27 41 6 24 0 0.00 M M 2.5 10 220 M M 3 12 14 240
9 68 33 51 16 14 0 0.00 M M 3.1 12 300 M M 0 15 310
10 69 35 52 17 13 0 0.00 M M 1.9 8 210 M M 0 11 200
11 46 39 43 9 22 0 T M M 6.1 13 250 M M 9 1 18 270
12 40 33 37 3 28 0 T M M 10.1 16 330 M M 10 1 22 320
13 36 24 30 -4 35 0 0.00 M M 7.8 17 330 M M 9 23 340
14 36 19 28 -6 37 0 0.00 M M 5.2 10 90 M M 1 14 310
15 30 23 27 -6 38 0 0.00 M M 7.7 14 90 M M 4 21 80
16 32 23 28 -5 37 0 0.00 M M 4.2 10 210 M M 7 18 13 310
17 48 24 36 3 29 0 0.00 M M 5.4 13 200 M M 2 15 200
18 56 33 45 12 20 0 0.00 M M 12.8 30 210 M M 1 42 200
19 42 26 34 1 31 0 0.00 M M 5.0 13 310 M M 3 18 20 270
20 52 24 38 6 27 0 0.00 M M 5.5 21 230 M M 0 33 240
21 59 33 46 14 19 0 0.00 M M 7.2 18 290 M M 0 29 230
22 64 29 47 15 18 0 0.00 M M 10.5 26 180 M M 0 41 160
23 59 23 41 9 24 0 T M M 20.5 32 190 M M 5 50 240
24 26 13 20 -12 45 0 T M M 13.9 22 300 M M 1 36 290
25 37 9 23 -9 42 0 0.00 M M 4.8 13 210 M M 0 18 220
26 59 21 40 8 25 0 0.00 M M 2.7 10 210 M M 0 16 200
27 53 36 45 13 20 0 0.00 M M 10.9 22 320 M M 3 30 310
28 40 28 34 3 31 0 0.00 M M 5.9 16 330 M M 4 25 310
29 37 28 33 2 32 0 0.66 M M 9.0 17 110 M M 10 16 26 110
30 36 25 31 0 34 0 0.00 M M 7.4 16 290 M M 3 1 21 300
31 36 19 28 -3 37 0 0.00 M M 5.4 14 50 M M 0 23 40
================================================================================
SM 1470 820 862 0 0.66 M 205.9 M 85
================================================================================
AV 47.4 26.5 6.6 FASTST M M 3 MAX(MPH)
MISC ----> 32 190 50 240
================================================================================
NOTES:
# LAST OF SEVERAL OCCURRENCES
COLUMN 17 PEAK WIND IN M.P.H.
PRELIMINARY LOCAL CLIMATOLOGICAL DATA (WS FORM: F-6) , PAGE 2
STATION: DOWNTOWN KANSAS CITY MO
MONTH: DECEMBER
YEAR: 2020
LATITUDE: 39 7 N
LONGITUDE: 94 36 W
[TEMPERATURE DATA] [PRECIPITATION DATA] SYMBOLS USED IN COLUMN 16
AVERAGE MONTHLY: 36.9 TOTAL FOR MONTH: 0.66 1 = FOG OR MIST
DPTR FM NORMAL: 3.2 DPTR FM NORMAL: -1.09 2 = FOG REDUCING VISIBILITY
HIGHEST: 69 ON 10 GRTST 24HR 0.66 ON 29-29 TO 1/4 MILE OR LESS
LOWEST: 9 ON 25 3 = THUNDER
SNOW, ICE PELLETS, HAIL 4 = ICE PELLETS
TOTAL MONTH: M 5 = HAIL
GRTST 24HR M ON M 6 = FREEZING RAIN OR DRIZZLE
GRTST DEPTH: M ON M 7 = DUSTSTORM OR SANDSTORM:
VSBY 1/2 MILE OR LESS
8 = SMOKE OR HAZE
[NO. OF DAYS WITH] [WEATHER - DAYS WITH] 9 = BLOWING SNOW
X = TORNADO
MAX 32 OR BELOW: 3 0.01 INCH OR MORE: 1
MAX 90 OR ABOVE: 0 0.10 INCH OR MORE: 1
MIN 32 OR BELOW: 24 0.50 INCH OR MORE: 1
MIN 0 OR BELOW: 0 1.00 INCH OR MORE: 0
[HDD (BASE 65) ]
TOTAL THIS MO. 862 CLEAR (SCALE 0-3) 20
DPTR FM NORMAL -108 PTCLDY (SCALE 4-7) 7
TOTAL FM JUL 1 1732 CLOUDY (SCALE 8-10) 4
DPTR FM NORMAL -116
[CDD (BASE 65) ]
TOTAL THIS MO. 0
DPTR FM NORMAL 0 [PRESSURE DATA]
TOTAL FM JAN 1 1652 HIGHEST SLP 30.49 ON 28
DPTR FM NORMAL -19 LOWEST SLP 29.42 ON 23
[REMARKS]
#FINAL-12-20#