000
CXUS54 KMEG 010900
CF6MKL
PRELIMINARY LOCAL CLIMATOLOGICAL DATA (WS FORM: F-6)
STATION: JACKSON
MONTH: SEPTEMBER
YEAR: 2023
LATITUDE: 35 35 N
LONGITUDE: 88 55 W
TEMPERATURE IN F: :PCPN: SNOW: WIND :SUNSHINE: SKY :PK WND
================================================================================
1 2 3 4 5 6A 6B 7 8 9 10 11 12 13 14 15 16 17 18
12Z AVG MX 2MIN
DY MAX MIN AVG DEP HDD CDD WTR SNW DPTH SPD SPD DIR MIN PSBL S-S WX SPD DR
================================================================================
1 86 54 70 -6 0 5 0.00 M M 2.5 9 330 M M 1 1 13 330
2 84 69 77 1 0 12 0.00 M M 4.2 12 170 M M 6 18 170
3 88 68 78 2 0 13 0.00 M M 3.3 10 170 M M 4 1 18 200
4 92 68 80 5 0 15 0.00 M M 4.7 14 330 M M 2 1 19 200
5 93 71 82 7 0 17 0.09 M M 4.7 16 230 M M 4 13 21 230
6 89 70 80 5 0 15 T M M 6.6 14 300 M M 2 3 22 290
7 84 58 71 -3 0 6 0.00 M M 4.3 12 10 M M 0 18 17 10
8 84 54 69 -5 0 4 0.00 M M 3.5 13 20 M M 1 1 18 70
9 84 59 72 -2 0 7 0.00 M M 5.6 16 340 M M 1 25 340
10 85 57 71 -3 0 6 0.00 M M 4.5 14 20 M M 2 1 21 10
11 87 57 72 -1 0 7 0.00 M M 1.9 9 340 M M 0 1 12 310
12 74 61 68 -5 0 3 0.05 M M 2.9 12 70 M M 5 1 16 60
13 83 55 69 -4 0 4 0.00 M M 5.2 15 30 M M 5 1 21 360
14 81 52 67 -5 0 2 0.00 M M 4.0 17 70 M M 0 23 60
15 85 49 67 -5 0 2 0.00 M M 3.2 13 30 M M 1 1 19 80
16 85 60 73 1 0 8 0.26 M M 4.1 15 10 M M 3 1 22 350
17 83 54 69 -2 0 4 0.00 M M 4.1 15 330 M M 2 1 21 340
18 82 50 66 -5 0 1 0.00 M M 3.5 15 350 M M 0 1 27 270
19 83 49 66 -5 0 1 0.00 M M 2.3 9 70 M M 0 1 14 70
20 84 56 70 0 0 5 0.44 M M 3.7 18 200 M M 2 13 25 210
21 84 61 73 3 0 8 0.15 M M 3.6 10 210 M M 5 1 15 170
22 85 58 72 2 0 7 0.00 M M 2.8 13 200 M M 1 17 210
23 88 57 73 4 0 8 0.00 M M 1.0 9 90 M M 0 13 80
24 87 57 72 3 0 7 0.00 M M 1.9 7 80 M M 0 11 180
25 89 58 74 5 0 9 0.01 M M 2.8 12 40 M M 4 15 40
26 91 57 74 6 0 9 0.00 M M 1.5 8 60 M M 0 13 50
27 90 59 75 7 0 10 0.00 M M 4.5 14 190 M M 1 21 170
28 88 68 78 10 0 13 0.00 M M 6.4 16 190 M M 2 3 24 190
29 90 61 76 9 0 11 0.00 M M 2.6 10 240 M M 0 16 230
30 90 61 76 9 0 11 0.00 M M 2.0 10 70 M M 1 15 50
================================================================================
SM 2578 1768 0 230 1.00 M 107.9 M 55
================================================================================
AV 85.9 58.9 3.6 FASTST M M 2 MAX(MPH)
MISC ----> 18 200 27 270
================================================================================
NOTES:
# LAST OF SEVERAL OCCURRENCES
COLUMN 17 PEAK WIND IN M.P.H.
PRELIMINARY LOCAL CLIMATOLOGICAL DATA (WS FORM: F-6) , PAGE 2
STATION: JACKSON
MONTH: SEPTEMBER
YEAR: 2023
LATITUDE: 35 35 N
LONGITUDE: 88 55 W
[TEMPERATURE DATA] [PRECIPITATION DATA] SYMBOLS USED IN COLUMN 16
AVERAGE MONTHLY: 72.4 TOTAL FOR MONTH: 1.00 1 = FOG OR MIST
DPTR FM NORMAL: 0.7 DPTR FM NORMAL: -2.58 2 = FOG REDUCING VISIBILITY
HIGHEST: 93 ON 5 GRTST 24HR 0.59 ON 20-21 TO 1/4 MILE OR LESS
LOWEST: 49 ON 19,15 3 = THUNDER
SNOW, ICE PELLETS, HAIL 4 = ICE PELLETS
TOTAL MONTH: 0.0 INCH 5 = HAIL
GRTST 24HR M ON M 6 = FREEZING RAIN OR DRIZZLE
GRTST DEPTH: 0 7 = DUSTSTORM OR SANDSTORM:
VSBY 1/2 MILE OR LESS
8 = SMOKE OR HAZE
[NO. OF DAYS WITH] [WEATHER - DAYS WITH] 9 = BLOWING SNOW
X = TORNADO
MAX 32 OR BELOW: 0 0.01 INCH OR MORE: 6
MAX 90 OR ABOVE: 6 0.10 INCH OR MORE: 3
MIN 32 OR BELOW: 0 0.50 INCH OR MORE: 0
MIN 0 OR BELOW: 0 1.00 INCH OR MORE: 0
[HDD (BASE 65) ]
TOTAL THIS MO. 0 CLEAR (SCALE 0-3) 23
DPTR FM NORMAL -22 PTCLDY (SCALE 4-7) 7
TOTAL FM JUL 1 0 CLOUDY (SCALE 8-10) 0
DPTR FM NORMAL -19
[CDD (BASE 65) ]
TOTAL THIS MO. 230
DPTR FM NORMAL 7 [PRESSURE DATA]
TOTAL FM JAN 1 1631 HIGHEST SLP 30.18 ON 30
DPTR FM NORMAL -25 LOWEST SLP 29.86 ON 6
[REMARKS]
#FINAL-09-23#