000
CXUS54 KTSA 010950
CF6MKO
PRELIMINARY LOCAL CLIMATOLOGICAL DATA (WS FORM: F-6)
STATION: MUSKOGEE OKLAHOMA
MONTH: NOVEMBER
YEAR: 2020
LATITUDE: 35 40 N
LONGITUDE: 95 22 W
TEMPERATURE IN F: :PCPN: SNOW: WIND :SUNSHINE: SKY :PK WND
================================================================================
1 2 3 4 5 6A 6B 7 8 9 10 11 12 13 14 15 16 17 18
12Z AVG MX 2MIN
DY MAX MIN AVG DEP HDD CDD WTR SNW DPTH SPD SPD DIR MIN PSBL S-S WX SPD DR
================================================================================
1 62 35 49 -8 16 0 0.00 0.0 M 6.8 20 10 M M 0 25 360
2 65 30 48 -8 17 0 0.00 0.0 M 6.5 17 210 M M 0 23 210
3 77 40 59 3 6 0 0.00 0.0 M 7.8 15 200 M M 0 21 200
4 75 47 61 5 4 0 0.00 0.0 M 8.8 20 190 M M 0 29 180
5 76 51 64 9 1 0 0.00 0.0 M 7.1 14 180 M M 0 1 21 170
6 76 50 63 8 2 0 0.00 0.0 M 6.9 14 150 M M 1 12 19 170
7 76 47 62 8 3 0 0.00 0.0 M 7.0 16 110 M M 0 22 160
8 78 58 68 14 0 3 T 0.0 M 10.4 22 170 M M 5 1 33 170
9 80 62 71 17 0 6 0.00 0.0 M 10.8 25 190 M M 6 1 37 180
10 71 38 55 2 10 0 0.06 0.0 M 10.1 24 270 M M 5 1 33 200
11 65 33 49 -4 16 0 0.00 0.0 M 3.1 9 30 M M 0 8 12 20
12 69 41 55 3 10 0 0.00 0.0 M 10.9 25 360 M M 3 33 340
13 66 35 51 -1 14 0 T 0.0 M 7.2 17 360 M M 3 23 360
14 78 52 65 14 0 0 0.78 0.0 M 14.2 32 330 M M 6 13 44 340
15 61 38 50 -1 15 0 0.00 0.0 M 8.8 30 320 M M 0 8 40 320
16 70 34 52 2 13 0 0.00 0.0 M 5.8 15 210 M M 0 21 210
17 70 36 53 3 12 0 0.00 0.0 M 6.7 17 140 M M 0 23 150
18 71 41 56 6 9 0 0.00 0.0 M 11.8 24 180 M M 0 33 190
19 74 51 63 14 2 0 0.00 0.0 M 12.8 28 190 M M 0 42 180
20 74 57 66 17 0 1 0.00 0.0 M 9.9 22 180 M M 4 33 180
21 69 49 59 11 6 0 T 0.0 M 5.4 17 340 M M 9 1 22 310
22 54 36 45 -3 20 0 0.04 0.0 M 9.2 21 360 M M 8 1 26 360
23 57 30 44 -3 21 0 0.00 0.0 M 9.4 20 130 M M 5 12 27 140
24 58 49 54 7 11 0 0.42 0.0 M 12.1 25 270 M M 8 13 36 280
25 57 34 46 0 19 0 0.00 0.0 M 10.9 25 260 M M 5 8 35 250
26 63 33 48 2 17 0 0.00 0.0 M 9.3 17 130 M M 0 1 23 140
27 61 38 50 5 15 0 0.00 0.0 M 8.9 22 360 M M 1 28 360
28 56 31 44 -1 21 0 0.00 0.0 M 6.2 15 120 M M 0 8 22 150
29 51 36 44 -1 21 0 0.03 M M 11.6 30 340 M M 7 1 42 330
30 46 24 35 -9 30 0 0.00 0.0 M 9.2 22 350 M M 0 30 350
================================================================================
SM 2006 1236 331 10 1.33 0.0 265.6 M 76
================================================================================
AV 66.9 41.2 8.9 FASTST M M 3 MAX(MPH)
MISC ----> 32 330 44 340
================================================================================
NOTES:
# LAST OF SEVERAL OCCURRENCES
COLUMN 17 PEAK WIND IN M.P.H.
PRELIMINARY LOCAL CLIMATOLOGICAL DATA (WS FORM: F-6) , PAGE 2
STATION: MUSKOGEE OKLAHOMA
MONTH: NOVEMBER
YEAR: 2020
LATITUDE: 35 40 N
LONGITUDE: 95 22 W
[TEMPERATURE DATA] [PRECIPITATION DATA] SYMBOLS USED IN COLUMN 16
AVERAGE MONTHLY: 54.0 TOTAL FOR MONTH: 1.33 1 = FOG OR MIST
DPTR FM NORMAL: 3.4 DPTR FM NORMAL: -2.67 2 = FOG REDUCING VISIBILITY
HIGHEST: 80 ON 9 GRTST 24HR 0.78 ON 13-14 TO 1/4 MILE OR LESS
LOWEST: 24 ON 30 3 = THUNDER
SNOW, ICE PELLETS, HAIL 4 = ICE PELLETS
TOTAL MONTH: 0.0 INCH 5 = HAIL
GRTST 24HR 0.0 6 = FREEZING RAIN OR DRIZZLE
GRTST DEPTH: M ON M 7 = DUSTSTORM OR SANDSTORM:
VSBY 1/2 MILE OR LESS
8 = SMOKE OR HAZE
[NO. OF DAYS WITH] [WEATHER - DAYS WITH] 9 = BLOWING SNOW
X = TORNADO
MAX 32 OR BELOW: 0 0.01 INCH OR MORE: 5
MAX 90 OR ABOVE: 0 0.10 INCH OR MORE: 2
MIN 32 OR BELOW: 4 0.50 INCH OR MORE: 1
MIN 0 OR BELOW: 0 1.00 INCH OR MORE: 0
[HDD (BASE 65) ]
TOTAL THIS MO. 331 CLEAR (SCALE 0-3) 19
DPTR FM NORMAL -107 PTCLDY (SCALE 4-7) 9
TOTAL FM JUL 1 582 CLOUDY (SCALE 8-10) 2
DPTR FM NORMAL -33
[CDD (BASE 65) ]
TOTAL THIS MO. 10
DPTR FM NORMAL 4 [PRESSURE DATA]
TOTAL FM JAN 1 1812 HIGHEST SLP 30.57 ON 1
DPTR FM NORMAL -33 LOWEST SLP 29.57 ON 14
[REMARKS]
#FINAL-11-20#