000
CXUS52 KMLB 141534
CF6MLB
PRELIMINARY LOCAL CLIMATOLOGICAL DATA (WS FORM: F-6)
STATION: MELBOURNE
MONTH: JULY
YEAR: 2023
LATITUDE: 28 6 N
LONGITUDE: 80 39 W
TEMPERATURE IN F: :PCPN: SNOW: WIND :SUNSHINE: SKY :PK WND
================================================================================
1 2 3 4 5 6A 6B 7 8 9 10 11 12 13 14 15 16 17 18
12Z AVG MX 2MIN
DY MAX MIN AVG DEP HDD CDD WTR SNW DPTH SPD SPD DIR MIN PSBL S-S WX SPD DR
================================================================================
1 89 74 82 0 0 17 0.00 0.0 0 7.4 16 50 M M 1 21 30
2 90 73 82 0 0 17 0.00 0.0 0 6.8 15 60 M M 1 20 60
3 92 77 85 3 0 20 0.00 0.0 0 6.5 15 140 M M 1 21 90
4 93 77 85 3 0 20 0.00 0.0 0 5.7 14 210 M M 1 3 20 110
5 93 78 86 4 0 21 0.00 0.0 0 5.2 16 100 M M 2 13 21 90
6 94 75 85 3 0 20 0.02 0.0 0 6.5 38 280 M M 3 13 49 270
7 96 75 86 4 0 21 0.74 0.0 0 7.9 33 280 M M 3 123 44 280
8 93 76 85 3 0 20 0.18 0.0 0 10.3 30 290 M M 1 38 42 290
9 96 76 86 4 0 21 0.25 0.0 0 8.2 21 250 M M 2 138 28 230
10 96 76 86 4 0 21 0.03 0.0 0 8.8 24 300 M M 1 13 33 310
11 94 75 85 3 0 20 0.00 0.0 0 7.7 18 300 M M 1 24 300
12 91 77 84 2 0 19 0.36 0.0 0 6.0 32 30 M M 2 138 39 30
13 91 73 82 0 0 17 0.23 0.0 0 4.7 20 250 M M 3 13 26 270
14 93 75 84 2 0 19 0.64 0.0 0 6.7 21 220 M M 2 123 29 220
15 94 76 85 3 0 20 0.47 0.0 0 6.6 20 140 M M 2 138 27 120
16 94 74 84 2 0 19 0.76 0.0 0 7.5 38 280 M M 2 1238 48 290
17 93 74 84 2 0 19 0.16 0.0 0 8.3 36 310 M M 2 13 47 310
18 91 76 84 2 0 19 0.01 0.0 0 6.9 18 290 M M 1 38 26 280
19 90 76 83 1 0 18 0.05 0.0 0 4.4 14 100 M M 2 13 19 90
20 91 79 85 3 0 20 0.00 0.0 0 7.2 16 120 M M 1 22 100
21 97 79 88 6 0 23 0.00 0.0 0 8.1 22 200 M M 2 3 27 210
22 97 73 85 3 0 20 1.35 0.0 0 8.9 33 350 M M 2 13 57 360
23 95 72 84 2 0 19 0.26 0.0 0 6.3 33 290 M M 1 38 47 250
24 95 75 85 3 0 20 0.00 0.0 0 6.4 21 320 M M 1 3 28 320
25 93 74 84 2 0 19 1.95 0.0 0 4.9 22 310 M M 2 123 29 310
26 89 73 81 -1 0 16 0.00 0.0 0 5.7 15 70 M M 0 3 20 90
27 86 75 81 -1 0 16 1.95 0.0 0 4.6 15 30 M M 5 123 20 30
28 86 73 80 -2 0 15 0.77 0.0 0 4.1 13 170 M M 2 138 19 180
29 90 76 83 1 0 18 0.42 0.0 0 4.1 24 300 M M 3 138 34 290
30 93 77 85 3 0 20 0.00 0.0 0 6.9 18 140 M M 1 24 140
31 92 71 82 0 0 17 1.19 0.0 0 5.6 25 340 M M 1 123 33 300
================================================================================
SM 2867 2330 0 591 11.79 0.0 204.9 M 54
================================================================================
AV 92.5 75.2 6.6 FASTST M M 2 MAX(MPH)
MISC ----> # 38 280 57 360
================================================================================
NOTES:
# LAST OF SEVERAL OCCURRENCES
COLUMN 17 PEAK WIND IN M.P.H.
PRELIMINARY LOCAL CLIMATOLOGICAL DATA (WS FORM: F-6) , PAGE 2
STATION: MELBOURNE
MONTH: JULY
YEAR: 2023
LATITUDE: 28 6 N
LONGITUDE: 80 39 W
[TEMPERATURE DATA] [PRECIPITATION DATA] SYMBOLS USED IN COLUMN 16
AVERAGE MONTHLY: 83.8 TOTAL FOR MONTH: 11.79 1 = FOG OR MIST
DPTR FM NORMAL: 2.1 DPTR FM NORMAL: 5.29 2 = FOG REDUCING VISIBILITY
HIGHEST: 97 ON 22,21 GRTST 24HR 2.02 ON 27-28 TO 1/4 MILE OR LESS
LOWEST: 71 ON 31 3 = THUNDER
SNOW, ICE PELLETS, HAIL 4 = ICE PELLETS
TOTAL MONTH: 0.0 INCH 5 = HAIL
GRTST 24HR 0.0 6 = FREEZING RAIN OR DRIZZLE
GRTST DEPTH: 0 7 = DUSTSTORM OR SANDSTORM:
VSBY 1/2 MILE OR LESS
8 = SMOKE OR HAZE
[NO. OF DAYS WITH] [WEATHER - DAYS WITH] 9 = BLOWING SNOW
X = TORNADO
MAX 32 OR BELOW: 0 0.01 INCH OR MORE: 20
MAX 90 OR ABOVE: 27 0.10 INCH OR MORE: 16
MIN 32 OR BELOW: 0 0.50 INCH OR MORE: 8
MIN 0 OR BELOW: 0 1.00 INCH OR MORE: 4
[HDD (BASE 65) ]
TOTAL THIS MO. 0 CLEAR (SCALE 0-3) 30
DPTR FM NORMAL 0 PTCLDY (SCALE 4-7) 1
TOTAL FM JUL 1 0 CLOUDY (SCALE 8-10) 0
DPTR FM NORMAL 0
[CDD (BASE 65) ]
TOTAL THIS MO. 591
DPTR FM NORMAL 73 [PRESSURE DATA]
TOTAL FM JAN 1 2311 HIGHEST SLP 30.18 ON 24
DPTR FM NORMAL 475 LOWEST SLP 29.88 ON 7
[REMARKS]
#FINAL-07-23#