000
CXUS52 KMLB 010625
CF6MLB
PRELIMINARY LOCAL CLIMATOLOGICAL DATA (WS FORM: F-6)
STATION: MELBOURNE
MONTH: MAY
YEAR: 2022
LATITUDE: 28 6 N
LONGITUDE: 80 39 W
TEMPERATURE IN F: :PCPN: SNOW: WIND :SUNSHINE: SKY :PK WND
================================================================================
1 2 3 4 5 6A 6B 7 8 9 10 11 12 13 14 15 16 17 18
12Z AVG MX 2MIN
DY MAX MIN AVG DEP HDD CDD WTR SNW DPTH SPD SPD DIR MIN PSBL S-S WX SPD DR
================================================================================
1 82 74 78 2 0 13 0.00 0.0 0 9.7 17 100 M M 2 3 21 100
2 84 66 75 -1 0 10 0.00 0.0 0 8.4 18 110 M M 2 23 90
3 84 75 80 4 0 15 0.00 0.0 0 9.5 17 100 M M 4 3 21 110
4 86 68 77 1 0 12 0.00 0.0 0 6.7 15 90 M M 1 1 18 70
5 90 68 79 3 0 14 0.00 0.0 0 7.4 15 110 M M 1 18 120
6 94 72 83 6 0 18 0.00 0.0 0 10.1 18 250 M M 1 1 24 250
7 88 72 80 3 0 15 0.18 0.0 0 15.2 25 220 M M 1 13 34 220
8 90 70 80 3 0 15 0.00 0.0 0 10.5 21 270 M M 1 1 26 280
9 80 69 75 -2 0 10 0.00 0.0 0 14.6 24 20 M M 2 28 20
10 80 67 74 -3 0 9 0.00 0.0 0 14.2 24 10 M M 4 30 10
11 81 65 73 -4 0 8 0.03 0.0 0 14.9 28 10 M M 4 34 10
12 80 62 71 -7 0 6 0.02 0.0 0 10.3 23 30 M M 4 18 28 30
13 81 62 72 -6 0 7 0.00 0.0 0 6.8 16 110 M M 2 3 20 110
14 86 68 77 -1 0 12 0.00 0.0 0 6.9 16 90 M M 1 21 90
15 86 74 80 2 0 15 T 0.0 0 10.4 18 200 M M 3 3 24 110
16 92 67 80 2 0 15 0.00 0.0 0 7.9 16 140 M M 1 21 280
17 87 69 78 0 0 13 0.00 0.0 0 8.2 15 150 M M 1 19 120
18 88 70 79 1 0 14 0.01 0.0 0 7.8 14 130 M M 1 3 17 150
19 92 74 83 4 0 18 0.19 0.0 0 8.2 18 140 M M 1 3 23 130
20 85 72 79 0 0 14 0.05 0.0 0 7.4 21 150 M M 3 3 30 150
21 87 72 80 1 0 15 T 0.0 0 9.2 21 130 M M 2 27 130
22 88 77 83 4 0 18 0.00 0.0 0 10.5 20 120 M M 1 25 130
23 87 75 81 2 0 16 0.00 0.0 0 11.7 21 110 M M 2 25 130
24 87 75 81 2 0 16 0.00 0.0 0 10.5 18 120 M M 2 25 120
25 87 75 81 1 0 16 0.00 0.0 0 12.5 21 110 M M 1 25 110
26 87 77 82 2 0 17 0.00 0.0 0 12.7 22 130 M M 1 29 140
27 92 70 81 1 0 16 0.30 0.0 0 9.8 38 220 M M 3 3 47 220
28 90 72 81 1 0 16 T 0.0 0 7.4 16 290 M M 2 3 19 130
29 87 72 80 0 0 15 0.00 0.0 0 7.2 20 140 M M 1 26 140
30 85 68 77 -3 0 12 0.00 0.0 0 7.0 20 110 M M 1 27 90
31 85 71 78 -2 0 13 0.00 0.0 0 9.9 18 70 M M 1 24 70
================================================================================
SM 2678 2188 0 423 0.78 0.0 303.5 M 57
================================================================================
AV 86.4 70.6 9.8 FASTST M M 2 MAX(MPH)
MISC ----> 38 220 47 220
================================================================================
NOTES:
# LAST OF SEVERAL OCCURRENCES
COLUMN 17 PEAK WIND IN M.P.H.
PRELIMINARY LOCAL CLIMATOLOGICAL DATA (WS FORM: F-6) , PAGE 2
STATION: MELBOURNE
MONTH: MAY
YEAR: 2022
LATITUDE: 28 6 N
LONGITUDE: 80 39 W
[TEMPERATURE DATA] [PRECIPITATION DATA] SYMBOLS USED IN COLUMN 16
AVERAGE MONTHLY: 78.5 TOTAL FOR MONTH: 0.78 1 = FOG OR MIST
DPTR FM NORMAL: 0.4 DPTR FM NORMAL: -2.75 2 = FOG REDUCING VISIBILITY
HIGHEST: 94 ON 6 GRTST 24HR 0.30 ON 27-27 TO 1/4 MILE OR LESS
LOWEST: 62 ON 13,12 3 = THUNDER
SNOW, ICE PELLETS, HAIL 4 = ICE PELLETS
TOTAL MONTH: 0.0 INCH 5 = HAIL
GRTST 24HR 0.0 6 = FREEZING RAIN OR DRIZZLE
GRTST DEPTH: 0 7 = DUSTSTORM OR SANDSTORM:
VSBY 1/2 MILE OR LESS
8 = SMOKE OR HAZE
[NO. OF DAYS WITH] [WEATHER - DAYS WITH] 9 = BLOWING SNOW
X = TORNADO
MAX 32 OR BELOW: 0 0.01 INCH OR MORE: 7
MAX 90 OR ABOVE: 7 0.10 INCH OR MORE: 3
MIN 32 OR BELOW: 0 0.50 INCH OR MORE: 0
MIN 0 OR BELOW: 0 1.00 INCH OR MORE: 0
[HDD (BASE 65) ]
TOTAL THIS MO. 0 CLEAR (SCALE 0-3) 26
DPTR FM NORMAL 0 PTCLDY (SCALE 4-7) 5
TOTAL FM JUL 1 303 CLOUDY (SCALE 8-10) 0
DPTR FM NORMAL -88
[CDD (BASE 65) ]
TOTAL THIS MO. 423
DPTR FM NORMAL 15 [PRESSURE DATA]
TOTAL FM JAN 1 1071 HIGHEST SLP M ON M
DPTR FM NORMAL 78 LOWEST SLP 29.72 ON 7
[REMARKS]
#FINAL-05-22#