000
CXUS55 KBYZ 011100
CF6MLS
PRELIMINARY LOCAL CLIMATOLOGICAL DATA (WS FORM: F-6)
STATION: MILES CITY MT
MONTH: DECEMBER
YEAR: 2022
LATITUDE: 46 25 N
LONGITUDE: 105 53 W
TEMPERATURE IN F: :PCPN: SNOW: WIND :SUNSHINE: SKY :PK WND
================================================================================
1 2 3 4 5 6A 6B 7 8 9 10 11 12 13 14 15 16 17 18
12Z AVG MX 2MIN
DY MAX MIN AVG DEP HDD CDD WTR SNW DPTH SPD SPD DIR MIN PSBL S-S WX SPD DR
================================================================================
1 32 14 23 -4 42 0 0.00 M M 9.8 23 330 M M M 28 330
2 14 -3 6 -20 59 0 0.01 M M 12.3 24 330 M M 1 1 29 330
3 28 -7 11 -15 54 0 0.00 M M 5.1 14 160 M M 0 15 160
4 38 5 22 -4 43 0 0.00 M M 6.8 18 310 M M 1 23 320
5 23 18 21 -4 44 0 0.01 M M 5.8 12 10 M M 10 12 14 160
6 20 0 10 -15 55 0 0.08 M M 11.0 20 10 M M 10 1 24 350
7 15 -5 5 -20 60 0 0.01 M M 6.2 14 160 M M 4 1 15 160
8 17 -8 5 -19 60 0 0.00 M M 5.3 13 290 M M 0 14 290
9 16 -7 5 -19 60 0 0.00 M M 6.0 12 260 M M 0 1 12 170
10 27 4 16 -8 49 0 0.00 M M 6.9 13 150 M M 0 15 100
11 21 1 11 -12 54 0 0.00 M M 5.8 12 20 M M 0 14 30
12 20 5 13 -10 52 0 T M M 11.7 22 330 M M 8 18 24 340
13 16 11 14 -9 51 0 T M M 15.2 23 320 M M 10 1 27 320
14 19 12 16 -6 49 0 0.03 M M 16.0 35 330 M M 10 128 43 330
15 21 15 18 -4 47 0 T M M 26.1 37 310 M M 10 189 43 310
16 21 11 16 -6 49 0 0.00 M M 13.0 31 310 M M 6 8 40 310
17 24 10 17 -5 48 0 T M M 7.5 18 340 M M 8 1 20 340
18 13 -12 1 -21 64 0 T M M 10.6 18 320 M M 8 1 22 320
19 0 -11 -5 -26 70 0 T M M 5.3 15 330 M M 10 18 16 320
20 -5 -12 -8 -29 73 0 T M M 8.0 18 40 M M 8 18 22 60
21 -10 -21 -15 -36 80 0 0.01 M M 17.3 25 310 M M 9 18 30 310
22 -11 -21 -16 -37 81 0 0.00 M M 16.7 26 300 M M 4 8 33 290
23 1 -29 -14 -34 79 0 0.00 M M 6.6 18 280 M M 3 19 280
24 14 1 8 -12 57 0 0.00 M M 7.5 17 130 M M 4 22 140
25 41 9 25 5 40 0 0.00 M M 11.9 28 300 M M 5 33 300
26 35 14 25 5 40 0 0.00 M M 9.0 17 160 M M 4 12 20 150
27 38 32 35 15 30 0 T M M 9.6 18 110 M M 3 20 110
28 42 23 33 13 32 0 0.01 M M 9.8 18 280 M M 6 1 22 280
29 38 16 27 7 38 0 0.01 M M 5.5 13 270 M M 5 1 16 280
30 33 17 25 5 40 0 0.00 M M 9.2 17 160 M M 2 19 150
31 37 19 28 9 37 0 0.00 M M 7.3 13 250 M M 2 15 270
================================================================================
SM 638 101 1637 0 0.17 M 304.8 M 151
================================================================================
AV 20.6 3.3 9.8 FASTST M M 5 MAX(MPH)
MISC ----> 37 310 # 43 330
================================================================================
NOTES:
# LAST OF SEVERAL OCCURRENCES
COLUMN 17 PEAK WIND IN M.P.H.
PRELIMINARY LOCAL CLIMATOLOGICAL DATA (WS FORM: F-6) , PAGE 2
STATION: MILES CITY MT
MONTH: DECEMBER
YEAR: 2022
LATITUDE: 46 25 N
LONGITUDE: 105 53 W
[TEMPERATURE DATA] [PRECIPITATION DATA] SYMBOLS USED IN COLUMN 16
AVERAGE MONTHLY: 11.9 TOTAL FOR MONTH: 0.17 1 = FOG OR MIST
DPTR FM NORMAL: -10.5 DPTR FM NORMAL: -0.05 2 = FOG REDUCING VISIBILITY
HIGHEST: 42 ON 28 GRTST 24HR 0.09 ON 6- 7 TO 1/4 MILE OR LESS
LOWEST: -29 ON 23 3 = THUNDER
SNOW, ICE PELLETS, HAIL 4 = ICE PELLETS
TOTAL MONTH: M 5 = HAIL
GRTST 24HR M ON M 6 = FREEZING RAIN OR DRIZZLE
GRTST DEPTH: M ON M 7 = DUSTSTORM OR SANDSTORM:
VSBY 1/2 MILE OR LESS
8 = SMOKE OR HAZE
[NO. OF DAYS WITH] [WEATHER - DAYS WITH] 9 = BLOWING SNOW
X = TORNADO
MAX 32 OR BELOW: 23 0.01 INCH OR MORE: 8
MAX 90 OR ABOVE: 0 0.10 INCH OR MORE: 0
MIN 32 OR BELOW: 31 0.50 INCH OR MORE: 0
MIN 0 OR BELOW: 12 1.00 INCH OR MORE: 0
[HDD (BASE 65) ]
TOTAL THIS MO. 1637 CLEAR (SCALE 0-3) 10
DPTR FM NORMAL 317 PTCLDY (SCALE 4-7) 11
TOTAL FM JUL 1 3402 CLOUDY (SCALE 8-10) 10
DPTR FM NORMAL 323
[CDD (BASE 65) ]
TOTAL THIS MO. 0
DPTR FM NORMAL 0 [PRESSURE DATA]
TOTAL FM JAN 1 938 HIGHEST SLP 30.91 ON 23
DPTR FM NORMAL 207 LOWEST SLP 29.20 ON 27
[REMARKS]
#FINAL-12-22#