655
CXUS55 KBYZ 011000
CF6MLS
PRELIMINARY LOCAL CLIMATOLOGICAL DATA (WS FORM: F-6)
STATION: MILES CITY MT
MONTH: SEPTEMBER
YEAR: 2020
LATITUDE: 46 25 N
LONGITUDE: 105 53 W
TEMPERATURE IN F: :PCPN: SNOW: WIND :SUNSHINE: SKY :PK WND
================================================================================
1 2 3 4 5 6A 6B 7 8 9 10 11 12 13 14 15 16 17 18
12Z AVG MX 2MIN
DY MAX MIN AVG DEP HDD CDD WTR SNW DPTH SPD SPD DIR MIN PSBL S-S WX SPD DR
================================================================================
1 83 50 67 0 0 2 0.00 M M 13.3 30 310 M M 2 36 310
2 94 51 73 6 0 8 T M M 17.8 47 340 M M 2 8 62 330
3 78 52 65 -1 0 0 0.00 M M 5.3 13 290 M M 4 16 150
4 87 47 67 1 0 2 0.00 M M 5.1 17 290 M M 0 8 23 280
5 95 54 75 10 0 10 0.00 M M 7.0 13 300 M M 0 15 140
6 79 56 68 3 0 3 0.00 M M 13.3 24 20 M M 1 29 20
7 57 38 48 -16 17 0 0.63 M M 13.4 25 30 M M 9 1 30 40
8 51 30 41 -23 24 0 T M M 5.3 10 320 M M 1 17 310
9 66 30 48 -15 17 0 0.00 M M 7.4 14 160 M M 0 15 240
10 75 41 58 -5 7 0 0.00 M M 7.0 12 140 M M 0 15 140
11 75 42 59 -3 6 0 0.00 M M 6.8 16 150 M M 0 20 160
12 86 42 64 2 1 0 0.00 M M 7.0 13 350 M M 0 19 220
13 69 48 59 -2 6 0 0.00 M M 10.7 18 50 M M 0 22 50
14 90 49 70 9 0 5 0.00 M M 7.4 16 140 M M 0 8 22 150
15 80 45 63 3 2 0 0.00 M M 6.5 18 10 M M 1 18 22 10
16 70 45 58 -2 7 0 0.00 M M 8.5 14 40 M M 0 18 40
17 74 41 58 -1 7 0 0.00 M M 4.4 12 30 M M 0 14 60
18 81 47 64 5 1 0 0.00 M M 8.8 17 140 M M 0 21 150
19 87 51 69 11 0 4 T M M 10.5 30 270 M M 1 8 37 280
20 75 49 62 4 3 0 0.00 M M 13.6 31 260 M M 2 37 310
21 81 49 65 8 0 0 0.00 M M 5.7 13 240 M M 3 17 230
22 86 44 65 8 0 0 T M M 5.8 33 270 M M 0 42 270
23 81 51 66 10 0 1 0.00 M M 9.1 20 290 M M 0 25 290
24 94 54 74 18 0 9 0.00 M M 12.9 38 340 M M 0 46 350
25 73 47 60 4 5 0 T M M 7.1 20 240 M M 2 27 250
26 68 41 55 0 10 0 0.00 M M 18.6 40 330 M M 2 52 290
27 64 43 54 0 11 0 0.00 M M 17.1 35 320 M M 5 46 300
28 69 34 52 -2 13 0 0.00 M M 9.9 23 260 M M 0 29 250
29 83 48 66 12 0 1 0.00 M M 13.7 29 300 M M 0 38 320
30 64 39 52 -1 13 0 0.00 M M 15.1 29 330 M M 3 37 320
================================================================================
SM 2315 1358 150 45 0.63 M 294.1 M 38
================================================================================
AV 77.2 45.3 9.8 FASTST M M 1 MAX(MPH)
MISC ----> 47 340 62 330
================================================================================
NOTES:
# LAST OF SEVERAL OCCURRENCES
COLUMN 17 PEAK WIND IN M.P.H.
PRELIMINARY LOCAL CLIMATOLOGICAL DATA (WS FORM: F-6) , PAGE 2
STATION: MILES CITY MT
MONTH: SEPTEMBER
YEAR: 2020
LATITUDE: 46 25 N
LONGITUDE: 105 53 W
[TEMPERATURE DATA] [PRECIPITATION DATA] SYMBOLS USED IN COLUMN 16
AVERAGE MONTHLY: 61.2 TOTAL FOR MONTH: 0.63 1 = FOG OR MIST
DPTR FM NORMAL: 1.1 DPTR FM NORMAL: -0.45 2 = FOG REDUCING VISIBILITY
HIGHEST: 95 ON 5 GRTST 24HR 0.63 ON 7- 7 TO 1/4 MILE OR LESS
LOWEST: 30 ON 9, 8 3 = THUNDER
SNOW, ICE PELLETS, HAIL 4 = ICE PELLETS
TOTAL MONTH: M 5 = HAIL
GRTST 24HR M ON M 6 = FREEZING RAIN OR DRIZZLE
GRTST DEPTH: M ON M 7 = DUSTSTORM OR SANDSTORM:
VSBY 1/2 MILE OR LESS
8 = SMOKE OR HAZE
[NO. OF DAYS WITH] [WEATHER - DAYS WITH] 9 = BLOWING SNOW
X = TORNADO
MAX 32 OR BELOW: 0 0.01 INCH OR MORE: 1
MAX 90 OR ABOVE: 4 0.10 INCH OR MORE: 1
MIN 32 OR BELOW: 2 0.50 INCH OR MORE: 1
MIN 0 OR BELOW: 0 1.00 INCH OR MORE: 0
[HDD (BASE 65) ]
TOTAL THIS MO. 150 CLEAR (SCALE 0-3) 25
DPTR FM NORMAL -52 PTCLDY (SCALE 4-7) 4
TOTAL FM JUL 1 162 CLOUDY (SCALE 8-10) 1
DPTR FM NORMAL -69
[CDD (BASE 65) ]
TOTAL THIS MO. 45
DPTR FM NORMAL -11 [PRESSURE DATA]
TOTAL FM JAN 1 727 HIGHEST SLP 30.60 ON 8
DPTR FM NORMAL -1 LOWEST SLP 29.50 ON 24
[REMARKS]
#FINAL-09-20#