000
CXUS55 KBYZ 011000
CF6MLS
PRELIMINARY LOCAL CLIMATOLOGICAL DATA (WS FORM: F-6)
STATION: MILES CITY MT
MONTH: SEPTEMBER
YEAR: 2023
LATITUDE: 46 25 N
LONGITUDE: 105 53 W
TEMPERATURE IN F: :PCPN: SNOW: WIND :SUNSHINE: SKY :PK WND
================================================================================
1 2 3 4 5 6A 6B 7 8 9 10 11 12 13 14 15 16 17 18
12Z AVG MX 2MIN
DY MAX MIN AVG DEP HDD CDD WTR SNW DPTH SPD SPD DIR MIN PSBL S-S WX SPD DR
================================================================================
1 89 55 72 5 0 7 0.00 M M 8.0 17 50 M M 0 21 50
2 96 60 78 11 0 13 0.00 M M 10.1 28 260 M M 0 8 38 250
3 96 63 80 14 0 15 T M M 8.1 33 260 M M 1 8 44 260
4 79 56 68 2 0 3 0.20 M M 13.9 26 330 M M 8 18 34 330
5 69 51 60 -6 5 0 0.00 M M 7.2 16 330 M M 9 18 23 330
6 82 55 69 4 0 4 0.00 M M 9.2 17 140 M M 0 8 23 150
7 84 56 70 5 0 5 0.00 M M 10.8 21 290 M M 0 8 28 310
8 75 55 65 1 0 0 0.25 M M 12.0 22 300 M M 3 138 29 300
9 75 53 64 0 1 0 0.00 M M 8.4 15 30 M M 2 18 50
10 74 53 64 0 1 0 0.00 M M 7.9 20 50 M M 3 24 40
11 74 49 62 -1 3 0 0.00 M M 4.7 10 60 M M 0 1 14 130
12 82 50 66 3 0 1 0.00 M M 7.0 15 160 M M 0 22 160
13 83 54 69 7 0 4 T M M 7.6 20 320 M M 1 25 320
14 78 55 67 5 0 2 0.00 M M 8.2 15 350 M M 3 20 350
15 78 45 62 0 3 0 0.00 M M 5.6 13 330 M M 0 20 330
16 86 47 67 6 0 2 0.00 M M 4.8 16 150 M M 0 21 140
17 91 54 73 12 0 8 0.00 M M 9.0 20 280 M M 0 27 260
18 88 54 71 11 0 6 T M M 10.2 24 260 M M 0 38 220
19 75 54 65 5 0 0 0.00 M M 10.4 22 320 M M 0 8 27 350
20 73 50 62 3 3 0 0.17 M M 13.8 25 80 M M 1 3 34 300
21 74 51 63 4 2 0 0.15 M M 14.4 22 70 M M 4 13 28 50
22 64 53 59 1 6 0 1.60 M M 9.0 23 210 M M 9 13 29 210
23 63 54 59 1 6 0 0.03 M M 10.1 18 270 M M 10 1 22 290
24 72 53 63 5 2 0 0.00 M M 6.6 15 300 M M 5 1 18 300
25 80 49 65 8 0 0 0.00 M M 6.5 13 150 M M 0 18 160
26 82 57 70 13 0 5 0.00 M M 14.0 23 140 M M 0 29 140
27 74 49 62 6 3 0 T M M 7.4 29 320 M M 0 39 330
28 68 48 58 2 7 0 0.00 M M 9.2 31 330 M M 1 42 320
29 72 46 59 4 6 0 0.00 M M 6.8 14 50 M M 0 22 160
30 78 53 66 11 0 1 0.00 M M 11.5 21 140 M M 0 28 140
================================================================================
SM 2354 1582 48 76 2.40 M 272.4 M 60
================================================================================
AV 78.5 52.7 9.1 FASTST M M 2 MAX(MPH)
MISC ----> 33 260 44 260
================================================================================
NOTES:
# LAST OF SEVERAL OCCURRENCES
COLUMN 17 PEAK WIND IN M.P.H.
PRELIMINARY LOCAL CLIMATOLOGICAL DATA (WS FORM: F-6) , PAGE 2
STATION: MILES CITY MT
MONTH: SEPTEMBER
YEAR: 2023
LATITUDE: 46 25 N
LONGITUDE: 105 53 W
[TEMPERATURE DATA] [PRECIPITATION DATA] SYMBOLS USED IN COLUMN 16
AVERAGE MONTHLY: 65.6 TOTAL FOR MONTH: 2.40 1 = FOG OR MIST
DPTR FM NORMAL: 4.4 DPTR FM NORMAL: 1.33 2 = FOG REDUCING VISIBILITY
HIGHEST: 96 ON 3, 2 GRTST 24HR 1.74 ON 21-22 TO 1/4 MILE OR LESS
LOWEST: 45 ON 15 3 = THUNDER
SNOW, ICE PELLETS, HAIL 4 = ICE PELLETS
TOTAL MONTH: M 5 = HAIL
GRTST 24HR M ON M 6 = FREEZING RAIN OR DRIZZLE
GRTST DEPTH: M ON M 7 = DUSTSTORM OR SANDSTORM:
VSBY 1/2 MILE OR LESS
8 = SMOKE OR HAZE
[NO. OF DAYS WITH] [WEATHER - DAYS WITH] 9 = BLOWING SNOW
X = TORNADO
MAX 32 OR BELOW: 0 0.01 INCH OR MORE: 6
MAX 90 OR ABOVE: 3 0.10 INCH OR MORE: 5
MIN 32 OR BELOW: 0 0.50 INCH OR MORE: 1
MIN 0 OR BELOW: 0 1.00 INCH OR MORE: 1
[HDD (BASE 65) ]
TOTAL THIS MO. 48 CLEAR (SCALE 0-3) 23
DPTR FM NORMAL -128 PTCLDY (SCALE 4-7) 4
TOTAL FM JUL 1 63 CLOUDY (SCALE 8-10) 3
DPTR FM NORMAL -148
[CDD (BASE 65) ]
TOTAL THIS MO. 76
DPTR FM NORMAL 12 [PRESSURE DATA]
TOTAL FM JAN 1 830 HIGHEST SLP 30.28 ON 10
DPTR FM NORMAL 103 LOWEST SLP 29.55 ON 4
[REMARKS]
#FINAL-09-23#