000
CXUS51 KCAR 010600
CF6MLT
PRELIMINARY LOCAL CLIMATOLOGICAL DATA (WS FORM: F-6)
STATION: MILLINOCKET ME
MONTH: JUNE
YEAR: 2021
LATITUDE: 45 39 N
LONGITUDE: 68 41 W
TEMPERATURE IN F: :PCPN: SNOW: WIND :SUNSHINE: SKY :PK WND
================================================================================
1 2 3 4 5 6A 6B 7 8 9 10 11 12 13 14 15 16 17 18
12Z AVG MX 2MIN
DY MAX MIN AVG DEP HDD CDD WTR SNW DPTH SPD SPD DIR MIN PSBL S-S WX SPD DR
================================================================================
1 75 47 61 3 4 0 0.00 M M 5.9 16 290 M M 3 26 280
2 81 47 64 5 1 0 0.00 M M 3.8 14 310 M M 0 19 240
3 72 52 62 3 3 0 0.02 M M 2.9 14 160 M M 6 1 23 170
4 81 59 70 11 0 5 0.00 M M 4.2 15 310 M M 3 21 300
5 80 54 67 7 0 2 T M M 3.8 12 260 M M 3 22 250
6 85 65 75 15 0 10 0.00 M M 2.9 12 310 M M 6 16 290
7 95 65 80 20 0 15 0.00 M M 3.6 14 230 M M 1 1 24 260
8 93 67 80 20 0 15 0.00 M M 5.7 16 310 M M 1 24 320
9 84 63 74 13 0 9 0.00 M M 7.4 18 340 M M 2 25 300
10 67 42 55 -6 10 0 0.00 M M 7.0 20 340 M M 0 28 310
11 71 39 55 -6 10 0 0.00 M M 3.5 13 180 M M 3 12 22 170
12 78 44 61 -1 4 0 0.00 M M 3.9 14 300 M M 2 19 260
13 81 47 64 2 1 0 0.00 M M 3.8 16 340 M M 0 24 340
14 78 51 65 3 0 0 T M M 5.3 17 170 M M 5 28 160
15 69 57 63 0 2 0 T M M 2.1 8 180 M M 9 1 11 190
16 70 55 63 0 2 0 T M M 8.3 22 310 M M 5 28 310
17 72 51 62 -1 3 0 0.00 M M 5.6 18 310 M M 5 27 280
18 81 45 63 -1 2 0 0.00 M M 3.5 13 180 M M 0 21 160
19 78 57 68 4 0 3 0.54 M M 4.1 17 260 M M 7 1 28 270
20 82 58 70 6 0 5 0.00 M M 5.7 16 310 M M 2 26 320
21 86 56 71 7 0 6 T M M 5.4 18 160 M M 3 1 30 190
22 77 55 66 1 0 1 0.34 M M 5.8 17 310 M M 10 1 22 320
23 69 48 59 -6 6 0 0.00 M M 6.9 21 330 M M 3 26 300
24 78 42 60 -5 5 0 0.00 M M 4.2 13 170 M M 0 1 22 150
25 69 50 60 -5 5 0 T M M 3.3 12 160 M M 6 1 18 160
26 74 63 69 3 0 4 0.11 M M 3.2 9 170 M M 8 1 15 180
27 89 69 79 13 0 14 0.00 M M 4.7 10 220 M M 4 21 160
28 87 71 79 13 0 14 0.12 M M 4.6 15 330 M M 6 1 20 330
29 89 69 79 13 0 14 0.02 M M 4.6 18 310 M M 2 1 28 320
30 85 69 77 10 0 12 0.22 M M 3.1 17 330 M M 5 1 24 350
================================================================================
SM 2376 1657 58 129 1.37 M 138.8 M 110
================================================================================
AV 79.2 55.2 4.6 FASTST M M 4 MAX(MPH)
MISC ----> 22 310 30 190
================================================================================
NOTES:
# LAST OF SEVERAL OCCURRENCES
COLUMN 17 PEAK WIND IN M.P.H.
PRELIMINARY LOCAL CLIMATOLOGICAL DATA (WS FORM: F-6) , PAGE 2
STATION: MILLINOCKET ME
MONTH: JUNE
YEAR: 2021
LATITUDE: 45 39 N
LONGITUDE: 68 41 W
[TEMPERATURE DATA] [PRECIPITATION DATA] SYMBOLS USED IN COLUMN 16
AVERAGE MONTHLY: 67.2 TOTAL FOR MONTH: 1.37 1 = FOG OR MIST
DPTR FM NORMAL: 4.6 DPTR FM NORMAL: -2.83 2 = FOG REDUCING VISIBILITY
HIGHEST: 95 ON 7 GRTST 24HR 0.54 ON 19-19 TO 1/4 MILE OR LESS
LOWEST: 39 ON 11 3 = THUNDER
SNOW, ICE PELLETS, HAIL 4 = ICE PELLETS
TOTAL MONTH: M 5 = HAIL
GRTST 24HR M ON M 6 = FREEZING RAIN OR DRIZZLE
GRTST DEPTH: M ON M 7 = DUSTSTORM OR SANDSTORM:
VSBY 1/2 MILE OR LESS
8 = SMOKE OR HAZE
[NO. OF DAYS WITH] [WEATHER - DAYS WITH] 9 = BLOWING SNOW
X = TORNADO
MAX 32 OR BELOW: 0 0.01 INCH OR MORE: 7
MAX 90 OR ABOVE: 2 0.10 INCH OR MORE: 5
MIN 32 OR BELOW: 0 0.50 INCH OR MORE: 1
MIN 0 OR BELOW: 0 1.00 INCH OR MORE: 0
[HDD (BASE 65) ]
TOTAL THIS MO. 58 CLEAR (SCALE 0-3) 13
DPTR FM NORMAL -60 PTCLDY (SCALE 4-7) 14
TOTAL FM JUL 1 7526 CLOUDY (SCALE 8-10) 3
DPTR FM NORMAL -827
[CDD (BASE 65) ]
TOTAL THIS MO. 129
DPTR FM NORMAL 81 [PRESSURE DATA]
TOTAL FM JAN 1 146 HIGHEST SLP M ON M
DPTR FM NORMAL 91 LOWEST SLP 29.53 ON 22
[REMARKS]
#FINAL-06-21#