000
CXUS56 KPQR 011155
CF6MMV
PRELIMINARY LOCAL CLIMATOLOGICAL DATA (WS FORM: F-6)
STATION: MCMINNVILLE OR
MONTH: DECEMBER
YEAR: 2021
LATITUDE: 45 11 N
LONGITUDE: 123 8 W
TEMPERATURE IN F: :PCPN: SNOW: WIND :SUNSHINE: SKY :PK WND
================================================================================
1 2 3 4 5 6A 6B 7 8 9 10 11 12 13 14 15 16 17 18
12Z AVG MX 2MIN
DY MAX MIN AVG DEP HDD CDD WTR SNW DPTH SPD SPD DIR MIN PSBL S-S WX SPD DR
================================================================================
1 59 42 51 9 14 0 0.00 M M 2.2 9 250 M M 7 12 10 250
2 59 45 52 10 13 0 0.00 M M 4.7 14 10 M M 7 128 18 10
3 51 34 43 1 22 0 0.00 M M 2.2 8 140 M M 1 12 11 350
4 53 35 44 2 21 0 0.10 M M 8.1 26 180 M M 10 128 31 180
5 48 30 39 -2 26 0 0.00 M M 2.3 8 330 M M 2 12 10 350
6 49 40 45 4 20 0 0.36 M M 1.9 10 180 M M 10 1 13 250
7 55 47 51 10 14 0 0.01 M M 2.8 12 240 M M 9 12 13 240
8 51 35 43 2 22 0 0.01 M M 6.6 21 310 M M 7 1 25 290
9 46 34 40 -1 25 0 0.15 M M 5.3 14 200 M M 6 1 18 200
10 48 35 42 1 23 0 0.01 M M 9.7 28 180 M M 9 1 36 190
11 50 41 46 6 19 0 1.48 M M 16.0 32 180 M M 9 1 40 190
12 47 38 43 3 22 0 0.46 M M 8.8 21 180 M M 9 1 27 180
13 43 35 39 -1 26 0 0.36 M M 5.0 17 220 M M 9 1 22 230
14 44 30 37 -3 28 0 T M M 4.7 10 170 M M 5 12 13 210
15 43 38 41 1 24 0 0.38 M M 6.0 17 180 M M 9 1 22 150
16 48 36 42 2 23 0 0.01 M M 3.4 10 210 M M 8 1 12 220
17 46 36 41 1 24 0 0.05 M M 3.5 13 160 M M 10 12 14 160
18 53 40 47 7 18 0 1.10 M M 13.3 28 190 M M 10 1 35 200
19 42 35 39 -1 26 0 1.04 M M 7.7 13 340 M M 10 1 16 340
20 45 41 43 3 22 0 0.71 M M 4.4 10 340 M M 10 1 13 360
21 45 35 40 0 25 0 0.13 M M 3.0 8 120 M M 6 1 10 70
22 52 41 47 7 18 0 0.46 M M 10.4 22 190 M M 9 1 28 200
23 50 39 45 5 20 0 0.16 M M 10.2 21 230 M M 8 1 27 220
24 43 36 40 0 25 0 1.09 M M 11.0 26 200 M M 9 1 34 190
25 40 33 37 -3 28 0 0.13 M M 8.9 17 210 M M 8 1 22 210
26 36 30 33 -7 32 0 0.19 M M 10.5 21 270 M M 8 128 29 180
27 33 21 27 -13 38 0 0.02 M M 3.5 16 60 M M 8 12 28 90
28 36 32 34 -6 31 0 0.02 M M 1.3 8 20 M M 10 1 10 30
29 35 28 32 -8 33 0 T M M 4.4 12 60 M M 8 1 14 60
30 45 31 38 -2 27 0 0.07 M M 10.2 25 190 M M 8 1 32 190
31 43 26 35 -5 30 0 T M M 5.8 13 230 M M 5 12 15 210
================================================================================
SM 1438 1099 739 0 8.50 M 197.8 M 244
================================================================================
AV 46.4 35.5 6.4 FASTST M M 8 MAX(MPH)
MISC ----> 32 180 40 190
================================================================================
NOTES:
# LAST OF SEVERAL OCCURRENCES
COLUMN 17 PEAK WIND IN M.P.H.
PRELIMINARY LOCAL CLIMATOLOGICAL DATA (WS FORM: F-6) , PAGE 2
STATION: MCMINNVILLE OR
MONTH: DECEMBER
YEAR: 2021
LATITUDE: 45 11 N
LONGITUDE: 123 8 W
[TEMPERATURE DATA] [PRECIPITATION DATA] SYMBOLS USED IN COLUMN 16
AVERAGE MONTHLY: 40.9 TOTAL FOR MONTH: 8.50 1 = FOG OR MIST
DPTR FM NORMAL: 0.4 DPTR FM NORMAL: 2.05 2 = FOG REDUCING VISIBILITY
HIGHEST: 59 ON 2, 1 GRTST 24HR 1.73 ON 18-19 TO 1/4 MILE OR LESS
LOWEST: 21 ON 27 3 = THUNDER
SNOW, ICE PELLETS, HAIL 4 = ICE PELLETS
TOTAL MONTH: M 5 = HAIL
GRTST 24HR M ON M 6 = FREEZING RAIN OR DRIZZLE
GRTST DEPTH: M ON M 7 = DUSTSTORM OR SANDSTORM:
VSBY 1/2 MILE OR LESS
8 = SMOKE OR HAZE
[NO. OF DAYS WITH] [WEATHER - DAYS WITH] 9 = BLOWING SNOW
X = TORNADO
MAX 32 OR BELOW: 0 0.01 INCH OR MORE: 24
MAX 90 OR ABOVE: 0 0.10 INCH OR MORE: 16
MIN 32 OR BELOW: 8 0.50 INCH OR MORE: 5
MIN 0 OR BELOW: 0 1.00 INCH OR MORE: 4
[HDD (BASE 65) ]
TOTAL THIS MO. 739 CLEAR (SCALE 0-3) 2
DPTR FM NORMAL -22 PTCLDY (SCALE 4-7) 12
TOTAL FM JUL 1 1707 CLOUDY (SCALE 8-10) 17
DPTR FM NORMAL -186
[CDD (BASE 65) ]
TOTAL THIS MO. 0
DPTR FM NORMAL 0 [PRESSURE DATA]
TOTAL FM JAN 1 564 HIGHEST SLP 30.57 ON 5
DPTR FM NORMAL 280 LOWEST SLP 29.32 ON 24
[REMARKS]
#FINAL-12-21#