000
CXUS55 KBOU 010900
CF6MNH
PRELIMINARY LOCAL CLIMATOLOGICAL DATA (WS FORM: F-6)
STATION: ELBERT 6W CO
MONTH: SEPTEMBER
YEAR: 2023
LATITUDE: 39 13 N
LONGITUDE: 104 38 W
TEMPERATURE IN F: :PCPN: SNOW: WIND :SUNSHINE: SKY :PK WND
================================================================================
1 2 3 4 5 6A 6B 7 8 9 10 11 12 13 14 15 16 17 18
12Z AVG MX 2MIN
DY MAX MIN AVG DEP HDD CDD WTR SNW DPTH SPD SPD DIR MIN PSBL S-S WX SPD DR
================================================================================
1 88 55 72 M 0 7 M M M 8.9 15 160 M M 0 24 150
2 86 55 71 M 0 6 M M M 5.7 10 270 M M 2 24 240
3 81 55 68 M 0 3 M M M 5.2 10 120 M M 3 24 220
4 82 50 66 M 0 1 M M M 9.5 18 250 M M 1 30 250
5 70 46 58 M 7 0 M M M 6.6 15 90 M M 1 20 90
6 77 45 61 M 4 0 M M M 9.8 21 180 M M 0 25 180
7 81 48 65 M 0 0 M M M 5.6 9 80 M M 0 22 20
8 81 45 63 M 2 0 M M M 11.3 20 150 M M 0 25 160
9 79 50 65 M 0 0 M M M 6.6 14 160 M M 1 25 20
10 64 46 55 M 10 0 M M M 7.0 15 340 M M 5 1 23 340
11 59 46 53 M 12 0 M M M 5.3 10 180 M M 8 1 20 180
12 64 45 55 M 10 0 M M M 11.2 16 180 M M 2 22 180
13 70 45 58 M 7 0 M M M 5.7 9 180 M M 0 M M
14 66 43 55 M 10 0 M M M 9.3 17 360 M M 4 13 26 360
15 52 41 47 M 18 0 M M M 7.5 14 320 M M 7 17 320
16 68 37 53 M 12 0 M M M 4.2 8 200 M M 0 M M
17 73 45 59 M 6 0 M M M 6.7 13 160 M M 1 M M
18 72 46 59 M 6 0 M M M 6.4 17 260 M M 4 30 0
19 70 46 58 M 7 0 M M M 7.0 14 300 M M 3 18 310
20 72 46 59 M 6 0 M M M 6.7 15 160 M M 2 21 140
21 72 46 59 M 6 0 M M M 7.9 17 250 M M 2 22 230
22 73 43 58 M 7 0 M M M 9.2 20 210 M M 0 28 210
23 70 39 55 M 10 0 M M M 6.9 14 240 M M 1 21 240
24 68 36 52 M 13 0 M M M 7.1 16 180 M M 0 20 180
25 73 41 57 M 8 0 M M M 6.9 12 180 M M 0 M M
26 75 41 58 M 7 0 M M M 5.9 12 60 M M 0 M M
27 77 45 61 M 4 0 M M M 9.7 18 170 M M 0 25 160
28 79 48 64 M 1 0 M M M 8.4 15 160 M M 0 22 160
29 77 43 60 M 5 0 M M M 9.6 22 150 M M 0 25 150
30 79 46 63 M 2 0 M M M 12.1 24 170 M M 1 36 170
================================================================================
SM 2198 1363 180 17 M M 229.9 M 48
================================================================================
AV 73.3 45.4 7.7 FASTST M M 2 MAX(MPH)
MISC ----> 24 170 36 170
================================================================================
NOTES:
# LAST OF SEVERAL OCCURRENCES
COLUMN 17 PEAK WIND IN M.P.H.
PRELIMINARY LOCAL CLIMATOLOGICAL DATA (WS FORM: F-6) , PAGE 2
STATION: ELBERT 6W CO
MONTH: SEPTEMBER
YEAR: 2023
LATITUDE: 39 13 N
LONGITUDE: 104 38 W
[TEMPERATURE DATA] [PRECIPITATION DATA] SYMBOLS USED IN COLUMN 16
AVERAGE MONTHLY: 59.4 TOTAL FOR MONTH: M 1 = FOG OR MIST
DPTR FM NORMAL: 0.0 DPTR FM NORMAL: M 2 = FOG REDUCING VISIBILITY
HIGHEST: 88 ON 1 GRTST 24HR M ON M TO 1/4 MILE OR LESS
LOWEST: 36 ON 24 3 = THUNDER
SNOW, ICE PELLETS, HAIL 4 = ICE PELLETS
TOTAL MONTH: M 5 = HAIL
GRTST 24HR M ON M 6 = FREEZING RAIN OR DRIZZLE
GRTST DEPTH: M ON M 7 = DUSTSTORM OR SANDSTORM:
VSBY 1/2 MILE OR LESS
8 = SMOKE OR HAZE
[NO. OF DAYS WITH] [WEATHER - DAYS WITH] 9 = BLOWING SNOW
X = TORNADO
MAX 32 OR BELOW: 0 0.01 INCH OR MORE: 0
MAX 90 OR ABOVE: 0 0.10 INCH OR MORE: 0
MIN 32 OR BELOW: 0 0.50 INCH OR MORE: 0
MIN 0 OR BELOW: 0 1.00 INCH OR MORE: 0
[HDD (BASE 65) ]
TOTAL THIS MO. 180 CLEAR (SCALE 0-3) 24
DPTR FM NORMAL M PTCLDY (SCALE 4-7) 6
TOTAL FM JUL 1 268 CLOUDY (SCALE 8-10) 0
DPTR FM NORMAL M
[CDD (BASE 65) ]
TOTAL THIS MO. 17
DPTR FM NORMAL M [PRESSURE DATA]
TOTAL FM JAN 1 196 HIGHEST SLP M ON M
DPTR FM NORMAL M LOWEST SLP M ON M
[REMARKS]
#FINAL-09-23#