000
CXUS54 KMOB 010733
CF6MOB
PRELIMINARY LOCAL CLIMATOLOGICAL DATA (WS FORM: F-6)
STATION: MOBILE
MONTH: JANUARY
YEAR: 2023
LATITUDE: 30 40 N
LONGITUDE: 88 15 W
TEMPERATURE IN F: :PCPN: SNOW: WIND :SUNSHINE: SKY :PK WND
================================================================================
1 2 3 4 5 6A 6B 7 8 9 10 11 12 13 14 15 16 17 18
12Z AVG MX 2MIN
DY MAX MIN AVG DEP HDD CDD WTR SNW DPTH SPD SPD DIR MIN PSBL S-S WX SPD DR
================================================================================
1 78 46 62 11 3 0 0.00 0.0 0 4.5 12 210 M M 6 128 16 190
2 82 68 75 24 0 10 0.00 0.0 0 9.3 20 180 M M 8 128 27 180
3 79 69 74 23 0 9 0.22 0.0 0 17.3 30 180 M M 10 18 45 170
4 76 55 66 15 0 1 1.30 0.0 0 7.5 28 200 M M 4 13 38 210
5 70 41 56 5 9 0 0.00 0.0 0 3.7 15 300 M M 2 22 310
6 70 39 55 4 10 0 0.00 0.0 0 2.3 9 340 M M 0 12 330
7 74 44 59 8 6 0 0.00 0.0 0 4.0 14 180 M M 0 1 19 180
8 68 51 60 9 5 0 T 0.0 0 3.1 15 160 M M 6 18 20 160
9 66 43 55 4 10 0 0.00 0.0 0 5.3 16 20 M M 5 21 20
10 71 38 55 4 10 0 0.00 0.0 0 4.0 12 190 M M 1 16 220
11 76 58 67 16 0 2 0.00 0.0 0 10.4 21 210 M M 9 18 29 220
12 76 54 65 14 0 0 0.09 0.0 0 12.0 28 200 M M 7 138 43 200
13 54 36 45 -6 20 0 0.00 0.0 0 13.5 25 340 M M 7 36 340
14 56 31 44 -7 21 0 0.00 0.0 0 6.3 14 340 M M 0 20 360
15 62 30 46 -5 19 0 0.00 0.0 0 3.2 9 150 M M 0 13 200
16 63 46 55 4 10 0 0.04 0.0 0 6.7 14 120 M M 7 17 120
17 75 58 67 16 0 2 T 0.0 0 8.0 17 210 M M 7 128 26 200
18 78 63 71 20 0 6 0.01 0.0 0 8.7 25 170 M M 9 128 37 180
19 76 49 63 12 2 0 0.08 0.0 0 5.9 17 270 M M 6 1 29 270
20 65 42 54 3 11 0 0.00 0.0 0 6.9 16 20 M M 5 20 20
21 59 47 53 2 12 0 0.49 0.0 0 9.8 18 20 M M 10 13 23 20
22 69 42 56 5 9 0 0.65 0.0 0 4.1 23 190 M M 9 13 33 200
23 60 39 50 -1 15 0 0.00 0.0 0 7.3 18 20 M M 2 24 10
24 69 38 54 3 11 0 0.18 0.0 0 13.9 25 140 M M 7 1 36 140
25 71 43 57 6 8 0 0.44 0.0 0 8.9 39 210 M M 7 13 56 220
26 58 38 48 -4 17 0 0.00 0.0 0 6.0 16 340 M M 4 24 310
27 60 32 46 -6 19 0 0.00 0.0 0 2.7 9 130 M M 4 12 220
28 66 34 50 -2 15 0 0.00 0.0 0 7.9 20 130 M M 2 25 130
29 70 51 61 9 4 0 0.55 0.0 0 5.7 13 280 M M 8 138 22 290
30 76 62 69 17 0 4 0.00 0.0 0 6.7 16 360 M M 10 128 20 190
31 78 64 71 19 0 6 T M M 3.5 10 300 M M 8 128 17 310
================================================================================
SM 2151 1451 246 40 4.05 0.0 219.1 M 170
================================================================================
AV 69.4 46.8 7.1 FASTST M M 5 MAX(MPH)
MISC ----> 39 210 56 220
================================================================================
NOTES:
# LAST OF SEVERAL OCCURRENCES
COLUMN 17 PEAK WIND IN M.P.H.
PRELIMINARY LOCAL CLIMATOLOGICAL DATA (WS FORM: F-6) , PAGE 2
STATION: MOBILE
MONTH: JANUARY
YEAR: 2023
LATITUDE: 30 40 N
LONGITUDE: 88 15 W
[TEMPERATURE DATA] [PRECIPITATION DATA] SYMBOLS USED IN COLUMN 16
AVERAGE MONTHLY: 58.1 TOTAL FOR MONTH: 4.05 1 = FOG OR MIST
DPTR FM NORMAL: 7.0 DPTR FM NORMAL: -1.61 2 = FOG REDUCING VISIBILITY
HIGHEST: 82 ON 2 GRTST 24HR 1.32 ON 3- 4 TO 1/4 MILE OR LESS
LOWEST: 30 ON 15 3 = THUNDER
SNOW, ICE PELLETS, HAIL 4 = ICE PELLETS
TOTAL MONTH: 0.0 INCH 5 = HAIL
GRTST 24HR 0.0 6 = FREEZING RAIN OR DRIZZLE
GRTST DEPTH: 0 7 = DUSTSTORM OR SANDSTORM:
VSBY 1/2 MILE OR LESS
8 = SMOKE OR HAZE
[NO. OF DAYS WITH] [WEATHER - DAYS WITH] 9 = BLOWING SNOW
X = TORNADO
MAX 32 OR BELOW: 0 0.01 INCH OR MORE: 11
MAX 90 OR ABOVE: 0 0.10 INCH OR MORE: 7
MIN 32 OR BELOW: 3 0.50 INCH OR MORE: 3
MIN 0 OR BELOW: 0 1.00 INCH OR MORE: 1
[HDD (BASE 65) ]
TOTAL THIS MO. 246 CLEAR (SCALE 0-3) 8
DPTR FM NORMAL -193 PTCLDY (SCALE 4-7) 17
TOTAL FM JUL 1 774 CLOUDY (SCALE 8-10) 6
DPTR FM NORMAL -305
[CDD (BASE 65) ]
TOTAL THIS MO. 40
DPTR FM NORMAL 32 [PRESSURE DATA]
TOTAL FM JAN 1 40 HIGHEST SLP 30.43 ON 27
DPTR FM NORMAL 32 LOWEST SLP 29.70 ON 25
[REMARKS]
#FINAL-01-23#