000
CXUS56 KSTO 031744
CF6MOD
PRELIMINARY LOCAL CLIMATOLOGICAL DATA (WS FORM: F-6)
STATION: MODESTO CA
MONTH: MARCH
YEAR: 2021
LATITUDE: 37 37 N
LONGITUDE: 120 57 W
TEMPERATURE IN F: :PCPN: SNOW: WIND :SUNSHINE: SKY :PK WND
================================================================================
1 2 3 4 5 6A 6B 7 8 9 10 11 12 13 14 15 16 17 18
12Z AVG MX 2MIN
DY MAX MIN AVG DEP HDD CDD WTR SNW DPTH SPD SPD DIR MIN PSBL S-S WX SPD DR
================================================================================
1 71 35 53 -3 12 0 0.00 0.0 0 6.1 13 140 M M 0 19 150
2 68 42 55 -1 10 0 0.00 0.0 0 4.2 10 290 M M 0 13 290
3 63 46 55 -1 10 0 0.00 0.0 0 5.5 13 320 M M 0 16 330
4 67 39 53 -3 12 0 0.00 0.0 0 3.8 10 110 M M 0 14 120
5 69 41 55 -1 10 0 0.00 0.0 0 3.2 12 120 M M 0 18 14 280
6 61 43 52 -4 13 0 T M 0 10.6 22 310 M M 2 26 310
7 63 39 51 -6 14 0 0.00 0.0 0 7.2 17 330 M M 0 25 320
8 59 39 49 -8 16 0 0.00 0.0 0 4.5 12 300 M M 2 14 300
9 59 39 49 -8 16 0 0.10 0.0 0 4.7 16 170 M M 4 22 150
10 51 41 46 -11 19 0 0.24 0.0 0 5.4 14 120 M M 7 13 19 120
11 55 37 46 -11 19 0 0.00 0.0 0 5.9 14 300 M M 5 1 19 290
12 63 36 50 -7 15 0 0.00 0.0 0 3.0 14 310 M M 0 1 16 320
13 63 36 50 -7 15 0 0.00 0.0 0 5.3 15 310 M M 0 1 19 300
14 58 37 48 -9 17 0 0.17 0.0 0 6.4 25 290 M M 3 1 31 290
15 50 39 45 -13 20 0 0.06 0.0 0 7.3 20 300 M M 5 24 290
16 58 33 46 -12 19 0 0.00 0.0 0 4.4 10 110 M M 0 1 13 110
17 59 36 48 -10 17 0 0.00 0.0 0 2.6 12 120 M M 2 1 16 120
18 64 48 56 -2 9 0 0.10 0.0 0 4.7 12 150 M M 10 1 15 180
19 59 45 52 -6 13 0 0.07 0.0 0 5.8 16 310 M M 10 1 20 310
20 59 39 49 -9 16 0 0.00 0.0 0 9.8 17 320 M M 0 23 300
21 65 43 54 -4 11 0 0.00 0.0 0 11.8 22 300 M M 0 28 320
22 64 39 52 -6 13 0 0.00 0.0 0 7.0 20 330 M M 1 27 280
23 67 45 56 -2 9 0 0.00 0.0 0 16.8 32 330 M M 0 41 320
24 67 40 54 -4 11 0 0.00 0.0 0 5.6 16 290 M M 0 18 300
25 64 40 52 -6 13 0 0.00 0.0 0 6.4 17 300 M M 2 24 300
26 70 44 57 -1 8 0 0.00 0.0 0 10.6 18 300 M M 0 24 320
27 75 39 57 -2 8 0 0.00 0.0 0 4.2 20 290 M M 0 26 330
28 80 43 62 3 3 0 0.00 0.0 0 3.9 13 320 M M 0 15 320
29 72 48 60 1 5 0 0.00 0.0 0 7.4 15 300 M M 0 21 340
30 76 48 62 3 3 0 0.00 0.0 0 10.7 22 320 M M 0 30 310
31 81 42 62 3 3 0 0.00 0.0 0 2.8 9 340 M M 0 12 120
================================================================================
SM 2000 1261 379 0 0.74 0.0 197.6 M 53
================================================================================
AV 64.5 40.7 6.4 FASTST M M 2 MAX(MPH)
MISC ----> # 32 330 # 41 320
================================================================================
NOTES:
# LAST OF SEVERAL OCCURRENCES
COLUMN 17 PEAK WIND IN M.P.H.
PRELIMINARY LOCAL CLIMATOLOGICAL DATA (WS FORM: F-6) , PAGE 2
STATION: MODESTO CA
MONTH: MARCH
YEAR: 2021
LATITUDE: 37 37 N
LONGITUDE: 120 57 W
[TEMPERATURE DATA] [PRECIPITATION DATA] SYMBOLS USED IN COLUMN 16
AVERAGE MONTHLY: 52.6 TOTAL FOR MONTH: 0.74 1 = FOG OR MIST
DPTR FM NORMAL: -4.9 DPTR FM NORMAL: -1.30 2 = FOG REDUCING VISIBILITY
HIGHEST: 81 ON 31 GRTST 24HR 0.24 ON 10-10 TO 1/4 MILE OR LESS
LOWEST: 33 ON 16 3 = THUNDER
SNOW, ICE PELLETS, HAIL 4 = ICE PELLETS
TOTAL MONTH: 0.0 INCH 5 = HAIL
GRTST 24HR 0.0 6 = FREEZING RAIN OR DRIZZLE
GRTST DEPTH: 0 7 = DUSTSTORM OR SANDSTORM:
VSBY 1/2 MILE OR LESS
8 = SMOKE OR HAZE
[NO. OF DAYS WITH] [WEATHER - DAYS WITH] 9 = BLOWING SNOW
X = TORNADO
MAX 32 OR BELOW: 0 0.01 INCH OR MORE: 6
MAX 90 OR ABOVE: 0 0.10 INCH OR MORE: 4
MIN 32 OR BELOW: 0 0.50 INCH OR MORE: 0
MIN 0 OR BELOW: 0 1.00 INCH OR MORE: 0
[HDD (BASE 65) ]
TOTAL THIS MO. 379 CLEAR (SCALE 0-3) 25
DPTR FM NORMAL 142 PTCLDY (SCALE 4-7) 4
TOTAL FM JUL 1 2271 CLOUDY (SCALE 8-10) 2
DPTR FM NORMAL 266
[CDD (BASE 65) ]
TOTAL THIS MO. 0
DPTR FM NORMAL -5 [PRESSURE DATA]
TOTAL FM JAN 1 0 HIGHEST SLP 30.31 ON 20
DPTR FM NORMAL -5 LOWEST SLP 29.71 ON 3
[REMARKS]
#FINAL-03-21#