000
CXUS53 KBIS 010830
CF6MOT
PRELIMINARY LOCAL CLIMATOLOGICAL DATA (WS FORM: F-6)
STATION: MINOT ND
MONTH: MARCH
YEAR: 2022
LATITUDE: 48 15 N
LONGITUDE: 101 16 W
TEMPERATURE IN F: :PCPN: SNOW: WIND :SUNSHINE: SKY :PK WND
================================================================================
1 2 3 4 5 6A 6B 7 8 9 10 11 12 13 14 15 16 17 18
12Z AVG MX 2MIN
DY MAX MIN AVG DEP HDD CDD WTR SNW DPTH SPD SPD DIR MIN PSBL S-S WX SPD DR
================================================================================
1 26 18 22 0 43 0 M M M 5.9 10 50 M M 10 1 12 50
2 23 1 12 -10 53 0 M M M 8.9 15 50 M M 5 1 19 30
3 16 -2 7 -16 58 0 M M M 8.6 18 90 M M 6 1 23 100
4 21 15 18 -5 47 0 0.00 M M 12.8 21 90 M M 10 18 24 90
5 22 15 19 -5 46 0 M M M 15.6 24 280 M M 10 18 31 280
6 22 12 17 -7 48 0 T M M 18.2 24 290 M M 6 8 31 290
7 36 11 24 -1 41 0 0.00 M M 14.9 35 290 M M 5 44 290
8 30 7 19 -6 46 0 T M M 26.1 39 280 M M 8 89 49 280
9 11 -1 5 -21 60 0 T M M 15.9 26 300 M M 4 89 32 280
10 26 -3 12 -14 53 0 T M M 22.1 41 290 M M 3 18 52 260
11 4 -8 -2 -29 67 0 0.00 M M 16.1 30 280 M M 0 8 41 280
12 39 -3 18 -9 47 0 0.00 M M 14.1 24 270 M M 5 33 260
13 31 18 25 -3 40 0 0.00 M M 8.2 22 260 M M 4 28 260
14 42 17 30 2 35 0 0.00 M M 8.3 20 210 M M 7 26 210
15 50 37 44 15 21 0 0.00 M M 9.0 17 210 M M 4 23 200
16 46 35 41 12 24 0 0.00 M M 16.2 29 260 M M 2 42 230
17 46 28 37 7 28 0 0.00 M M 9.5 17 310 M M 0 23 270
18 59 27 43 13 22 0 0.00 M M 10.8 25 170 M M 1 34 190
19 56 30 43 12 22 0 0.00 M M 7.2 17 280 M M 1 22 280
20 56 31 44 13 21 0 0.00 M M 9.5 22 110 M M 0 28 120
21 49 30 40 8 25 0 T M M 16.1 26 280 M M 6 34 300
22 47 29 38 6 27 0 0.00 M M 18.9 36 310 M M 1 51 300
23 51 26 39 6 26 0 0.00 M M 8.8 16 300 M M 0 23 290
24 65 27 46 13 19 0 T M M 20.2 41 280 M M 5 56 280
25 41 18 30 -4 35 0 0.00 M M 21.6 38 300 M M 1 48 300
26 29 13 21 -13 44 0 0.00 M M 7.4 15 350 M M 0 19 340
27 41 16 29 -6 36 0 0.00 M M 14.0 21 110 M M 4 31 110
28 55 24 40 5 25 0 0.00 M M 15.3 24 150 M M 1 37 120
29 40 27 34 -2 31 0 T M M 13.5 28 300 M M 6 168 37 290
30 40 22 31 -5 34 0 0.00 M M 13.9 25 340 M M 7 33 330
31 53 18 36 -1 29 0 0.00 M M 7.4 15 150 M M 1 24 130
================================================================================
SM 1173 535 1153 0 T M 415.0 M 123
================================================================================
AV 37.8 17.3 13.4 FASTST M M 4 MAX(MPH)
MISC ----> # 41 290 56 280
================================================================================
NOTES:
# LAST OF SEVERAL OCCURRENCES
COLUMN 17 PEAK WIND IN M.P.H.
PRELIMINARY LOCAL CLIMATOLOGICAL DATA (WS FORM: F-6) , PAGE 2
STATION: MINOT ND
MONTH: MARCH
YEAR: 2022
LATITUDE: 48 15 N
LONGITUDE: 101 16 W
[TEMPERATURE DATA] [PRECIPITATION DATA] SYMBOLS USED IN COLUMN 16
AVERAGE MONTHLY: 27.5 TOTAL FOR MONTH: T 1 = FOG OR MIST
DPTR FM NORMAL: -1.7 DPTR FM NORMAL: -0.51 2 = FOG REDUCING VISIBILITY
HIGHEST: 65 ON 24 GRTST 24HR 0.04 ON 28- 1 TO 1/4 MILE OR LESS
LOWEST: -8 ON 11 3 = THUNDER
SNOW, ICE PELLETS, HAIL 4 = ICE PELLETS
TOTAL MONTH: M 5 = HAIL
GRTST 24HR M ON M 6 = FREEZING RAIN OR DRIZZLE
GRTST DEPTH: M ON M 7 = DUSTSTORM OR SANDSTORM:
VSBY 1/2 MILE OR LESS
8 = SMOKE OR HAZE
[NO. OF DAYS WITH] [WEATHER - DAYS WITH] 9 = BLOWING SNOW
X = TORNADO
MAX 32 OR BELOW: 12 0.01 INCH OR MORE: 0
MAX 90 OR ABOVE: 0 0.10 INCH OR MORE: 0
MIN 32 OR BELOW: 29 0.50 INCH OR MORE: 0
MIN 0 OR BELOW: 5 1.00 INCH OR MORE: 0
[HDD (BASE 65) ]
TOTAL THIS MO. 1153 CLEAR (SCALE 0-3) 13
DPTR FM NORMAL 45 PTCLDY (SCALE 4-7) 15
TOTAL FM JUL 1 7214 CLOUDY (SCALE 8-10) 3
DPTR FM NORMAL -150
[CDD (BASE 65) ]
TOTAL THIS MO. 0
DPTR FM NORMAL 0 [PRESSURE DATA]
TOTAL FM JAN 1 0 HIGHEST SLP 30.56 ON 3
DPTR FM NORMAL 0 LOWEST SLP 29.60 ON 29
[REMARKS]
#FINAL-03-22#