000
CXUS53 KMQT 010900
CF6MQT
PRELIMINARY LOCAL CLIMATOLOGICAL DATA (WS FORM: F-6)
STATION: MARQUETTE MI
MONTH: SEPTEMBER
YEAR: 2022
LATITUDE: 46 31 N
LONGITUDE: 87 33 W
TEMPERATURE IN F: :PCPN: SNOW: WIND :SUNSHINE: SKY :PK WND
================================================================================
1 2 3 4 5 6A 6B 7 8 9 10 11 12 13 14 15 16 17 18
12Z AVG MX 2MIN
DY MAX MIN AVG DEP HDD CDD WTR SNW DPTH SPD SPD DIR MIN PSBL S-S WX SPD DR
================================================================================
1 86 51 69 8 0 4 0.00 0.0 0 M M M M M M 20 225
2 90 66 78 17 0 13 T 0.0 0 M M M M M M 33 180
3 71 46 59 -2 6 0 0.00 0.0 0 M M M M M M 24 315
4 62 43 53 -7 12 0 0.00 0.0 0 M M M M M M 14 90
5 68 39 54 -6 11 0 0.00 0.0 0 M M M M M M 13 90
6 78 42 60 0 5 0 0.00 0.0 0 M M M M M M 13 225
7 76 51 64 4 1 0 0.00 0.0 0 M M M M M M 13 45
8 83 51 67 8 0 2 0.00 0.0 0 M M M M M M 28 135
9 83 57 70 11 0 5 0.09 0.0 0 M M M M M M 13 20 225
10 58 53 56 -3 9 0 0.72 0.0 0 M M M M M M 3 13 360
11 61 52 57 -1 8 0 0.01 0.0 0 M M M M M M 18 360
12 64 50 57 -1 8 0 T 0.0 0 M M M M M M 20 45
13 74 45 60 2 5 0 0.00 0.0 0 M M M M M M 19 315
14 57 41 49 -8 16 0 0.00 0.0 0 M M M M M M 17 360
15 72 40 56 -1 9 0 0.06 0.0 0 M M M M M M 24 180
16 73 60 67 11 0 2 0.09 0.0 0 M M M M M M 13 18 180
17 81 61 71 15 0 6 0.01 0.0 0 M M M M M M 23 225
18 78 58 68 12 0 3 0.00 0.0 0 M M M M M M 1 19 270
19 78 55 67 12 0 2 0.00 0.0 0 M M M M M M 24 270
20 83 54 69 14 0 4 0.00 0.0 0 M M M M M M 21 270
21 69 45 57 3 8 0 0.16 0.0 0 M M M M M M 3 34 270
22 53 34 44 -10 21 0 0.14 0.0 0 M M M M M M 27 360
23 63 32 48 -6 17 0 0.00 0.0 0 M M M M M M 24 270
24 53 47 50 -3 15 0 0.22 0.0 0 M M M M M M 1 16 270
25 57 44 51 -2 14 0 0.23 0.0 0 M M M M M M 20 270
26 49 42 46 -6 19 0 0.74 0.0 0 M M M M M M 29 315
27 42 38 40 -12 25 0 0.44 0.0 0 M M M M M M 27 315
28 49 33 41 -10 24 0 T 0.0 0 M M M M M M 17 315
29 63 33 48 -3 17 0 0.00 0.0 0 M M M M M M 17 225
30 70 41 56 6 9 0 0.00 0.0 0 M M M M M M 14 225
================================================================================
SM 2044 1404 259 41 2.91 0.0 M M M
================================================================================
AV 68.1 46.8 M FASTST M M M MAX(MPH)
MISC ----> M M 34 270
================================================================================
NOTES:
# LAST OF SEVERAL OCCURRENCES
COLUMN 17 PEAK WIND IN M.P.H.
PRELIMINARY LOCAL CLIMATOLOGICAL DATA (WS FORM: F-6) , PAGE 2
STATION: MARQUETTE MI
MONTH: SEPTEMBER
YEAR: 2022
LATITUDE: 46 31 N
LONGITUDE: 87 33 W
[TEMPERATURE DATA] [PRECIPITATION DATA] SYMBOLS USED IN COLUMN 16
AVERAGE MONTHLY: 57.5 TOTAL FOR MONTH: 2.91 1 = FOG OR MIST
DPTR FM NORMAL: 1.2 DPTR FM NORMAL: -1.05 2 = FOG REDUCING VISIBILITY
HIGHEST: 90 ON 2 GRTST 24HR 0.74 ON 26-26 TO 1/4 MILE OR LESS
LOWEST: 32 ON 23 3 = THUNDER
SNOW, ICE PELLETS, HAIL 4 = ICE PELLETS
TOTAL MONTH: 0.0 INCH 5 = HAIL
GRTST 24HR 0.0 6 = FREEZING RAIN OR DRIZZLE
GRTST DEPTH: 0 7 = DUSTSTORM OR SANDSTORM:
VSBY 1/2 MILE OR LESS
8 = SMOKE OR HAZE
[NO. OF DAYS WITH] [WEATHER - DAYS WITH] 9 = BLOWING SNOW
X = TORNADO
MAX 32 OR BELOW: 0 0.01 INCH OR MORE: 12
MAX 90 OR ABOVE: 1 0.10 INCH OR MORE: 7
MIN 32 OR BELOW: 1 0.50 INCH OR MORE: 2
MIN 0 OR BELOW: 0 1.00 INCH OR MORE: 0
[HDD (BASE 65) ]
TOTAL THIS MO. 259 CLEAR (SCALE 0-3) 0
DPTR FM NORMAL -26 PTCLDY (SCALE 4-7) 0
TOTAL FM JUL 1 361 CLOUDY (SCALE 8-10) 30
DPTR FM NORMAL -111
[CDD (BASE 65) ]
TOTAL THIS MO. 41
DPTR FM NORMAL 17 [PRESSURE DATA]
TOTAL FM JAN 1 316 HIGHEST SLP M ON M
DPTR FM NORMAL 80 LOWEST SLP M ON M
[REMARKS]
#FINAL-09-22#