000
CXUS56 KMTR 011100
CF6MRY
PRELIMINARY LOCAL CLIMATOLOGICAL DATA (WS FORM: F-6)
STATION: MONTEREY AIRPORT
MONTH: JANUARY
YEAR: 2022
LATITUDE: 36 34 N
LONGITUDE: 121 51 W
TEMPERATURE IN F: :PCPN: SNOW: WIND :SUNSHINE: SKY :PK WND
================================================================================
1 2 3 4 5 6A 6B 7 8 9 10 11 12 13 14 15 16 17 18
12Z AVG MX 2MIN
DY MAX MIN AVG DEP HDD CDD WTR SNW DPTH SPD SPD DIR MIN PSBL S-S WX SPD DR
================================================================================
1 59 37 48 -4 17 0 0.00 M M 5.4 12 110 M M 0 14 360
2 61 37 49 -3 16 0 0.00 M M 5.1 12 240 M M 0 15 230
3 59 43 51 -1 14 0 0.00 M M 4.4 13 220 M M 8 15 220
4 62 49 56 4 9 0 T M M 2.2 9 290 M M 7 12 12 310
5 62 46 54 2 11 0 0.00 M M 3.4 9 100 M M 4 12 10 110
6 58 47 53 1 12 0 0.00 M M 4.2 10 260 M M 7 128 13 250
7 59 50 55 3 10 0 0.00 M M 2.5 9 260 M M 9 18 13 270
8 66 43 55 3 10 0 0.00 M M 4.6 10 50 M M 2 14 60
9 68 40 54 2 11 0 0.00 M M 3.9 12 220 M M 0 13 220
10 73 46 60 8 5 0 0.00 M M 4.2 12 110 M M 0 14 280
11 75 46 61 9 4 0 0.00 M M 3.4 10 320 M M 0 13 320
12 72 43 58 6 7 0 0.00 M M 3.2 10 120 M M 0 8 12 100
13 67 47 57 5 8 0 0.00 M M 4.3 13 100 M M 0 8 15 110
14 69 41 55 3 10 0 0.00 M M 3.1 10 70 M M 0 13 60
15 71 48 60 8 5 0 0.00 M M 5.0 13 90 M M 3 15 90
16 73 50 62 10 3 0 0.00 M M 2.8 9 110 M M 8 11 210
17 65 51 58 6 7 0 T M M 3.2 10 220 M M 7 18 13 220
18 60 50 55 3 10 0 0.00 M M 4.5 10 330 M M 8 1 13 290
19 61 45 53 1 12 0 0.00 M M 4.2 12 110 M M 4 128 12 110
20 68 42 55 2 10 0 0.00 M M 3.1 14 290 M M 2 12 17 290
21 71 46 59 6 6 0 0.00 M M 6.8 14 50 M M 0 21 60
22 68 42 55 2 10 0 0.00 M M 5.0 10 40 M M 0 8 14 50
23 68 41 55 2 10 0 0.00 M M 4.6 12 100 M M 0 8 12 110
24 61 39 50 -3 15 0 0.00 M M 5.8 9 250 M M 0 13 230
25 59 41 50 -3 15 0 0.00 M M 3.9 10 280 M M 3 128 14 270
26 65 43 54 1 11 0 0.00 M M 2.9 9 110 M M 0 8 10 110
27 69 41 55 2 10 0 0.00 M M 4.0 9 240 M M 0 12 11 330
28 73 44 59 6 6 0 0.00 M M 5.8 12 250 M M 0 15 130
29 65 43 54 1 11 0 0.00 M M 5.1 10 120 M M 0 13 110
30 63 38 51 -2 14 0 0.00 M M 4.2 17 290 M M 1 24 290
31 64 42 53 0 12 0 0.00 M M 3.7 10 300 M M 1 1 14 290
================================================================================
SM 2034 1361 311 0 T M 128.5 M 74
================================================================================
AV 65.6 43.9 4.1 FASTST M M 2 MAX(MPH)
MISC ----> 17 290 24 290
================================================================================
NOTES:
# LAST OF SEVERAL OCCURRENCES
COLUMN 17 PEAK WIND IN M.P.H.
PRELIMINARY LOCAL CLIMATOLOGICAL DATA (WS FORM: F-6) , PAGE 2
STATION: MONTEREY AIRPORT
MONTH: JANUARY
YEAR: 2022
LATITUDE: 36 34 N
LONGITUDE: 121 51 W
[TEMPERATURE DATA] [PRECIPITATION DATA] SYMBOLS USED IN COLUMN 16
AVERAGE MONTHLY: 54.8 TOTAL FOR MONTH: T 1 = FOG OR MIST
DPTR FM NORMAL: 2.3 DPTR FM NORMAL: -3.49 2 = FOG REDUCING VISIBILITY
HIGHEST: 75 ON 11 GRTST 24HR 0.28 ON 3- 4 TO 1/4 MILE OR LESS
LOWEST: 37 ON 2, 1 3 = THUNDER
SNOW, ICE PELLETS, HAIL 4 = ICE PELLETS
TOTAL MONTH: M 5 = HAIL
GRTST 24HR M ON M 6 = FREEZING RAIN OR DRIZZLE
GRTST DEPTH: M ON M 7 = DUSTSTORM OR SANDSTORM:
VSBY 1/2 MILE OR LESS
8 = SMOKE OR HAZE
[NO. OF DAYS WITH] [WEATHER - DAYS WITH] 9 = BLOWING SNOW
X = TORNADO
MAX 32 OR BELOW: 0 0.01 INCH OR MORE: 0
MAX 90 OR ABOVE: 0 0.10 INCH OR MORE: 0
MIN 32 OR BELOW: 0 0.50 INCH OR MORE: 0
MIN 0 OR BELOW: 0 1.00 INCH OR MORE: 0
[HDD (BASE 65) ]
TOTAL THIS MO. 311 CLEAR (SCALE 0-3) 21
DPTR FM NORMAL -78 PTCLDY (SCALE 4-7) 8
TOTAL FM JUL 1 1075 CLOUDY (SCALE 8-10) 2
DPTR FM NORMAL -470
[CDD (BASE 65) ]
TOTAL THIS MO. 0
DPTR FM NORMAL 0 [PRESSURE DATA]
TOTAL FM JAN 1 0 HIGHEST SLP 30.46 ON 10
DPTR FM NORMAL 0 LOWEST SLP 29.98 ON 7
[REMARKS]
#FINAL-01-22#