000
CXUS53 KMKX 011517
CLMMSN
CLIMATE REPORT
NATIONAL WEATHER SERVICE MILWAUKEE/SULLIVAN WI
1017 AM CDT TUE AUG 01 2023
...................................
...THE MADISON WI CLIMATE SUMMARY FOR THE MONTH OF JULY 2023...
CLIMATE NORMAL PERIOD 1991 TO 2020
CLIMATE RECORD PERIOD 1871 TO 2023
WEATHER OBSERVED NORMAL DEPART LAST YEAR`S
VALUE DATE(S) VALUE FROM VALUE DATE(S)
NORMAL
................................................................
TEMPERATURE (F)
RECORD
HIGH 107 07/14/1936
LOW 36 07/06/1965
HIGHEST 92 07/03 93 -1 90 07/23
LOWEST 52 07/18 51 1 53 07/10
AVG. MAXIMUM 83.6 82.1 1.5 82.8
AVG. MINIMUM 61.2 61.6 -0.4 62.6
MEAN 72.4 71.9 0.5 72.7
DAYS MAX >= 90 4 3.6 0.4 1
DAYS MAX <= 32 0 0.0 0.0 0
DAYS MIN <= 32 0 0.0 0.0 0
DAYS MIN <= 0 0 0.0 0.0 0
PRECIPITATION (INCHES)
RECORD
MAXIMUM 10.93 1950
MINIMUM 0.29 1909
TOTALS 6.21 4.51 1.70 5.42
DAILY AVG. 0.20 0.15 0.05 0.17
DAYS >= .01 11 10.2 0.8 10
DAYS >= .10 8 6.5 1.5 7
DAYS >= .50 4 3.0 1.0 4
DAYS >= 1.00 2 1.6 0.4 2
GREATEST
24 HR. TOTAL 1.68 07/12 TO 07/12 1.92 07/05 TO 07/06
DEGREE DAYS
HEATING TOTAL 0 9 -9 0
SINCE 7/1 0 0 0 0
COOLING TOTAL 237 221 16 246
SINCE 1/1 442 397 45 523
................................................................
WIND (MPH)
AVERAGE WIND SPEED 4.5
HIGHEST WIND SPEED/DIRECTION 38/340 DATE 07/28
HIGHEST GUST SPEED/DIRECTION 58/340 DATE 07/28
SKY COVER
AVERAGE SKY COVER 0.45
NUMBER OF DAYS FAIR 10
NUMBER OF DAYS PC 18
NUMBER OF DAYS CLOUDY 3
AVERAGE RH (PERCENT) 67
WEATHER CONDITIONS. NUMBER OF DAYS WITH
THUNDERSTORM 12 MIXED PRECIP 0
HEAVY RAIN 7 RAIN 5
LIGHT RAIN 11 FREEZING RAIN 0
LT FREEZING RAIN 0 HAIL 1
HEAVY SNOW 0 SNOW 0
LIGHT SNOW 0 SLEET 0
FOG 16 FOG W/VIS <= 1/4 MILE 0
HAZE 7
- INDICATES NEGATIVE NUMBERS.
R INDICATES RECORD WAS SET OR TIED.
MM INDICATES DATA IS MISSING.
T INDICATES TRACE AMOUNT.
$$