379
CXUS55 KMSO 042050
CF6MSO
PRELIMINARY LOCAL CLIMATOLOGICAL DATA (WS FORM: F-6)
STATION: MISSOULA MT
MONTH: MARCH
YEAR: 2021
LATITUDE: 46 55 N
LONGITUDE: 114 5 W
TEMPERATURE IN F: :PCPN: SNOW: WIND :SUNSHINE: SKY :PK WND
================================================================================
1 2 3 4 5 6A 6B 7 8 9 10 11 12 13 14 15 16 17 18
12Z AVG MX 2MIN
DY MAX MIN AVG DEP HDD CDD WTR SNW DPTH SPD SPD DIR MIN PSBL S-S WX SPD DR
================================================================================
1 47 19 33 -1 32 0 0.00 0.0 0 1.9 8 350 M M 2 10 350
2 49 28 39 5 26 0 0.00 0.0 0 3.3 17 250 M M 9 26 250
3 55 24 40 6 25 0 0.00 0.0 0 2.0 10 130 M M 0 13 140
4 52 23 38 3 27 0 0.00 0.0 0 0.3 5 110 M M 0 6 140
5 58 25 42 7 23 0 0.00 0.0 0 6.3 20 140 M M 0 23 140
6 48 30 39 3 26 0 0.00 0.0 0 8.1 24 140 M M 5 27 140
7 48 25 37 1 28 0 T 0.0 0 5.4 17 250 M M 7 21 290
8 40 27 34 -2 31 0 0.06 0.8 0 4.5 13 350 M M 8 12 16 10
9 41 27 34 -3 31 0 0.02 0.3 T 3.7 13 160 M M 7 1 15 170
10 43 20 32 -5 33 0 0.00 0.0 0 1.9 9 220 M M 1 12 210
11 47 20 34 -3 31 0 0.00 0.0 0 1.7 10 180 M M 0 13 200
12 51 22 37 -1 28 0 0.00 0.0 0 1.9 9 190 M M 0 11 190
13 57 24 41 3 24 0 0.00 0.0 0 2.4 13 360 M M 0 16 10
14 60 22 41 3 24 0 0.00 0.0 0 1.9 8 340 M M 0 9 350
15 57 28 43 4 22 0 0.00 0.0 0 5.4 18 340 M M 5 22 340
16 59 32 46 7 19 0 0.00 0.0 0 4.5 17 360 M M 7 23 10
17 62 26 44 5 21 0 0.00 0.0 0 1.3 8 300 M M 1 10 220
18 65 29 47 7 18 0 0.00 0.0 0 5.2 20 150 M M 3 24 170
19 53 32 43 3 22 0 0.02 0.0 0 6.6 16 260 M M 7 23 320
20 50 24 37 -3 28 0 T T 0 4.6 26 310 M M 4 33 310
21 47 29 38 -2 27 0 T 0.1 0 4.2 22 280 M M 9 1 25 280
22 47 32 40 -1 25 0 T 0.0 0 3.7 16 260 M M 9 20 250
23 49 26 38 -3 27 0 T T 0 5.4 20 350 M M 8 1 23 350
24 44 29 37 -4 28 0 0.02 0.0 0 5.2 18 210 M M 8 1 22 210
25 50 32 41 -1 24 0 0.02 T 0 6.2 21 300 M M 7 12 25 310
26 47 32 40 -2 25 0 0.03 T 0 8.4 23 280 M M 10 1 30 290
27 57 34 46 4 19 0 0.00 0.0 0 4.8 18 240 M M 7 25 250
28 66 30 48 6 17 0 0.08 0.4 0 9.6 35 250 M M 2 1 44 240
29 40 28 34 -8 31 0 0.05 0.6 1 13.0 28 320 M M 9 12 40 320
30 41 20 31 -12 34 0 T T T 7.3 20 290 M M 7 25 290
31 56 23 40 -3 25 0 0.00 0.0 0 2.0 9 230 M M 1 13 130
================================================================================
SM 1586 822 801 0 0.30 2.2 142.7 M 143
================================================================================
AV 51.2 26.5 4.6 FASTST M M 5 MAX(MPH)
MISC ----> 35 250 44 240
================================================================================
NOTES:
# LAST OF SEVERAL OCCURRENCES
COLUMN 17 PEAK WIND IN M.P.H.
PRELIMINARY LOCAL CLIMATOLOGICAL DATA (WS FORM: F-6) , PAGE 2
STATION: MISSOULA MT
MONTH: MARCH
YEAR: 2021
LATITUDE: 46 55 N
LONGITUDE: 114 5 W
[TEMPERATURE DATA] [PRECIPITATION DATA] SYMBOLS USED IN COLUMN 16
AVERAGE MONTHLY: 38.8 TOTAL FOR MONTH: 0.30 1 = FOG OR MIST
DPTR FM NORMAL: 0.0 DPTR FM NORMAL: -0.70 2 = FOG REDUCING VISIBILITY
HIGHEST: 66 ON 28 GRTST 24HR 0.08 ON 28-29 TO 1/4 MILE OR LESS
LOWEST: 19 ON 1 3 = THUNDER
SNOW, ICE PELLETS, HAIL 4 = ICE PELLETS
TOTAL MONTH: 2.2 INCHES 5 = HAIL
GRTST 24HR 0.8 ON 8- 8 6 = FREEZING RAIN OR DRIZZLE
GRTST DEPTH: 1 ON 29 7 = DUSTSTORM OR SANDSTORM:
VSBY 1/2 MILE OR LESS
8 = SMOKE OR HAZE
[NO. OF DAYS WITH] [WEATHER - DAYS WITH] 9 = BLOWING SNOW
X = TORNADO
MAX 32 OR BELOW: 0 0.01 INCH OR MORE: 8
MAX 90 OR ABOVE: 0 0.10 INCH OR MORE: 0
MIN 32 OR BELOW: 30 0.50 INCH OR MORE: 0
MIN 0 OR BELOW: 0 1.00 INCH OR MORE: 0
[HDD (BASE 65) ]
TOTAL THIS MO. 801 CLEAR (SCALE 0-3) 13
DPTR FM NORMAL -13 PTCLDY (SCALE 4-7) 13
TOTAL FM JUL 1 6023 CLOUDY (SCALE 8-10) 5
DPTR FM NORMAL -158
[CDD (BASE 65) ]
TOTAL THIS MO. 0
DPTR FM NORMAL 0 [PRESSURE DATA]
TOTAL FM JAN 1 0 HIGHEST SLP 30.55 ON 31
DPTR FM NORMAL 0 LOWEST SLP 29.46 ON 28
[REMARKS]
#FINAL-03-21#