000
CXUS54 KLIX 010810
CF6MSY
PRELIMINARY LOCAL CLIMATOLOGICAL DATA (WS FORM: F-6)
STATION: NEW ORLEANS
MONTH: OCTOBER
YEAR: 2023
LATITUDE: 29 58 N
LONGITUDE: 90 15 W
TEMPERATURE IN F: :PCPN: SNOW: WIND :SUNSHINE: SKY :PK WND
================================================================================
1 2 3 4 5 6A 6B 7 8 9 10 11 12 13 14 15 16 17 18
12Z AVG MX 2MIN
DY MAX MIN AVG DEP HDD CDD WTR SNW DPTH SPD SPD DIR MIN PSBL S-S WX SPD DR
================================================================================
1 89 76 83 5 0 18 0.00 0.0 M 10.5 24 90 M M 1 8 31 100
2 87 74 81 4 0 16 0.00 0.0 M 10.3 20 90 M M 2 30 90
3 89 73 81 4 0 16 0.00 0.0 M 10.5 21 100 M M 3 27 80
4 90 69 80 3 0 15 0.00 0.0 M 7.5 18 110 M M 4 18 23 130
5 89 74 82 6 0 17 0.00 0.0 M 5.9 14 130 M M 9 21 170
6 86 76 81 5 0 16 T 0.0 M 8.3 17 360 M M 7 27 20
7 79 67 73 -3 0 8 0.00 0.0 M 12.5 20 10 M M 5 33 10
8 74 60 67 -8 0 2 0.00 0.0 M 8.6 18 30 M M 6 28 20
9 80 57 69 -6 0 4 0.00 0.0 M 5.1 14 150 M M 3 18 150
10 78 59 69 -6 0 4 0.00 0.0 M 2.7 9 110 M M 7 8 12 310
11 74 61 68 -6 0 3 1.05 0.0 M 14.4 31 50 M M 10 1 49 30
12 72 62 67 -7 0 2 0.00 0.0 M 9.6 16 30 M M 10 1 25 20
13 83 69 76 2 0 11 0.00 0.0 M 4.6 10 100 M M 5 15 100
14 80 65 73 0 0 8 0.00 0.0 M 8.5 17 340 M M 3 12 27 330
15 71 60 66 -7 0 1 0.00 0.0 M 12.1 24 340 M M 4 34 350
16 70 55 63 -10 2 0 0.00 0.0 M 10.0 17 300 M M 2 27 360
17 73 52 63 -9 2 0 0.00 0.0 M 5.1 10 230 M M 0 20 260
18 75 51 63 -9 2 0 0.00 0.0 M 4.1 12 150 M M 1 17 170
19 82 60 71 -1 0 6 0.00 0.0 M 5.4 14 180 M M 4 17 170
20 87 66 77 6 0 12 0.00 0.0 M 8.7 18 280 M M 1 23 270
21 86 63 75 4 0 10 0.00 0.0 M 5.7 12 100 M M 4 16 110
22 86 64 75 5 0 10 0.00 0.0 M 2.5 8 140 M M 7 18 11 330
23 87 63 75 5 0 10 0.00 0.0 M 5.7 14 130 M M 5 18 18 140
24 85 68 77 7 0 12 0.00 0.0 M 11.9 23 120 M M 4 28 120
25 87 68 78 9 0 13 0.00 0.0 M 12.7 23 110 M M 3 30 110
26 86 70 78 9 0 13 0.00 0.0 M 11.0 20 110 M M 4 27 110
27 86 72 79 11 0 14 0.00 0.0 M 6.8 13 90 M M 5 17 10
28 85 69 77 9 0 12 0.00 0.0 M 7.2 17 90 M M 3 24 130
29 86 70 78 10 0 13 0.00 0.0 M 7.5 14 140 M M 4 20 130
30 78 55 67 0 0 2 0.00 0.0 M 9.1 20 360 M M 7 1 29 340
31 61 51 56 -11 9 0 0.01 0.0 M 13.6 21 350 M M 8 1 34 360
================================================================================
SM 2521 1999 15 268 1.06 0.0 258.1 M 141
================================================================================
AV 81.3 64.5 8.3 FASTST M M 5 MAX(MPH)
MISC ----> 31 50 49 30
================================================================================
NOTES:
# LAST OF SEVERAL OCCURRENCES
COLUMN 17 PEAK WIND IN M.P.H.
PRELIMINARY LOCAL CLIMATOLOGICAL DATA (WS FORM: F-6) , PAGE 2
STATION: NEW ORLEANS
MONTH: OCTOBER
YEAR: 2023
LATITUDE: 29 58 N
LONGITUDE: 90 15 W
[TEMPERATURE DATA] [PRECIPITATION DATA] SYMBOLS USED IN COLUMN 16
AVERAGE MONTHLY: 72.9 TOTAL FOR MONTH: 1.06 1 = FOG OR MIST
DPTR FM NORMAL: 0.4 DPTR FM NORMAL: -2.64 2 = FOG REDUCING VISIBILITY
HIGHEST: 90 ON 4 GRTST 24HR 1.05 ON 11-11 TO 1/4 MILE OR LESS
LOWEST: 51 ON 31,18 3 = THUNDER
SNOW, ICE PELLETS, HAIL 4 = ICE PELLETS
TOTAL MONTH: 0.0 INCH 5 = HAIL
GRTST 24HR 0.0 6 = FREEZING RAIN OR DRIZZLE
GRTST DEPTH: M ON M 7 = DUSTSTORM OR SANDSTORM:
VSBY 1/2 MILE OR LESS
8 = SMOKE OR HAZE
[NO. OF DAYS WITH] [WEATHER - DAYS WITH] 9 = BLOWING SNOW
X = TORNADO
MAX 32 OR BELOW: 0 0.01 INCH OR MORE: 2
MAX 90 OR ABOVE: 1 0.10 INCH OR MORE: 1
MIN 32 OR BELOW: 0 0.50 INCH OR MORE: 1
MIN 0 OR BELOW: 0 1.00 INCH OR MORE: 1
[HDD (BASE 65) ]
TOTAL THIS MO. 15 CLEAR (SCALE 0-3) 7
DPTR FM NORMAL -6 PTCLDY (SCALE 4-7) 21
TOTAL FM JUL 1 15 CLOUDY (SCALE 8-10) 3
DPTR FM NORMAL -2
[CDD (BASE 65) ]
TOTAL THIS MO. 268
DPTR FM NORMAL 16 [PRESSURE DATA]
TOTAL FM JAN 1 3804 HIGHEST SLP M ON M
DPTR FM NORMAL 695 LOWEST SLP 29.60 ON 11
[REMARKS]
#FINAL-10-23#