000
CXUS55 KGJT 010910
CF6MTJ
PRELIMINARY LOCAL CLIMATOLOGICAL DATA (WS FORM: F-6)
STATION: MONTROSE CO
MONTH: JUNE
YEAR: 2021
LATITUDE: 38 30 N
LONGITUDE: 107 53 W
TEMPERATURE IN F: :PCPN: SNOW: WIND :SUNSHINE: SKY :PK WND
================================================================================
1 2 3 4 5 6A 6B 7 8 9 10 11 12 13 14 15 16 17 18
12Z AVG MX 2MIN
DY MAX MIN AVG DEP HDD CDD WTR SNW DPTH SPD SPD DIR MIN PSBL S-S WX SPD DR
================================================================================
1 82 44 63 -1 2 0 0.00 M M 8.5 21 310 M M 0 29 310
2 85 50 68 3 0 3 0.00 M M 7.2 16 360 M M 0 23 350
3 89 50 70 5 0 5 0.00 M M 8.3 20 130 M M 0 26 350
4 92 58 75 10 0 10 0.06 M M 7.8 38 300 M M 0 3 55 150
5 93 60 77 11 0 12 0.03 M M 9.9 29 300 M M 1 40 300
6 89 57 73 7 0 8 T M M 8.7 28 150 M M 0 3 33 160
7 91 63 77 11 0 12 0.00 M M 9.7 21 260 M M 0 29 280
8 87 58 73 6 0 8 0.00 M M 11.4 28 250 M M 1 39 260
9 90 52 71 4 0 6 0.00 M M 7.2 16 240 M M 0 21 250
10 89 57 73 6 0 8 0.00 M M 11.4 31 210 M M 0 45 200
11 87 47 67 -1 0 2 0.00 M M 7.8 17 330 M M 0 24 330
12 94 48 71 3 0 6 0.00 M M 7.6 17 310 M M 0 23 320
13 98 51 75 7 0 10 0.00 M M 8.4 20 250 M M 0 28 250
14 98 56 77 9 0 12 0.00 M M 7.9 16 130 M M 0 20 320
15 99 55 77 8 0 12 0.00 M M 7.0 15 130 M M 0 19 350
16 100 60 80 11 0 15 0.00 M M 7.2 16 320 M M 0 8 22 350
17 98 60 79 10 0 14 0.00 M M 9.0 30 170 M M 0 8 44 160
18 95 63 79 9 0 14 0.00 M M 10.1 32 140 M M 0 42 90
19 92 64 78 8 0 13 0.03 M M 6.9 24 30 M M 1 3 35 40
20 96 56 76 6 0 11 0.00 M M 8.7 25 310 M M 0 32 300
21 92 57 75 5 0 10 0.00 M M 8.8 21 340 M M 0 28 350
22 94 59 77 6 0 12 0.00 M M 9.6 22 220 M M 0 34 210
23 85 59 72 1 0 7 0.04 M M 7.2 33 220 M M 3 51 220
24 80 54 67 -4 0 2 0.30 M M 8.1 28 290 M M 4 13 38 270
25 76 49 63 -8 2 0 0.36 M M 5.9 28 310 M M 2 3 34 300
26 77 50 64 -8 1 0 T M M 6.2 21 320 M M 2 28 340
27 81 49 65 -7 0 0 0.00 M M 10.3 22 40 M M 1 31 350
28 82 51 67 -5 0 2 0.00 M M 8.6 24 110 M M 0 32 110
29 78 60 69 -3 0 4 T M M 9.2 23 140 M M 4 32 240
30 80 58 69 -3 0 4 T M M 6.3 17 210 M M 4 23 210
================================================================================
SM 2669 1655 5 222 0.82 M 250.9 M 23
================================================================================
AV 89.0 55.2 8.4 FASTST M M 1 MAX(MPH)
MISC ----> 38 300 55 150
================================================================================
NOTES:
# LAST OF SEVERAL OCCURRENCES
COLUMN 17 PEAK WIND IN M.P.H.
PRELIMINARY LOCAL CLIMATOLOGICAL DATA (WS FORM: F-6) , PAGE 2
STATION: MONTROSE CO
MONTH: JUNE
YEAR: 2021
LATITUDE: 38 30 N
LONGITUDE: 107 53 W
[TEMPERATURE DATA] [PRECIPITATION DATA] SYMBOLS USED IN COLUMN 16
AVERAGE MONTHLY: 72.1 TOTAL FOR MONTH: 0.82 1 = FOG OR MIST
DPTR FM NORMAL: 3.4 DPTR FM NORMAL: 0.46 2 = FOG REDUCING VISIBILITY
HIGHEST: 100 ON 16 GRTST 24HR 0.36 ON 25-25 TO 1/4 MILE OR LESS
LOWEST: 44 ON 1 3 = THUNDER
SNOW, ICE PELLETS, HAIL 4 = ICE PELLETS
TOTAL MONTH: M 5 = HAIL
GRTST 24HR M ON M 6 = FREEZING RAIN OR DRIZZLE
GRTST DEPTH: M ON M 7 = DUSTSTORM OR SANDSTORM:
VSBY 1/2 MILE OR LESS
8 = SMOKE OR HAZE
[NO. OF DAYS WITH] [WEATHER - DAYS WITH] 9 = BLOWING SNOW
X = TORNADO
MAX 32 OR BELOW: 0 0.01 INCH OR MORE: 6
MAX 90 OR ABOVE: 15 0.10 INCH OR MORE: 2
MIN 32 OR BELOW: 0 0.50 INCH OR MORE: 0
MIN 0 OR BELOW: 0 1.00 INCH OR MORE: 0
[HDD (BASE 65) ]
TOTAL THIS MO. 5 CLEAR (SCALE 0-3) 26
DPTR FM NORMAL -30 PTCLDY (SCALE 4-7) 4
TOTAL FM JUL 1 5900 CLOUDY (SCALE 8-10) 0
DPTR FM NORMAL -114
[CDD (BASE 65) ]
TOTAL THIS MO. 222
DPTR FM NORMAL 76 [PRESSURE DATA]
TOTAL FM JAN 1 232 HIGHEST SLP M ON M
DPTR FM NORMAL 65 LOWEST SLP 29.59 ON 5
[REMARKS]
#FINAL-06-21#