000
CXUS53 KGRB 171613
CF6MTW
PRELIMINARY LOCAL CLIMATOLOGICAL DATA (WS FORM: F-6)
STATION: MANITOWOC AWOS
MONTH: DECEMBER
YEAR: 2021
LATITUDE: 44 7 N
LONGITUDE: 87 40 W
TEMPERATURE IN F: :PCPN: SNOW: WIND :SUNSHINE: SKY :PK WND
================================================================================
1 2 3 4 5 6A 6B 7 8 9 10 11 12 13 14 15 16 17 18
12Z AVG MX 2MIN
DY MAX MIN AVG DEP HDD CDD WTR SNW DPTH SPD SPD DIR MIN PSBL S-S WX SPD DR
================================================================================
1 51 26 39 M 26 0 M M M 8.6 17 250 M M 6 35 240
2 51 32 42 M 23 0 M M M 13.2 24 300 M M 3 33 260
3 38 31 35 M 30 0 0.05 M M 3.4 9 290 M M 9 18 M M
4 35 28 32 M 33 0 M M M 11.5 17 290 M M 2 26 290
5 38 27 33 M 32 0 0.25 M M 11.4 28 110 M M 10 1 35 120
6 34 6 20 M 45 0 T M M 19.9 31 280 M M 7 46 280
7 19 2 11 M 54 0 T M M 7.2 15 290 M M 6 21 290
8 25 15 20 M 45 0 T M M 3.8 9 330 M M 5 1 M M
9 37 20 29 M 36 0 0.01 M M 8.6 22 150 M M 9 1 31 150
10 37 31 34 M 31 0 0.47 M M 7.5 16 300 M M 9 1 28 70
11 37 28 33 M 32 0 0.27 M M 14.1 28 320 M M 6 1 39 290
12 43 28 36 M 29 0 M M M 11.1 17 220 M M 0 24 230
13 44 26 35 M 30 0 M M M 8.5 18 280 M M 0 23 280
14 43 25 34 M 31 0 T M M 10.5 15 130 M M 2 1 21 130
15 51 42 47 M 18 0 0.01 M M 13.9 24 170 M M 10 1238 31 170
16 63 25 44 M 21 0 T M M 22.7 36 220 M M 5 8 55 240
17 25 19 22 M 43 0 M M M 8.1 17 260 M M 3 22 260
18 30 24 27 M 38 0 T M M 9.4 17 330 M M 10 1 21 340
19 35 24 30 M 35 0 T M M 8.4 16 190 M M 6 24 190
20 37 23 30 M 35 0 M M M 11.3 16 260 M M 2 22 210
21 35 18 27 M 38 0 T M M 10.3 23 290 M M 7 37 300
22 22 12 17 M 48 0 T M M 9.1 21 290 M M 5 31 290
23 38 21 30 M 35 0 0.03 M M 5.5 16 160 M M 8 M M
24 44 23 34 M 31 0 T M M 7.9 17 150 M M 7 128 21 160
25 42 27 35 M 30 0 M M M 8.3 15 330 M M 3 18 22 330
26 34 22 28 M 37 0 T M M 8.6 18 100 M M 5 M M
27 38 23 31 M 34 0 0.03 M M 16.4 28 100 M M 7 1 37 100
28 35 19 27 M 38 0 0.21 M M 8.4 23 280 M M 6 1 33 280
29 36 15 26 M 39 0 0.01 M M 10.8 18 280 M M 6 1 28 280
30 31 11 21 M 44 0 T M M 3.4 8 320 M M 9 1 M M
31 33 27 30 M 35 0 T M M 7.1 13 360 M M 10 1 20 280
================================================================================
SM 1161 700 1076 0 1.34 M 309.0 M 183
================================================================================
AV 37.5 22.6 10.0 FASTST M M 6 MAX(MPH)
MISC ----> 36 220 55 240
================================================================================
NOTES:
# LAST OF SEVERAL OCCURRENCES
COLUMN 17 PEAK WIND IN M.P.H.
PRELIMINARY LOCAL CLIMATOLOGICAL DATA (WS FORM: F-6) , PAGE 2
STATION: MANITOWOC AWOS
MONTH: DECEMBER
YEAR: 2021
LATITUDE: 44 7 N
LONGITUDE: 87 40 W
[TEMPERATURE DATA] [PRECIPITATION DATA] SYMBOLS USED IN COLUMN 16
AVERAGE MONTHLY: 30.0 TOTAL FOR MONTH: 1.34 1 = FOG OR MIST
DPTR FM NORMAL: 0.0 DPTR FM NORMAL: M 2 = FOG REDUCING VISIBILITY
HIGHEST: 63 ON 16 GRTST 24HR 0.74 ON 10-11 TO 1/4 MILE OR LESS
LOWEST: 2 ON 7 3 = THUNDER
SNOW, ICE PELLETS, HAIL 4 = ICE PELLETS
TOTAL MONTH: M 5 = HAIL
GRTST 24HR M ON M 6 = FREEZING RAIN OR DRIZZLE
GRTST DEPTH: M ON M 7 = DUSTSTORM OR SANDSTORM:
VSBY 1/2 MILE OR LESS
8 = SMOKE OR HAZE
[NO. OF DAYS WITH] [WEATHER - DAYS WITH] 9 = BLOWING SNOW
X = TORNADO
MAX 32 OR BELOW: 6 0.01 INCH OR MORE: 10
MAX 90 OR ABOVE: 0 0.10 INCH OR MORE: 4
MIN 32 OR BELOW: 30 0.50 INCH OR MORE: 0
MIN 0 OR BELOW: 0 1.00 INCH OR MORE: 0
[HDD (BASE 65) ]
TOTAL THIS MO. 1076 CLEAR (SCALE 0-3) 6
DPTR FM NORMAL M PTCLDY (SCALE 4-7) 16
TOTAL FM JUL 1 2355 CLOUDY (SCALE 8-10) 9
DPTR FM NORMAL M
[CDD (BASE 65) ]
TOTAL THIS MO. 0
DPTR FM NORMAL M [PRESSURE DATA]
TOTAL FM JAN 1 470 HIGHEST SLP 30.45 ON 14
DPTR FM NORMAL 470 LOWEST SLP 29.06 ON 11
[REMARKS]
#FINAL-12-21#