000
CXUS56 KOTX 010910
CF6MWH
PRELIMINARY LOCAL CLIMATOLOGICAL DATA (WS FORM: F-6)
STATION: MOSES LAKE WA AIRPORT
MONTH: MARCH
YEAR: 2023
LATITUDE: 47 12 N
LONGITUDE: 119 19 W
TEMPERATURE IN F: :PCPN: SNOW: WIND :SUNSHINE: SKY :PK WND
================================================================================
1 2 3 4 5 6A 6B 7 8 9 10 11 12 13 14 15 16 17 18
12Z AVG MX 2MIN
DY MAX MIN AVG DEP HDD CDD WTR SNW DPTH SPD SPD DIR MIN PSBL S-S WX SPD DR
================================================================================
1 46 23 35 -4 30 0 0.00 M M 6.4 20 250 M M 2 24 240
2 52 34 43 3 22 0 0.00 M M 15.2 36 250 M M 4 8 46 250
3 48 31 40 0 25 0 0.00 M M 11.4 21 180 M M 2 28 250
4 49 29 39 -1 26 0 0.00 M M 9.2 20 90 M M 4 23 80
5 47 32 40 0 25 0 0.03 M M 8.0 20 60 M M 9 18 23 50
6 39 28 34 -7 31 0 0.24 M M 6.5 12 360 M M 7 1 14 360
7 49 28 39 -2 26 0 0.00 M M 6.4 14 320 M M 6 17 330
8 49 28 39 -2 26 0 T M M 6.9 21 180 M M 4 27 190
9 48 28 38 -4 27 0 0.00 M M 9.0 20 80 M M 7 1 26 130
10 39 28 34 -8 31 0 0.24 M M 8.5 17 90 M M 8 1 21 80
11 50 25 38 -4 27 0 0.00 M M 3.7 10 350 M M 3 12 260
12 50 30 40 -2 25 0 0.01 M M 6.3 12 160 M M 5 1 16 70
13 56 36 46 3 19 0 0.15 M M 8.1 22 180 M M 7 1 27 170
14 49 29 39 -4 26 0 0.00 M M 6.9 20 250 M M 1 25 260
15 53 28 41 -2 24 0 0.00 M M 7.0 23 290 M M 0 28 270
16 53 24 39 -5 26 0 0.00 M M 5.9 14 40 M M 0 16 40
17 56 28 42 -2 23 0 0.00 M M 6.4 13 350 M M 0 13 350
18 59 29 44 0 21 0 0.00 M M 5.9 12 10 M M 1 15 330
19 61 33 47 3 18 0 0.00 M M 9.2 16 50 M M 1 24 50
20 49 42 46 2 19 0 0.07 M M 5.1 13 10 M M 10 18 15 290
21 59 33 46 1 19 0 0.00 M M 4.5 12 360 M M 4 1 14 90
22 62 28 45 0 20 0 0.00 M M 7.2 14 10 M M 0 17 20
23 57 31 44 -1 21 0 0.00 M M 8.4 23 250 M M 5 30 240
24 52 34 43 -2 22 0 0.00 M M 10.7 24 240 M M 1 31 240
25 51 26 39 -7 26 0 T M M 5.5 16 260 M M 3 20 260
26 52 30 41 -5 24 0 0.00 M M 3.8 9 190 M M 5 13 220
27 53 26 40 -6 25 0 0.00 M M 4.9 14 80 M M 4 18 90
28 55 37 46 0 19 0 0.00 M M 15.3 24 90 M M 5 33 70
29 53 37 45 -1 20 0 T M M 7.3 14 30 M M 8 17 190
30 61 27 44 -2 21 0 0.00 M M 7.6 21 290 M M 6 18 27 280
31 52 35 44 -3 21 0 0.00 M M 13.4 26 180 M M 4 34 190
================================================================================
SM 1609 937 735 0 0.74 M 240.6 M 126
================================================================================
AV 51.9 30.2 7.8 FASTST M M 4 MAX(MPH)
MISC ----> 36 250 46 250
================================================================================
NOTES:
# LAST OF SEVERAL OCCURRENCES
COLUMN 17 PEAK WIND IN M.P.H.
PRELIMINARY LOCAL CLIMATOLOGICAL DATA (WS FORM: F-6) , PAGE 2
STATION: MOSES LAKE WA AIRPORT
MONTH: MARCH
YEAR: 2023
LATITUDE: 47 12 N
LONGITUDE: 119 19 W
[TEMPERATURE DATA] [PRECIPITATION DATA] SYMBOLS USED IN COLUMN 16
AVERAGE MONTHLY: 41.1 TOTAL FOR MONTH: 0.74 1 = FOG OR MIST
DPTR FM NORMAL: -2.2 DPTR FM NORMAL: 0.01 2 = FOG REDUCING VISIBILITY
HIGHEST: 62 ON 22 GRTST 24HR 0.27 ON 5- 6 TO 1/4 MILE OR LESS
LOWEST: 23 ON 1 3 = THUNDER
SNOW, ICE PELLETS, HAIL 4 = ICE PELLETS
TOTAL MONTH: M 5 = HAIL
GRTST 24HR M ON M 6 = FREEZING RAIN OR DRIZZLE
GRTST DEPTH: M ON M 7 = DUSTSTORM OR SANDSTORM:
VSBY 1/2 MILE OR LESS
8 = SMOKE OR HAZE
[NO. OF DAYS WITH] [WEATHER - DAYS WITH] 9 = BLOWING SNOW
X = TORNADO
MAX 32 OR BELOW: 0 0.01 INCH OR MORE: 6
MAX 90 OR ABOVE: 0 0.10 INCH OR MORE: 3
MIN 32 OR BELOW: 22 0.50 INCH OR MORE: 0
MIN 0 OR BELOW: 0 1.00 INCH OR MORE: 0
[HDD (BASE 65) ]
TOTAL THIS MO. 735 CLEAR (SCALE 0-3) 12
DPTR FM NORMAL 62 PTCLDY (SCALE 4-7) 16
TOTAL FM JUL 1 5033 CLOUDY (SCALE 8-10) 3
DPTR FM NORMAL -67
[CDD (BASE 65) ]
TOTAL THIS MO. 0
DPTR FM NORMAL 0 [PRESSURE DATA]
TOTAL FM JAN 1 0 HIGHEST SLP M ON M
DPTR FM NORMAL 0 LOWEST SLP 29.33 ON 10
[REMARKS]
#FINAL-03-23#