000
CXUS54 KFWD 110129
CF6MWL
PRELIMINARY LOCAL CLIMATOLOGICAL DATA (WS FORM: F-6)
STATION: MINERAL WELLS
MONTH: JUNE
YEAR: 2020
LATITUDE: 32 46 N
LONGITUDE: 98 4 W
TEMPERATURE IN F: :PCPN: SNOW: WIND :SUNSHINE: SKY :PK WND
================================================================================
1 2 3 4 5 6A 6B 7 8 9 10 11 12 13 14 15 16 17 18
12Z AVG MX 2MIN
DY MAX MIN AVG DEP HDD CDD WTR SNW DPTH SPD SPD DIR MIN PSBL S-S WX SPD DR
================================================================================
1 85 66 76 0 0 11 0.00 0.0 0 6.6 14 100 M M 0 21 130
2 89 66 78 2 0 13 T 0.0 0 8.1 17 180 M M 3 3 28 180
3 92 67 80 4 0 15 0.00 0.0 0 7.0 13 190 M M 1 1 20 190
4 95 69 82 5 0 17 0.00 0.0 0 7.9 21 30 M M 0 28 30
5 95 71 83 6 0 18 0.00 0.0 0 8.2 17 170 M M 1 23 170
6 95 70 83 6 0 18 0.00 0.0 0 6.3 13 160 M M 1 16 170
7 92 72 82 5 0 17 0.00 0.0 0 6.9 15 130 M M 2 20 80
8 96 67 82 4 0 17 0.00 0.0 0 3.6 10 150 M M 0 15 140
9 93 66 80 2 0 15 0.00 0.0 0 13.2 31 320 M M 3 41 320
10 89 56 73 -5 0 8 0.00 0.0 0 7.9 20 330 M M 0 26 320
11 93 56 75 -3 0 10 0.00 0.0 0 4.2 14 110 M M 0 18 110
12 92 57 75 -3 0 10 0.00 0.0 0 6.4 14 140 M M 0 19 120
13 93 62 78 0 0 13 0.00 0.0 0 7.8 15 130 M M 0 24 150
14 92 64 78 -1 0 13 0.00 0.0 0 7.4 18 130 M M 0 26 100
15 94 64 79 0 0 14 0.00 0.0 0 7.2 17 120 M M 0 25 140
16 94 69 82 3 0 17 0.00 0.0 0 8.6 18 150 M M 1 25 150
17 95 68 82 3 0 17 0.00 0.0 0 11.1 21 160 M M 0 28 170
18 95 71 83 4 0 18 0.00 0.0 0 13.1 22 130 M M 2 33 130
19 96 65 81 1 0 16 1.54 0.0 0 13.6 36 20 M M 4 13 49 20
20 89 65 77 -3 0 12 0.36 0.0 0 7.3 15 130 M M 3 13 20 130
21 87 66 77 -3 0 12 0.01 0.0 0 10.9 29 40 M M 1 13 43 30
22 92 68 80 0 0 15 0.00 0.0 0 12.5 35 20 M M 2 54 10
23 82 69 76 -4 0 11 0.00 0.0 0 7.6 22 340 M M 6 138 32 340
24 89 69 79 -1 0 14 0.00 0.0 0 5.7 14 20 M M 0 19 10
25 90 67 79 -2 0 14 0.00 0.0 0 5.4 13 130 M M 1 19 170
26 91 71 81 0 0 16 0.00 0.0 0 10.6 20 160 M M 1 27 160
27 93 72 83 2 0 18 0.00 0.0 0 12.7 22 200 M M 3 8 30 170
28 89 76 83 2 0 18 0.00 0.0 0 15.8 24 170 M M 3 37 180
29 94 77 86 5 0 21 0.00 0.0 0 15.2 25 180 M M 4 38 180
30 94 79 87 6 0 22 0.00 0.0 0 13.1 22 170 M M 4 33 160
================================================================================
SM 2755 2025 0 450 1.91 0.0 271.9 M 46
================================================================================
AV 91.8 67.5 9.1 FASTST M M 2 MAX(MPH)
MISC ----> # 36 20 # 54 10
================================================================================
NOTES:
# LAST OF SEVERAL OCCURRENCES
COLUMN 17 PEAK WIND IN M.P.H.
PRELIMINARY LOCAL CLIMATOLOGICAL DATA (WS FORM: F-6) , PAGE 2
STATION: MINERAL WELLS
MONTH: JUNE
YEAR: 2020
LATITUDE: 32 46 N
LONGITUDE: 98 4 W
[TEMPERATURE DATA] [PRECIPITATION DATA] SYMBOLS USED IN COLUMN 16
AVERAGE MONTHLY: 79.7 TOTAL FOR MONTH: 1.91 1 = FOG OR MIST
DPTR FM NORMAL: 0.8 DPTR FM NORMAL: -2.25 2 = FOG REDUCING VISIBILITY
HIGHEST: 96 ON 19, 8 GRTST 24HR 1.54 ON 19-19 TO 1/4 MILE OR LESS
LOWEST: 56 ON 11,10 3 = THUNDER
SNOW, ICE PELLETS, HAIL 4 = ICE PELLETS
TOTAL MONTH: 0.0 INCH 5 = HAIL
GRTST 24HR 0.0 6 = FREEZING RAIN OR DRIZZLE
GRTST DEPTH: 0 7 = DUSTSTORM OR SANDSTORM:
VSBY 1/2 MILE OR LESS
8 = SMOKE OR HAZE
[NO. OF DAYS WITH] [WEATHER - DAYS WITH] 9 = BLOWING SNOW
X = TORNADO
MAX 32 OR BELOW: 0 0.01 INCH OR MORE: 3
MAX 90 OR ABOVE: 22 0.10 INCH OR MORE: 2
MIN 32 OR BELOW: 0 0.50 INCH OR MORE: 1
MIN 0 OR BELOW: 0 1.00 INCH OR MORE: 1
[HDD (BASE 65) ]
TOTAL THIS MO. 0 CLEAR (SCALE 0-3) 25
DPTR FM NORMAL -1 PTCLDY (SCALE 4-7) 5
TOTAL FM JUL 1 2326 CLOUDY (SCALE 8-10) 0
DPTR FM NORMAL -167
[CDD (BASE 65) ]
TOTAL THIS MO. 450
DPTR FM NORMAL 32 [PRESSURE DATA]
TOTAL FM JAN 1 863 HIGHEST SLP 30.28 ON 12
DPTR FM NORMAL 77 LOWEST SLP 29.52 ON 9
[REMARKS]
#FINAL-06-20#