471
CXUS55 KBOI 011002
CF6MYL
PRELIMINARY LOCAL CLIMATOLOGICAL DATA (WS FORM: F-6)
STATION: MCCALL ID
MONTH: SEPTEMBER
YEAR: 2020
LATITUDE: 44 52 N
LONGITUDE: 116 6 W
TEMPERATURE IN F: :PCPN: SNOW: WIND :SUNSHINE: SKY :PK WND
================================================================================
1 2 3 4 5 6A 6B 7 8 9 10 11 12 13 14 15 16 17 18
12Z AVG MX 2MIN
DY MAX MIN AVG DEP HDD CDD WTR SNW DPTH SPD SPD DIR MIN PSBL S-S WX SPD DR
================================================================================
1 79 34 57 1 8 0 0.00 M M 3.0 12 290 M M 0 12 18 320
2 84 43 64 9 1 0 0.00 M M 3.2 16 250 M M 0 8 25 260
3 87 44 66 11 0 1 0.00 M M 3.0 13 350 M M 0 8 17 340
4 90 46 68 13 0 3 0.00 M M 2.6 10 190 M M 0 8 14 180
5 89 45 67 13 0 2 0.00 M M 5.3 16 190 M M 0 8 22 200
6 87 43 65 11 0 0 0.00 M M 2.4 12 290 M M 1 16 300
7 72 42 57 3 8 0 T M M 9.2 25 10 M M 2 8 38 310
8 65 32 49 -4 16 0 0.00 M M 7.3 20 70 M M 0 31 70
9 72 30 51 -2 14 0 0.00 M M 3.0 12 320 M M 0 8 17 290
10 78 36 57 4 8 0 0.00 M M 2.7 13 260 M M 0 8 18 260
11 83 37 60 8 5 0 0.00 M M 2.8 13 290 M M 0 8 19 270
12 82 38 60 8 5 0 0.00 M M 2.4 10 340 M M 2 8 14 330
13 82 38 60 8 5 0 0.00 M M 1.8 8 180 M M 7 8 11 160
14 80 41 61 10 4 0 0.00 M M 3.2 15 200 M M 0 8 23 180
15 79 40 60 9 5 0 0.00 M M 1.6 8 330 M M 7 8 18 230
16 82 38 60 10 5 0 0.00 M M 1.2 8 310 M M 10 8 11 340
17 84 41 63 13 2 0 0.00 M M 1.8 12 290 M M 9 8 16 300
18 66 42 54 4 11 0 0.14 M M 2.0 14 40 M M 3 18 23 130
19 54 40 47 -2 18 0 0.05 M M 3.0 14 290 M M 8 1238 22 300
20 64 32 48 -1 17 0 0.00 M M 1.8 12 220 M M 5 12 18 210
21 75 38 57 9 8 0 0.00 M M 3.7 17 180 M M 0 8 24 180
22 70 37 54 6 11 0 0.00 M M 4.1 17 190 M M 1 8 21 190
23 73 42 58 10 7 0 0.00 M M 4.7 22 190 M M 0 8 28 200
24 62 37 50 3 15 0 0.01 M M 4.6 21 190 M M 5 8 27 190
25 54 33 44 -3 21 0 0.54 M M 5.0 23 190 M M 6 1 35 180
26 56 41 49 3 16 0 0.06 M M 4.1 15 270 M M 7 18 21 280
27 59 36 48 2 17 0 0.00 M M 5.6 15 10 M M 3 22 20
28 72 32 52 6 13 0 0.00 M M 3.2 14 320 M M 0 8 17 320
29 76 34 55 10 10 0 0.00 M M 2.5 8 330 M M 0 11 320
30 79 35 57 12 8 0 0.00 M M 2.6 13 280 M M 0 19 280
================================================================================
SM 2235 1147 258 6 0.80 M 103.4 M 76
================================================================================
AV 74.5 38.2 3.4 FASTST M M 3 MAX(MPH)
MISC ----> 25 10 38 310
================================================================================
NOTES:
# LAST OF SEVERAL OCCURRENCES
COLUMN 17 PEAK WIND IN M.P.H.
PRELIMINARY LOCAL CLIMATOLOGICAL DATA (WS FORM: F-6) , PAGE 2
STATION: MCCALL ID
MONTH: SEPTEMBER
YEAR: 2020
LATITUDE: 44 52 N
LONGITUDE: 116 6 W
[TEMPERATURE DATA] [PRECIPITATION DATA] SYMBOLS USED IN COLUMN 16
AVERAGE MONTHLY: 56.4 TOTAL FOR MONTH: 0.80 1 = FOG OR MIST
DPTR FM NORMAL: 5.9 DPTR FM NORMAL: -0.08 2 = FOG REDUCING VISIBILITY
HIGHEST: 90 ON 4 GRTST 24HR 0.60 ON 25-26 TO 1/4 MILE OR LESS
LOWEST: 30 ON 9 3 = THUNDER
SNOW, ICE PELLETS, HAIL 4 = ICE PELLETS
TOTAL MONTH: M 5 = HAIL
GRTST 24HR M ON M 6 = FREEZING RAIN OR DRIZZLE
GRTST DEPTH: M ON M 7 = DUSTSTORM OR SANDSTORM:
VSBY 1/2 MILE OR LESS
8 = SMOKE OR HAZE
[NO. OF DAYS WITH] [WEATHER - DAYS WITH] 9 = BLOWING SNOW
X = TORNADO
MAX 32 OR BELOW: 0 0.01 INCH OR MORE: 5
MAX 90 OR ABOVE: 1 0.10 INCH OR MORE: 2
MIN 32 OR BELOW: 4 0.50 INCH OR MORE: 1
MIN 0 OR BELOW: 0 1.00 INCH OR MORE: 0
[HDD (BASE 65) ]
TOTAL THIS MO. 258 CLEAR (SCALE 0-3) 21
DPTR FM NORMAL -179 PTCLDY (SCALE 4-7) 7
TOTAL FM JUL 1 410 CLOUDY (SCALE 8-10) 2
DPTR FM NORMAL -354
[CDD (BASE 65) ]
TOTAL THIS MO. 6
DPTR FM NORMAL 6 [PRESSURE DATA]
TOTAL FM JAN 1 135 HIGHEST SLP 30.49 ON 28
DPTR FM NORMAL 110 LOWEST SLP 29.81 ON 24
[REMARKS]
#FINAL-09-20#